{"id":73459,"date":"2025-08-12T10:52:57","date_gmt":"2025-08-12T07:52:57","guid":{"rendered":"https:\/\/sykli.fi\/tyoelamalle\/koulutukset-ja-palvelut-yrityksille\/kestavyys-ja-vastuullisuus\/"},"modified":"2026-01-20T14:12:34","modified_gmt":"2026-01-20T12:12:34","slug":"kestavyys-ja-vastuullisuus","status":"publish","type":"page","link":"https:\/\/sykli.fi\/demo\/tyoelamalle\/koulutukset-ja-palvelut-yrityksille\/kestavyys-ja-vastuullisuus\/","title":{"rendered":"Kest\u00e4vyys ja vastuullisuus"},"content":{"rendered":"\r\n<section id=\"hero-block_3ea8e00c534c4be49c3b2de4ac1b8c56\" class=\"hero site-banner section-default default alignfull\">\r\n\r\n    <div class=\"site-banner-bg section-bg-image \" >\r\n\r\n        <img loading=\"lazy\" decoding=\"async\" width=\"1000\" height=\"660\" src=\"https:\/\/sykli.fi\/demo\/wp-content\/uploads\/2023\/04\/shutterstock_668593321-1-sykli-tyonanatajana.jpg\" class=\"attachment-1536\u00d71536 size-1536\u00d71536\" alt=\"\" srcset=\"https:\/\/sykli.fi\/demo\/wp-content\/uploads\/2023\/04\/shutterstock_668593321-1-sykli-tyonanatajana.jpg 1000w, https:\/\/sykli.fi\/demo\/wp-content\/uploads\/2023\/04\/shutterstock_668593321-1-sykli-tyonanatajana-300x198.jpg 300w, https:\/\/sykli.fi\/demo\/wp-content\/uploads\/2023\/04\/shutterstock_668593321-1-sykli-tyonanatajana-768x507.jpg 768w\" sizes=\"auto, (max-width: 1000px) 100vw, 1000px\" \/>\r\n        \r\n        \r\n            <div class=\"site-banner-content container\">\r\n                <div class=\"row w-100\">\r\n                    <div class=\"col-md-12\">\r\n                        <div class=\"hero-text-overlay\">\r\n                                                                <h1 class=\"hero-title\">Kest\u00e4vyys ja vastuullisuus<\/h1>\r\n                            <div class=\"inner-content\">\r\n                            <div class=\"acf-innerblocks-container\"><\/div>\r\n                        <\/div>                        <\/div>\r\n                    <\/div>\r\n                <\/div>\r\n            <\/div>\r\n\r\n        <\/section>\n\n\n<h2 class=\"wp-block-heading\">Haluatko vied\u00e4 organisaatiosi kest\u00e4vyyden uudelle tasolle?<\/h2>\n\n\n\n<p>Tervetuloa Syklin vastuullisuuden ja kest\u00e4vyyden koulutuspalveluiden maailmaan! Sykli tarjoaa monipuolisia koulutuksia ja asiantuntijapalveluita, jotka auttavat organisaatiotasi saavuttamaan kest\u00e4v\u00e4n kehityksen tavoitteet. Koulutustarjontamme kattaa kest\u00e4vyysraportoinnin, organisaation vastuullisuusty\u00f6n, henkil\u00f6st\u00f6n kest\u00e4vyysosaamisen kehitt\u00e4misen, laatu-, ymp\u00e4rist\u00f6- ja turvallisuusj\u00e4rjestelm\u00e4t sek\u00e4 Ekokompassi-auditoinnit. Lis\u00e4ksi r\u00e4\u00e4t\u00e4l\u00f6imme koulutuksia ja palveluita sinun tarpeidesi mukaan.<br><br>Liity mukaan ja vie organisaatiosi kest\u00e4vyys seuraavalle tasolle Syklin avulla!&nbsp; Tutustu tarkemmin ja ilmoittaudu koulutuksiin tai ota yhteytt\u00e4 r\u00e4\u00e4t\u00e4l\u00f6idyn koulutuksen suunnittelemiseksi.<\/p>\n\n\n\n<p class=\"has-aqua-color has-text-color has-link-color wp-elements-62a815124f7621f5bfe69a31f4b1e609\"><strong>Tarjoamme my\u00f6s tutkintoon johtavia koulutuksia. Katso kaikki koulutuksemme <a href=\"https:\/\/sykli.fi\/demo\/demo\/koulutuskalenteri\/\">t\u00e4\u00e4lt\u00e4<\/a>.<\/strong><\/p>\n\n\n<div class=\"koulutukset2-block\"><h2>Tutustu tarjontaamme<\/h2><p>Ei t\u00e4ll\u00e4 hetkell\u00e4 avoimia koulutuksia.<\/p><\/div>","protected":false},"excerpt":{"rendered":"<p>Haluatko vied\u00e4 organisaatiosi kest\u00e4vyyden uudelle tasolle? Tervetuloa Syklin vastuullisuuden ja kest\u00e4vyyden koulutuspalveluiden maailmaan! Sykli tarjoaa monipuolisia koulutuksia ja asiantuntijapalveluita, jotka [&hellip;]<\/p>\n","protected":false},"author":1,"featured_media":63627,"parent":73457,"menu_order":1,"comment_status":"open","ping_status":"open","template":"","meta":{"_acf_changed":false,"footnotes":""},"class_list":["post-73459","page","type-page","status-publish","has-post-thumbnail","hentry"],"acf":[],"_links":{"self":[{"href":"https:\/\/sykli.fi\/demo\/wp-json\/wp\/v2\/pages\/73459","targetHints":{"allow":["GET"]}}],"collection":[{"href":"https:\/\/sykli.fi\/demo\/wp-json\/wp\/v2\/pages"}],"about":[{"href":"https:\/\/sykli.fi\/demo\/wp-json\/wp\/v2\/types\/page"}],"author":[{"embeddable":true,"href":"https:\/\/sykli.fi\/demo\/wp-json\/wp\/v2\/users\/1"}],"replies":[{"embeddable":true,"href":"https:\/\/sykli.fi\/demo\/wp-json\/wp\/v2\/comments?post=73459"}],"version-history":[{"count":2,"href":"https:\/\/sykli.fi\/demo\/wp-json\/wp\/v2\/pages\/73459\/revisions"}],"predecessor-version":[{"id":73494,"href":"https:\/\/sykli.fi\/demo\/wp-json\/wp\/v2\/pages\/73459\/revisions\/73494"}],"up":[{"embeddable":true,"href":"https:\/\/sykli.fi\/demo\/wp-json\/wp\/v2\/pages\/73457"}],"wp:featuredmedia":[{"embeddable":true,"href":"https:\/\/sykli.fi\/demo\/wp-json\/wp\/v2\/media\/63627"}],"wp:attachment":[{"href":"https:\/\/sykli.fi\/demo\/wp-json\/wp\/v2\/media?parent=73459"}],"curies":[{"name":"wp","href":"https:\/\/api.w.org\/{rel}","templated":true}]}}