{"id":73454,"date":"2025-06-27T07:50:35","date_gmt":"2025-06-27T04:50:35","guid":{"rendered":"https:\/\/sykli.fi\/tyoelamalle\/rekrytoivatpalvelut\/f-e-c-ohjelma\/kiertotalouden-ja-vahahiilisyyden-asiantuntija-f-e-c-koulutus-turun-tyollisyysalueella\/"},"modified":"2026-01-20T11:39:15","modified_gmt":"2026-01-20T09:39:15","slug":"kiertotalouden-ja-vahahiilisyyden-asiantuntija-f-e-c-koulutus-turun-tyollisyysalueella","status":"publish","type":"page","link":"https:\/\/sykli.fi\/demo\/tyoelamalle\/rekrytoivatpalvelut\/f-e-c-ohjelma\/kiertotalouden-ja-vahahiilisyyden-asiantuntija-f-e-c-koulutus-turun-tyollisyysalueella\/","title":{"rendered":"Kiertotalouden ja v\u00e4h\u00e4hiilisyyden asiantuntija F.E.C -koulutus Turun ty\u00f6llisyysalueella"},"content":{"rendered":"\r\n<section id=\"hero-block_eb375dd9792b4172418203637a567c30\" class=\"hero site-banner section-default default alignfull\">\r\n\r\n    <div class=\"site-banner-bg section-bg-image \" >\r\n\r\n        <img loading=\"lazy\" decoding=\"async\" width=\"1000\" height=\"562\" src=\"https:\/\/sykli.fi\/demo\/wp-content\/uploads\/2025\/06\/shutterstock_2500171719.jpg\" class=\"attachment-1536\u00d71536 size-1536\u00d71536\" alt=\"\" srcset=\"https:\/\/sykli.fi\/demo\/wp-content\/uploads\/2025\/06\/shutterstock_2500171719.jpg 1000w, https:\/\/sykli.fi\/demo\/wp-content\/uploads\/2025\/06\/shutterstock_2500171719-300x169.jpg 300w, https:\/\/sykli.fi\/demo\/wp-content\/uploads\/2025\/06\/shutterstock_2500171719-768x432.jpg 768w\" sizes=\"auto, (max-width: 1000px) 100vw, 1000px\" \/>\r\n        \r\n        \r\n            <div class=\"site-banner-content container\">\r\n                <div class=\"row w-100\">\r\n                    <div class=\"col-md-12\">\r\n                        <div class=\"hero-text-overlay\">\r\n                                                                <h1 class=\"hero-title\">Kiertotalouden ja v\u00e4h\u00e4hiilisyyden asiantuntija F.E.C -koulutus Turun ty\u00f6llisyysalueella<\/h1>\r\n                            <div class=\"inner-content\">\r\n                            <div class=\"acf-innerblocks-container\"><\/div>\r\n                        <\/div>                        <\/div>\r\n                    <\/div>\r\n                <\/div>\r\n            <\/div>\r\n\r\n        <\/section>\n\n\n<p><strong>Kiertotalouden ja v\u00e4h\u00e4hiilisyyden asiantuntija <strong><strong>*<\/strong><\/strong>F.E.C-ohjelma (Further Educated with Companies)<\/strong> <strong>k\u00e4ynnistyy lokakuussa 2025 ja mukaan mahtuu 20 organisaatiota.<\/strong><\/p>\n\n\n\n<h2 class=\"wp-block-heading\">Kohti parempaa huomista<\/h2>\n\n\n\n<p>Matka kohti v\u00e4h\u00e4hiilist\u00e4 ja kiertotalouteen pohjautuvaa yhteiskuntaa edellytt\u00e4\u00e4 uudenlaista osaamista \u2013 niin asiantuntijoilta kuin yrityksilt\u00e4kin. <strong>Nyt yrityksell\u00e4nne on mahdollisuus olla mukana rakentamassa kest\u00e4v\u00e4\u00e4 tulevaisuutta tarjoamalla ty\u00f6jaksopaikka motivoituneelle osaajalle.<\/strong><\/p>\n\n\n\n<p>Syklin <strong>rekrytoiva t\u00e4ydennyskoulutus<\/strong> yhdist\u00e4\u00e4 yritysten tarpeet ja ty\u00f6nhakijoiden osaamisen kehitt\u00e4misen kiertotalouden, v\u00e4h\u00e4hiilisyyden ja kest\u00e4v\u00e4n kehityksen teemoissa. Koulutusohjelma <strong>perustuu uusia osaajia etsiv\u00e4n yrityksen ja ty\u00f6nhakijan yhteisty\u00f6h\u00f6n<\/strong>. Yrityksenne saa k\u00e4ytt\u00f6\u00f6ns\u00e4 ajankohtaista tietoa ja tuoreita n\u00e4k\u00f6kulmia, joita voitte hy\u00f6dynt\u00e4\u00e4 ty\u00f6ss\u00e4nne kest\u00e4v\u00e4n kehityksen ja kiertotalouden edist\u00e4miseksi, sek\u00e4 mahdollisuuden tutustua potentiaaliseen ty\u00f6ntekij\u00e4\u00e4n k\u00e4yt\u00e4nn\u00f6n tekemisen kautta. Ty\u00f6nhakijalle se tarjoaa mahdollisuuden kehitt\u00e4\u00e4 osaamistaan k\u00e4yt\u00e4nn\u00f6ss\u00e4 ja syvent\u00e4\u00e4 asiantuntijuutta todellisissa ty\u00f6el\u00e4m\u00e4n tilanteissa.<\/p>\n\n\n\n<h2 class=\"wp-block-heading\">Koulutus yhdist\u00e4\u00e4 teoriaa ja k\u00e4yt\u00e4nt\u00f6\u00e4 suoraan yrityksen hy\u00f6dyksi<\/h2>\n\n\n\n<p><strong>Ohjelmassa mukana oleva\u00a0yritys tarjoaa ty\u00f6ss\u00e4oppimispaikan\u00a0ja saa korkeakoulutetun osaajan ty\u00f6panoksen k\u00e4ytt\u00f6\u00f6n noin puolen vuoden ajaksi. <\/strong>Koulutukseen hakeutuvat ovat osaajia, joilla on kokemusta ymp\u00e4rist\u00f6alasta, kiertotalouteen, v\u00e4h\u00e4hiilisyyteen tai vastuullisuuteen liittyvist\u00e4 teht\u00e4vist\u00e4 tai kiinnostusta siirty\u00e4 n\u00e4ihin teht\u00e4viin. Heill\u00e4 on my\u00f6s kiinnostusta kehitt\u00e4\u00e4 osaamistaan kest\u00e4v\u00e4n kehityksen edist\u00e4miseksi sek\u00e4 valmiudet ty\u00f6skennell\u00e4 projektinomaisesti, soveltaa oppimaansa k\u00e4yt\u00e4nn\u00f6ss\u00e4 ja taustalla soveltuva koulutus, kuten esimerkiksi tekninen, luonnontieteellinen, kaupallinen, yhteiskuntatieteellinen tai viestinn\u00e4llinen. Aiemmat Syklin F.E.C -opiskelijat ovat ty\u00f6llistyneet esimerkiksi erilaisiin viestint\u00e4\u00e4n, laatujohtamiseen ja vastuullisuuteen liittyviin asiantuntijateht\u00e4viin.\u00a0 Koulutus on suunnattu ensisijaisesti Turun ty\u00f6llisyysalueen ty\u00f6tt\u00f6mille tai ty\u00f6tt\u00f6myysuhan alaisille korkeakoulutetuille.\u00a0\u00a0<\/p>\n\n\n\n<p>Koulutukseen hyv\u00e4ksytt\u00e4v\u00e4t opiskelijat valitaan esivalinnan ja haastattelujen perusteella Turun ty\u00f6llisyysalueen ja Syklin edustajien toimesta. Haastattelujen j\u00e4lkeen k\u00e4ynnistyy sopivien hakijoiden ja yhteisty\u00f6organisaatioiden yhteensovitus eli m\u00e4ts\u00e4ys. Ohjelmaan otetaan 20 osallistujaa, ja koulutuspaikat t\u00e4ytet\u00e4\u00e4n sit\u00e4 mukaa kun ty\u00f6jaksopaikat varmistuvat.&nbsp;<\/p>\n\n\n\n<p>Koulutus toteutetaan F.E.C-koulutusmallilla siten, ett\u00e4 koulutuksen kokonaiskesto on 120 arkip\u00e4iv\u00e4\u00e4 (noin kuusi kuukautta), mist\u00e4 20 p\u00e4iv\u00e4\u00e4 on Syklin toteuttamaa tietopuolista opiskelua ja 100 p\u00e4iv\u00e4\u00e4 ty\u00f6ss\u00e4oppimista ty\u00f6jaksopaikalla.<\/p>\n\n\n\n<h2 class=\"wp-block-heading\">Miksi mukaan?<\/h2>\n\n\n\n<ul class=\"wp-block-list\">\n<li>Yritys saa resursseja ja osaamista kohdennettuun tarpeeseen.<\/li>\n\n\n\n<li>Mahdollisuus tutustua uuteen ty\u00f6ntekij\u00e4\u00e4n normaalia pidemm\u00e4n koeajan puitteissa ilman ty\u00f6nantaja- ja palkanmaksuvelvoitetta koulutusajalta.<\/li>\n\n\n\n<li>Mahdollisuus riskitt\u00f6m\u00e4mp\u00e4\u00e4n rekrytointiin koulutuksen p\u00e4\u00e4tytty\u00e4.<\/li>\n<\/ul>\n\n\n\n<p>Koulutukseen sis\u00e4ltyy opiskelijan yhteisty\u00f6yritykselle laatima projektity\u00f6, joka voi liitty\u00e4 esimerkiksi kiertotalouteen tai muuhun yrityksen kehitt\u00e4mistarpeeseen. Yritys ja opiskelija m\u00e4\u00e4rittelev\u00e4t yhdess\u00e4 ty\u00f6teht\u00e4v\u00e4t, jotka vastaavat yrityksen tarpeisiin ja tukevat opiskelijan kehittymist\u00e4.&nbsp;<\/p>\n\n\n\n<p><\/p>\n\n\n\n<h2 class=\"wp-block-heading\">Koulutusohjelman sis\u00e4lt\u00f6<\/h2>\n\n\n\n<p>Koulutuksessa k\u00e4sitell\u00e4\u00e4n seuraavia teemoja:<\/p>\n\n\n\n<ul class=\"wp-block-list\">\n<li>v\u00e4h\u00e4hiilisyyden tiekartat ja hiilineutraalisuuden standardit<\/li>\n\n\n\n<li>p\u00e4\u00e4st\u00f6laskenta, hiilijalanj\u00e4lki ja hiilik\u00e4denj\u00e4lki<\/li>\n\n\n\n<li>kiertotalous eri toimialoilla<\/li>\n\n\n\n<li>energiatehokkuus, materiaalitehokkuus<\/li>\n\n\n\n<li>v\u00e4h\u00e4hiiliset hankinnat ja ostotoiminnot<\/li>\n\n\n\n<li>tiedolla johtaminen ja data-analyysi<\/li>\n\n\n\n<li>vastuullisuusviestint\u00e4 ja yritysvastuu<\/li>\n\n\n\n<li>YK:n kest\u00e4v\u00e4n kehityksen tavoitteet (SDG) ja vihre\u00e4n siirtym\u00e4n rahoitus<\/li>\n<\/ul>\n\n\n\n<p>Koulutuksen aikana opiskelijat vahvistavat my\u00f6s digitaalisia taitoja, projektiosaamista, viestint\u00e4valmiuksia ja verkostoitumistaitoja.<\/p>\n\n\n\n<h2 class=\"wp-block-heading\">Aikataulu<\/h2>\n\n\n\n<p>Yhteisty\u00f6yritysten haku on nyt k\u00e4ynniss\u00e4.\u00a0Koulutusohjelma alkaa 22.10.2025, jonka j\u00e4lkeen opiskelijat voivat aloittaa ty\u00f6jaksopaikalla porrastetusti.<\/p>\n\n\n\n<p>Koulutuksessa on loma 23.12.2025 \u2013 2.1.2026.&nbsp;<\/p>\n\n\n\n<p>Koulutuksen kokonaiskesto on 120 arkip\u00e4iv\u00e4\u00e4 (noin kuusi kuukautta), joista 16 p\u00e4iv\u00e4\u00e4 on Syklin toteuttamaan l\u00e4hiopetusta, 4 p\u00e4iv\u00e4\u00e4 itsen\u00e4ist\u00e4 opiskelua ja 100 p\u00e4iv\u00e4\u00e4 ty\u00f6ss\u00e4oppimista yhteisty\u00f6yrityksess\u00e4.&nbsp;<\/p>\n\n\n\n<h2 class=\"wp-block-heading\">Kustannukset<\/h2>\n\n\n\n<p>Yrityksell\u00e4 ei ole ty\u00f6nantaja- eik\u00e4 palkanmaksuvelvoitetta koulutusajalta. Yritys osallistuu ainoastaan opiskelijan koulutuskustannuksiin <strong>yhteens\u00e4 7 000 eurolla (+ alv 25,5 %) koko puolen vuoden ohjelman ajalta<\/strong>.&nbsp;<\/p>\n\n\n\n<p><\/p>\n\n\n\n<h2 class=\"wp-block-heading\">Miten mukaan?<\/h2>\n\n\n\n<p>Kiertotalouden ja v\u00e4h\u00e4hiilisyyden asiantuntija F.E.C -koulutus k\u00e4ynnistyy lokakuussa 2025 ja mukaan mahtuu 20 organisaatiota. <br><br><strong>L\u00e4htek\u00e4\u00e4 mukaan yhteisty\u00f6yritykseksi. Ota yhteytt\u00e4 niin keskustellaan lis\u00e4\u00e4!<\/strong><\/p>\n\n\n<h2><\/h2>\r\n<div class=\"row\">\r\n                                <div class=\"col-md-6\">\r\n                    <div class=\"staff-box\">\r\n                        <div class=\"row\">\r\n                            <div class=\"col-4\">\r\n                                <img loading=\"lazy\" decoding=\"async\" width=\"1500\" height=\"1500\" src=\"https:\/\/sykli.fi\/demo\/wp-content\/uploads\/2025\/04\/neetta_eriksson-MV.png\" class=\"attachment-post-thumbnail size-post-thumbnail wp-post-image\" alt=\"\" srcset=\"https:\/\/sykli.fi\/demo\/wp-content\/uploads\/2025\/04\/neetta_eriksson-MV.png 1500w, https:\/\/sykli.fi\/demo\/wp-content\/uploads\/2025\/04\/neetta_eriksson-MV-300x300.png 300w, https:\/\/sykli.fi\/demo\/wp-content\/uploads\/2025\/04\/neetta_eriksson-MV-1024x1024.png 1024w, https:\/\/sykli.fi\/demo\/wp-content\/uploads\/2025\/04\/neetta_eriksson-MV-150x150.png 150w, https:\/\/sykli.fi\/demo\/wp-content\/uploads\/2025\/04\/neetta_eriksson-MV-768x768.png 768w\" sizes=\"auto, (max-width: 1500px) 100vw, 1500px\" \/>                            <\/div>\r\n                            <div class=\"col-8\">\r\n                                <h3>Neetta Eriksson<\/h3>\r\n                                Asiantuntija, asiakkuuksien kehitt\u00e4minen ja ty\u00f6el\u00e4m\u00e4palvelut                                <ul>\r\n                                    <li><svg xmlns=\"http:\/\/www.w3.org\/2000\/svg\" width=\"16\" height=\"16\" fill=\"currentColor\" class=\"bi bi-telephone-fill\" viewBox=\"0 0 16 16\">\r\n                                <path fill-rule=\"evenodd\" d=\"M1.885.511a1.745 1.745 0 0 1 2.61.163L6.29 2.98c.329.423.445.974.315 1.494l-.547 2.19a.678.678 0 0 0 .178.643l2.457 2.457a.678.678 0 0 0 .644.178l2.189-.547a1.745 1.745 0 0 1 1.494.315l2.306 1.794c.829.645.905 1.87.163 2.611l-1.034 1.034c-.74.74-1.846 1.065-2.877.702a18.634 18.634 0 0 1-7.01-4.42 18.634 18.634 0 0 1-4.42-7.009c-.362-1.03-.037-2.137.703-2.877L1.885.511z\"\/>\r\n                              <\/svg> <a href=\"tel:+358444910366\">044 491 0366<\/a><\/li><li><svg xmlns=\"http:\/\/www.w3.org\/2000\/svg\" width=\"16\" height=\"16\" fill=\"currentColor\" class=\"bi bi-envelope-fill\" viewBox=\"0 0 16 16\">\r\n                                <path d=\"M.05 3.555A2 2 0 0 1 2 2h12a2 2 0 0 1 1.95 1.555L8 8.414.05 3.555ZM0 4.697v7.104l5.803-3.558L0 4.697ZM6.761 8.83l-6.57 4.027A2 2 0 0 0 2 14h12a2 2 0 0 0 1.808-1.144l-6.57-4.027L8 9.586l-1.239-.757Zm3.436-.586L16 11.801V4.697l-5.803 3.546Z\"\/>\r\n                              <\/svg> <a href=\"mailto:neetta.eriksson@sykli.fi\">neetta.eriksson@sykli.fi<\/a><\/li>                                <\/ul>\r\n                            <\/div>\r\n                        <\/div>\r\n                    <\/div>\r\n                <\/div>\r\n    <\/div>\n\n\n<hr class=\"wp-block-separator has-alpha-channel-opacity is-style-wide\"\/>\n\n\n\n<p>Koulutus toteutetaan F.E.C -koulutusmallilla yhteisty\u00f6ss\u00e4 Turun ty\u00f6llisyysalueen ty\u00f6voimaviranomaisten kanssa.<\/p>\n\n\n\n<p><em>*F.E.C-ohjelma (Further Educated with Companies) on ty\u00f6voimakoulutusta, joka toteutetaan yhteisty\u00f6ss\u00e4 ty\u00f6voimaviranomaisten kanssa. Ohjelma on suunnattu korkeakoulutetuille ty\u00f6nhakijoille. Organisaatiolla ei ole rekrytointivelvoitetta. Tavoitteena kuitenkin on uusien ty\u00f6paikkojen l\u00f6ytyminen ja ty\u00f6nhakijoiden ty\u00f6llistyminen. Ohjelma toteutetaan yhteisty\u00f6ss\u00e4 Turun ty\u00f6llisyysalueen ty\u00f6voimaviranomaisten kanssa.<\/em><\/p>\n\n\n\n<figure class=\"wp-block-image size-full is-resized\"><img loading=\"lazy\" decoding=\"async\" width=\"450\" height=\"100\" src=\"https:\/\/sykli.fi\/demo\/wp-content\/uploads\/2026\/01\/Sykli-FEC-ja-Turun-tyollisyysalue-logot-400-px-x-100-px.png\" alt=\"\" class=\"wp-image-72062\" style=\"width:585px;height:auto\"\/><\/figure>\n\n\n\n<p><\/p>\n","protected":false},"excerpt":{"rendered":"<p>Kiertotalouden ja v\u00e4h\u00e4hiilisyyden asiantuntija *F.E.C-ohjelma (Further Educated with Companies) k\u00e4ynnistyy lokakuussa 2025 ja mukaan mahtuu 20 organisaatiota. Kohti parempaa huomista [&hellip;]<\/p>\n","protected":false},"author":11,"featured_media":72043,"parent":73434,"menu_order":0,"comment_status":"closed","ping_status":"closed","template":"","meta":{"_acf_changed":false,"footnotes":""},"class_list":["post-73454","page","type-page","status-publish","has-post-thumbnail","hentry"],"acf":[],"_links":{"self":[{"href":"https:\/\/sykli.fi\/demo\/wp-json\/wp\/v2\/pages\/73454","targetHints":{"allow":["GET"]}}],"collection":[{"href":"https:\/\/sykli.fi\/demo\/wp-json\/wp\/v2\/pages"}],"about":[{"href":"https:\/\/sykli.fi\/demo\/wp-json\/wp\/v2\/types\/page"}],"author":[{"embeddable":true,"href":"https:\/\/sykli.fi\/demo\/wp-json\/wp\/v2\/users\/11"}],"replies":[{"embeddable":true,"href":"https:\/\/sykli.fi\/demo\/wp-json\/wp\/v2\/comments?post=73454"}],"version-history":[{"count":1,"href":"https:\/\/sykli.fi\/demo\/wp-json\/wp\/v2\/pages\/73454\/revisions"}],"predecessor-version":[{"id":73456,"href":"https:\/\/sykli.fi\/demo\/wp-json\/wp\/v2\/pages\/73454\/revisions\/73456"}],"up":[{"embeddable":true,"href":"https:\/\/sykli.fi\/demo\/wp-json\/wp\/v2\/pages\/73434"}],"wp:featuredmedia":[{"embeddable":true,"href":"https:\/\/sykli.fi\/demo\/wp-json\/wp\/v2\/media\/72043"}],"wp:attachment":[{"href":"https:\/\/sykli.fi\/demo\/wp-json\/wp\/v2\/media?parent=73454"}],"curies":[{"name":"wp","href":"https:\/\/api.w.org\/{rel}","templated":true}]}}