{"id":73432,"date":"2022-06-10T10:00:40","date_gmt":"2022-06-10T07:00:40","guid":{"rendered":"https:\/\/sykli.fi\/tyoelamalle\/rekrytoivatpalvelut\/usein-kysytyt-kysymykset\/"},"modified":"2022-06-10T10:00:40","modified_gmt":"2022-06-10T07:00:40","slug":"usein-kysytyt-kysymykset","status":"publish","type":"page","link":"https:\/\/sykli.fi\/demo\/tyoelamalle\/rekrytoivatpalvelut\/usein-kysytyt-kysymykset\/","title":{"rendered":"Usein kysytyt kysymykset"},"content":{"rendered":"\r\n<section id=\"hero-block_9de8b6174eb3ca9ef415efd621d7689b\" class=\"hero site-banner section-default default alignfull\">\r\n\r\n    <div class=\"site-banner-bg section-bg-image \" >\r\n\r\n        <img loading=\"lazy\" decoding=\"async\" width=\"1000\" height=\"667\" src=\"https:\/\/sykli.fi\/demo\/wp-content\/uploads\/2023\/04\/shutterstock_749441887-osaajia-yritykselle-tyovoimakoulutukset.jpg\" class=\"attachment-1536\u00d71536 size-1536\u00d71536\" alt=\"Pisaroita lehdell\u00e4.\" srcset=\"https:\/\/sykli.fi\/demo\/wp-content\/uploads\/2023\/04\/shutterstock_749441887-osaajia-yritykselle-tyovoimakoulutukset.jpg 1000w, https:\/\/sykli.fi\/demo\/wp-content\/uploads\/2023\/04\/shutterstock_749441887-osaajia-yritykselle-tyovoimakoulutukset-300x200.jpg 300w, https:\/\/sykli.fi\/demo\/wp-content\/uploads\/2023\/04\/shutterstock_749441887-osaajia-yritykselle-tyovoimakoulutukset-768x512.jpg 768w\" sizes=\"auto, (max-width: 1000px) 100vw, 1000px\" \/>\r\n        \r\n        \r\n            <div class=\"site-banner-content container\">\r\n                <div class=\"row w-100\">\r\n                    <div class=\"col-md-12\">\r\n                        <div class=\"hero-text-overlay\">\r\n                                                                <h1 class=\"hero-title\">Usein kysytyt kysymykset<\/h1>\r\n                            <div class=\"inner-content\">\r\n                            <div class=\"acf-innerblocks-container\"><\/div>\r\n                        <\/div>                        <\/div>\r\n                    <\/div>\r\n                <\/div>\r\n            <\/div>\r\n\r\n        <\/section>\n\n\n<h2 class=\"wp-block-heading\">Miss\u00e4 tilanteessa voin hakeutua ty\u00f6voimakoulutukseen?<\/h2>\n\n\n\n<p><strong>Yleisesti ottaen ty\u00f6tt\u00f6myys tai ty\u00f6tt\u00f6myysuhka on hyv\u00e4ksytt\u00e4v\u00e4 syy tulla valituksi koulutukseen<\/strong> mik\u00e4li taustalla ei ole muita valintaan vaikuttavia tekij\u00f6it\u00e4, esimerkiksi keskener\u00e4iset opinnot ja yritt\u00e4jyys voivat joissakin tapauksissa olla este. TE-toimisto tarkistaa hakijoiden tilanteen aina koulutuksen hakuvaiheessa eli soveltuuko hakija\u00a0koulutusohjelmaan ja onko h\u00e4nell\u00e4 edellytykset tulla valituksi. Eri ty\u00f6voimakoulutukset ovat suunnattuja eri taustoilla oleville hakijoille. <strong>Tarkemmat tiedot l\u00f6ytyv\u00e4t kunkin koulutuksen koulutuskuvauksesta.<\/strong> <\/p>\n\n\n\n<h2 class=\"wp-block-heading\">Mink\u00e4laisen korvauksen saan ty\u00f6voimakoulutuksen aikana?<\/h2>\n\n\n\n<p>Koulutuksen aikana opiskelija on oikeutettu tukeen, jota h\u00e4n saa my\u00f6s ty\u00f6tt\u00f6m\u00e4n\u00e4 ollessaan. Opiskelija saa ty\u00f6tt\u00f6myysetuutta koulutusjakson aikana, riippuen opiskelijan omasta sen hetkisest\u00e4 tilanteesta, joko ansiosidonnaista p\u00e4iv\u00e4rahaa, perusp\u00e4iv\u00e4rahaa tai ty\u00f6markkinatukea. Lis\u00e4ksi opiskelijalla on mahdollisuus korotusosaan, jos koulutus mainitaan ty\u00f6llistymissuunnitelmassa sek\u00e4 kulukorvaukseen koulutuksen aikana. M\u00e4\u00e4r\u00e4n voi tarkistaa suoraan oman etuuden maksajalta. Yritys ei maksa palkkaa koulutusjakson aikana.<\/p>\n\n\n\n<h2 class=\"wp-block-heading\">Joudunko itse etsim\u00e4\u00e4n ty\u00f6jaksopaikan vai autetaanko minua paikan etsimisess\u00e4?<\/h2>\n\n\n\n<p><strong>Ty\u00f6jaksopaikan etsimisess\u00e4 on t\u00e4rke\u00e4\u00e4 hakijan oma intressi<\/strong> jotta saavutetaan paras mahdollinen tulos eli l\u00f6ytyy hakijan omaa mielenkiintoa vastaava ty\u00f6jaksopaikka. Ty\u00f6jaksopaikan hakemisessa autetaan ja Syklill\u00e4 on oma verkosto, jonka kautta yrityksi\u00e4 informoidaan\/kontaktoidaan hyviss\u00e4 ajoin ennen koulutuksen alkua ja my\u00f6s koulutusohjelman aikana.<\/p>\n\n\n\n<p>Hakijasta tulee opiskelija vasta kun h\u00e4net on ensin hyv\u00e4ksytty hakijaksi TE-toimistossa sek\u00e4 Sykliss\u00e4, ty\u00f6jaksopaikka on l\u00f6ytynyt ja koulutussopimus yritykseen\/organisaatioon on tehty.<\/p>\n\n\n\n<p>Opiskelija ei ole ty\u00f6suhteessa yritykseen\/organisaation koulutuksen aikana. Koulutusohjelman tavoitteena on opiskelijan ty\u00f6llistyminen.<\/p>\n\n\n\n<h2 class=\"wp-block-heading\">Onko koulutus maksullista?<\/h2>\n\n\n\n<p>Yritys\/organisaatio osallistuu opiskelijan koulutuskustannuksiin, t\u00e4m\u00e4 summa on koulutuskohtainen. Tarkemmat tiedot l\u00f6ytyv\u00e4t jokaisen koulutuksen kohdalta.<\/p>\n\n\n\n<p>Opiskelijalle ty\u00f6voimakoulutus on maksutonta. <\/p>\n\n\n\n<h2 class=\"wp-block-heading\"><\/h2>\n","protected":false},"excerpt":{"rendered":"<p>Miss\u00e4 tilanteessa voin hakeutua ty\u00f6voimakoulutukseen? Yleisesti ottaen ty\u00f6tt\u00f6myys tai ty\u00f6tt\u00f6myysuhka on hyv\u00e4ksytt\u00e4v\u00e4 syy tulla valituksi koulutukseen mik\u00e4li taustalla ei ole [&hellip;]<\/p>\n","protected":false},"author":1,"featured_media":63699,"parent":73431,"menu_order":77,"comment_status":"open","ping_status":"open","template":"","meta":{"_acf_changed":false,"footnotes":""},"class_list":["post-73432","page","type-page","status-publish","has-post-thumbnail","hentry"],"acf":[],"_links":{"self":[{"href":"https:\/\/sykli.fi\/demo\/wp-json\/wp\/v2\/pages\/73432","targetHints":{"allow":["GET"]}}],"collection":[{"href":"https:\/\/sykli.fi\/demo\/wp-json\/wp\/v2\/pages"}],"about":[{"href":"https:\/\/sykli.fi\/demo\/wp-json\/wp\/v2\/types\/page"}],"author":[{"embeddable":true,"href":"https:\/\/sykli.fi\/demo\/wp-json\/wp\/v2\/users\/1"}],"replies":[{"embeddable":true,"href":"https:\/\/sykli.fi\/demo\/wp-json\/wp\/v2\/comments?post=73432"}],"version-history":[{"count":0,"href":"https:\/\/sykli.fi\/demo\/wp-json\/wp\/v2\/pages\/73432\/revisions"}],"up":[{"embeddable":true,"href":"https:\/\/sykli.fi\/demo\/wp-json\/wp\/v2\/pages\/73431"}],"wp:featuredmedia":[{"embeddable":true,"href":"https:\/\/sykli.fi\/demo\/wp-json\/wp\/v2\/media\/63699"}],"wp:attachment":[{"href":"https:\/\/sykli.fi\/demo\/wp-json\/wp\/v2\/media?parent=73432"}],"curies":[{"name":"wp","href":"https:\/\/api.w.org\/{rel}","templated":true}]}}