{"id":72594,"date":"2025-10-01T12:00:23","date_gmt":"2025-10-01T09:00:23","guid":{"rendered":"https:\/\/sykli.fi\/?page_id=72594"},"modified":"2025-10-01T12:02:55","modified_gmt":"2025-10-01T09:02:55","slug":"kiertotaloustoiminnan-kehittaminen","status":"publish","type":"page","link":"https:\/\/sykli.fi\/demo\/hakijalle\/ymparistoalan-erikoisammattitutkinto\/tutkinnon-osien-koulutukset\/kiertotaloustoiminnan-kehittaminen\/","title":{"rendered":"Kiertotaloustoiminnan kehitt\u00e4minen"},"content":{"rendered":"\r\n<section id=\"hero-block_3385aab628a38617345bc892c0155a52\" class=\"hero site-banner section-default default alignfull\">\r\n\r\n    <div class=\"site-banner-bg section-bg-image \" >\r\n\r\n        <img loading=\"lazy\" decoding=\"async\" width=\"2560\" height=\"1813\" src=\"https:\/\/sykli.fi\/demo\/wp-content\/uploads\/2025\/10\/Kiertotalouden-konseptikuva-scaled.jpg\" class=\"attachment-1536\u00d71536 size-1536\u00d71536\" alt=\"\" srcset=\"https:\/\/sykli.fi\/demo\/wp-content\/uploads\/2025\/10\/Kiertotalouden-konseptikuva-scaled.jpg 2560w, https:\/\/sykli.fi\/demo\/wp-content\/uploads\/2025\/10\/Kiertotalouden-konseptikuva-300x212.jpg 300w, https:\/\/sykli.fi\/demo\/wp-content\/uploads\/2025\/10\/Kiertotalouden-konseptikuva-1024x725.jpg 1024w, https:\/\/sykli.fi\/demo\/wp-content\/uploads\/2025\/10\/Kiertotalouden-konseptikuva-768x544.jpg 768w, https:\/\/sykli.fi\/demo\/wp-content\/uploads\/2025\/10\/Kiertotalouden-konseptikuva-1536x1088.jpg 1536w, https:\/\/sykli.fi\/demo\/wp-content\/uploads\/2025\/10\/Kiertotalouden-konseptikuva-2048x1450.jpg 2048w\" sizes=\"auto, (max-width: 2560px) 100vw, 2560px\" \/>\r\n        \r\n        \r\n            <div class=\"site-banner-content container\">\r\n                <div class=\"row w-100\">\r\n                    <div class=\"col-md-12\">\r\n                        <div class=\"hero-text-overlay\">\r\n                                                                <h1 class=\"hero-title\">Kiertotaloustoiminnan kehitt\u00e4minen<\/h1>\r\n                            <div class=\"inner-content\">\r\n                            <div class=\"acf-innerblocks-container\">\n\n<p>Tutkinnon osan koulutus<\/p>\n\n<\/div>\r\n                        <\/div>                        <\/div>\r\n                    <\/div>\r\n                <\/div>\r\n            <\/div>\r\n\r\n        <\/section>\n\n\n<h2 class=\"wp-block-heading\">Opiskele tulevaisuuden taitoja \u2013 ota kiertotalous haltuun!\u00a0<\/h2>\n\n\n\n<p>Kiertotalous on moderni tuotanto- ja kulutusmalli, jossa materiaalit ja tuotteet pysyv\u00e4t kierrossa mahdollisimman pitk\u00e4\u00e4n \u2013 vuokraamalla, jakamalla, korjaamalla, kierr\u00e4tt\u00e4m\u00e4ll\u00e4 ja uudelleenk\u00e4ytt\u00e4m\u00e4ll\u00e4.\u00a0<\/p>\n\n\n\n<p>T\u00e4ll\u00e4 kurssilla opit, miten kiertotalous voi pident\u00e4\u00e4 tuotteiden elinkaarta, v\u00e4hent\u00e4\u00e4 luonnonvarojen k\u00e4ytt\u00f6\u00e4 ja tuottaa aidosti vastuullista liiketoimintaa. Kiertotalous on avain ilmastonmuutoksen hillint\u00e4\u00e4n, luontokadon pys\u00e4ytt\u00e4miseen ja resurssiviisaaseen tulevaisuuteen.&nbsp;<\/p>\n\n\n\n<h2 class=\"wp-block-heading\">Osaamislupauksemme:\u202f \u00a0<\/h2>\n\n\n\n<ul class=\"wp-block-list\">\n<li>Opiskelija osaa selitt\u00e4\u00e4 kiertotalouden periaatteet ja merkityksen\u00a0<\/li>\n\n\n\n<li>Opiskelija osaa tunnistaa kiertotalouden s\u00e4\u00e4d\u00f6kset ja tavoitteet\u00a0<\/li>\n\n\n\n<li>Opiskelija osaa hy\u00f6dynt\u00e4\u00e4 kiertotalouden liiketoimintamalleja\u00a0<\/li>\n\n\n\n<li>Opiskelija osaa suunnitella kiertotalousratkaisuja\u00a0<\/li>\n\n\n\n<li>Opiskelija osaa yhdist\u00e4\u00e4 ratkaisut liiketoimintaan ja arvioida vaikuttavuutta\u00a0<\/li>\n\n\n\n<li>Opiskelija osaa toteuttaa ja arvioida kiertotalousratkaisuja\u00a0<\/li>\n<\/ul>\n\n\n\n<h2 class=\"wp-block-heading\">Koulutuksen suorittaminen\u00a0<\/h2>\n\n\n\n<p>Koulutus sis\u00e4lt\u00e4\u00e4 kaksi vuorovaikutteista verkko-opetusp\u00e4iv\u00e4\u00e4, verkkokurssin sek\u00e4 kurssin suorittamiseen ohjaavan teht\u00e4v\u00e4klinikan. &nbsp;<\/p>\n\n\n\n<h2 class=\"wp-block-heading\">Tietoa Kiertotaloustoiminnan kehitt\u00e4minen -tutkinnon osan suorittamisesta \u00a0<\/h2>\n\n\n\n<p>T\u00e4h\u00e4n koulutukseen osallistuneilla on mahdollisuus osoittaa osaaminen n\u00e4yt\u00f6ss\u00e4 ja suorittaa Ymp\u00e4rist\u00f6alan erikoisammattitutkinnon tutkinnon osa nimelt\u00e4 Kiertotaloustoiminnan kehitt\u00e4minen. Tutkinnon osan laajuus on 30 osaamispistett\u00e4. &nbsp;<\/p>\n\n\n\n<p>Opiskelija osoittaa ammattitaitonsa n\u00e4yt\u00f6ss\u00e4 toimimalla ymp\u00e4rist\u00f6alan k\u00e4yt\u00e4nn\u00f6n ty\u00f6teht\u00e4viss\u00e4. Silt\u00e4 osin kuin tutkinnon osassa vaadittua ammattitaitoa ei voida arvioida n\u00e4yt\u00f6n perusteella, ammattitaidon osoittamista t\u00e4ydennet\u00e4\u00e4n yksil\u00f6llisesti muilla tavoin. &nbsp;<\/p>\n\n\n\n<p>Tutustu Ymp\u00e4rist\u00f6alan erikoisammattitutkinnon tutkinnonperusteisiin ja \u201cKiertotaloustoiminnan kehitt\u00e4minen\u201d -tutkinnon osan vaatimuksiin tarkemmin\u00a0<a href=\"https:\/\/eperusteet.opintopolku.fi\/#\/fi\/ammatillinen\/9425413\/tutkinnonosat\/9430082\">opintopolun ePerusteissa<\/a>.\u00a0<\/p>\n\n\n\n<hr class=\"wp-block-separator has-alpha-channel-opacity is-style-wide\"\/>\n\n\n\n<h2 class=\"wp-block-heading\">Ilmoittaudu koulutukseen<\/h2>\n\n\n\n<p><a href=\"https:\/\/ssl.eventilla.com\/kiertotaloustoiminnan-kehittaminen-huhtikuu-2026\" target=\"_blank\" rel=\"noreferrer noopener\">Kiertotaloustoiminnan kehitt\u00e4minen, huhtikuu 2026<\/a><br><a href=\"https:\/\/ssl.eventilla.com\/kiertotaloustoiminnan-kehittaminen-marraskuu-2026\" target=\"_blank\" rel=\"noreferrer noopener\">Kiertotaloustoiminnan kehitt\u00e4minen, marraskuu 2026<\/a><\/p>\n\n\n\n<hr class=\"wp-block-separator has-alpha-channel-opacity is-style-wide\"\/>\n\n\n<h2>Kysy lis\u00e4\u00e4<\/h2>\r\n<div class=\"row\">\r\n                                <div class=\"col-md-6\">\r\n                    <div class=\"staff-box\">\r\n                        <div class=\"row\">\r\n                            <div class=\"col-4\">\r\n                                <img loading=\"lazy\" decoding=\"async\" width=\"150\" height=\"250\" src=\"https:\/\/sykli.fi\/demo\/wp-content\/uploads\/2022\/09\/taru-uotila-2022-nettisivuille-mv.jpg\" class=\"attachment-post-thumbnail size-post-thumbnail wp-post-image\" alt=\"\" \/>                            <\/div>\r\n                            <div class=\"col-8\">\r\n                                <h3>Taru Uotila<\/h3>\r\n                                Johtaja, hankkeet ja kehitt\u00e4minen                                <ul>\r\n                                    <li><svg xmlns=\"http:\/\/www.w3.org\/2000\/svg\" width=\"16\" height=\"16\" fill=\"currentColor\" class=\"bi bi-telephone-fill\" viewBox=\"0 0 16 16\">\r\n                                <path fill-rule=\"evenodd\" d=\"M1.885.511a1.745 1.745 0 0 1 2.61.163L6.29 2.98c.329.423.445.974.315 1.494l-.547 2.19a.678.678 0 0 0 .178.643l2.457 2.457a.678.678 0 0 0 .644.178l2.189-.547a1.745 1.745 0 0 1 1.494.315l2.306 1.794c.829.645.905 1.87.163 2.611l-1.034 1.034c-.74.74-1.846 1.065-2.877.702a18.634 18.634 0 0 1-7.01-4.42 18.634 18.634 0 0 1-4.42-7.009c-.362-1.03-.037-2.137.703-2.877L1.885.511z\"\/>\r\n                              <\/svg> <a href=\"tel:+358503701414\">050 370 1414<\/a><\/li><li><svg xmlns=\"http:\/\/www.w3.org\/2000\/svg\" width=\"16\" height=\"16\" fill=\"currentColor\" class=\"bi bi-envelope-fill\" viewBox=\"0 0 16 16\">\r\n                                <path d=\"M.05 3.555A2 2 0 0 1 2 2h12a2 2 0 0 1 1.95 1.555L8 8.414.05 3.555ZM0 4.697v7.104l5.803-3.558L0 4.697ZM6.761 8.83l-6.57 4.027A2 2 0 0 0 2 14h12a2 2 0 0 0 1.808-1.144l-6.57-4.027L8 9.586l-1.239-.757Zm3.436-.586L16 11.801V4.697l-5.803 3.546Z\"\/>\r\n                              <\/svg> <a href=\"mailto:taru.uotila@sykli.fi\">taru.uotila@sykli.fi<\/a><\/li>                                <\/ul>\r\n                            <\/div>\r\n                        <\/div>\r\n                    <\/div>\r\n                <\/div>\r\n    <\/div>","protected":false},"excerpt":{"rendered":"<p>Opiskele tulevaisuuden taitoja \u2013 ota kiertotalous haltuun!\u00a0 Kiertotalous on moderni tuotanto- ja kulutusmalli, jossa materiaalit ja tuotteet pysyv\u00e4t kierrossa mahdollisimman [&hellip;]<\/p>\n","protected":false},"author":7,"featured_media":72595,"parent":66636,"menu_order":0,"comment_status":"closed","ping_status":"closed","template":"","meta":{"_acf_changed":false,"footnotes":""},"class_list":["post-72594","page","type-page","status-publish","has-post-thumbnail","hentry"],"acf":[],"_links":{"self":[{"href":"https:\/\/sykli.fi\/demo\/wp-json\/wp\/v2\/pages\/72594","targetHints":{"allow":["GET"]}}],"collection":[{"href":"https:\/\/sykli.fi\/demo\/wp-json\/wp\/v2\/pages"}],"about":[{"href":"https:\/\/sykli.fi\/demo\/wp-json\/wp\/v2\/types\/page"}],"author":[{"embeddable":true,"href":"https:\/\/sykli.fi\/demo\/wp-json\/wp\/v2\/users\/7"}],"replies":[{"embeddable":true,"href":"https:\/\/sykli.fi\/demo\/wp-json\/wp\/v2\/comments?post=72594"}],"version-history":[{"count":2,"href":"https:\/\/sykli.fi\/demo\/wp-json\/wp\/v2\/pages\/72594\/revisions"}],"predecessor-version":[{"id":72601,"href":"https:\/\/sykli.fi\/demo\/wp-json\/wp\/v2\/pages\/72594\/revisions\/72601"}],"up":[{"embeddable":true,"href":"https:\/\/sykli.fi\/demo\/wp-json\/wp\/v2\/pages\/66636"}],"wp:featuredmedia":[{"embeddable":true,"href":"https:\/\/sykli.fi\/demo\/wp-json\/wp\/v2\/media\/72595"}],"wp:attachment":[{"href":"https:\/\/sykli.fi\/demo\/wp-json\/wp\/v2\/media?parent=72594"}],"curies":[{"name":"wp","href":"https:\/\/api.w.org\/{rel}","templated":true}]}}