{"id":72585,"date":"2025-10-01T11:48:28","date_gmt":"2025-10-01T08:48:28","guid":{"rendered":"https:\/\/sykli.fi\/?page_id=72585"},"modified":"2025-10-01T14:50:27","modified_gmt":"2025-10-01T11:50:27","slug":"kyberturvallisuuden-edistaminen","status":"publish","type":"page","link":"https:\/\/sykli.fi\/demo\/hakijalle\/ymparistoalan-erikoisammattitutkinto\/tutkinnon-osien-koulutukset\/kyberturvallisuuden-edistaminen\/","title":{"rendered":"Kyberturvallisuuden edist\u00e4minen"},"content":{"rendered":"\r\n<section id=\"hero-block_f880c49f755a8a4f7274eb7b3ab3466e\" class=\"hero site-banner section-default default alignfull\">\r\n\r\n    <div class=\"site-banner-bg section-bg-image \" >\r\n\r\n        <img loading=\"lazy\" decoding=\"async\" width=\"2560\" height=\"1166\" src=\"https:\/\/sykli.fi\/demo\/wp-content\/uploads\/2025\/10\/shutterstock_2476569139-scaled.jpg\" class=\"attachment-1536\u00d71536 size-1536\u00d71536\" alt=\"\" srcset=\"https:\/\/sykli.fi\/demo\/wp-content\/uploads\/2025\/10\/shutterstock_2476569139-scaled.jpg 2560w, https:\/\/sykli.fi\/demo\/wp-content\/uploads\/2025\/10\/shutterstock_2476569139-300x137.jpg 300w, https:\/\/sykli.fi\/demo\/wp-content\/uploads\/2025\/10\/shutterstock_2476569139-1024x466.jpg 1024w, https:\/\/sykli.fi\/demo\/wp-content\/uploads\/2025\/10\/shutterstock_2476569139-768x350.jpg 768w, https:\/\/sykli.fi\/demo\/wp-content\/uploads\/2025\/10\/shutterstock_2476569139-1536x700.jpg 1536w, https:\/\/sykli.fi\/demo\/wp-content\/uploads\/2025\/10\/shutterstock_2476569139-2048x933.jpg 2048w\" sizes=\"auto, (max-width: 2560px) 100vw, 2560px\" \/>\r\n        \r\n        \r\n            <div class=\"site-banner-content container\">\r\n                <div class=\"row w-100\">\r\n                    <div class=\"col-md-12\">\r\n                        <div class=\"hero-text-overlay\">\r\n                                                                <h1 class=\"hero-title\">Kyberturvallisuuden edist\u00e4minen<\/h1>\r\n                            <div class=\"inner-content\">\r\n                            <div class=\"acf-innerblocks-container\">\n\n<p>Tutkinnon osan koulutus<\/p>\n\n<\/div>\r\n                        <\/div>                        <\/div>\r\n                    <\/div>\r\n                <\/div>\r\n            <\/div>\r\n\r\n        <\/section>\n\n\n<h2 class=\"wp-block-heading\">Tietoturvauhat ovat nykyp\u00e4iv\u00e4\u00e4 \u2013 tunnetko riskit ja osaatko hallita niit\u00e4?<\/h2>\n\n\n\n<p>Koulutus tarjoaa ymm\u00e4rryksen tietoturvan perusperiaatteista, kyberuhkien tunnistamisesta ja riskienhallinnasta. Opit suojaamaan organisaatiosi tietoja ja kriittisi\u00e4 j\u00e4rjestelmi\u00e4 ajankohtaisten lains\u00e4\u00e4d\u00e4nt\u00f6jen ja parhaiden k\u00e4yt\u00e4nt\u00f6jen mukaisesti. Koulutus tukee koko ty\u00f6yhteis\u00f6n kyky\u00e4 ehk\u00e4ist\u00e4 kyberuhkia ja toimia turvallisesti digitaalisessa ymp\u00e4rist\u00f6ss\u00e4.<\/p>\n\n\n\n<h2 class=\"wp-block-heading\">Koulutuksessa opit:<\/h2>\n\n\n\n<ul class=\"wp-block-list\">\n<li>Kyberturvallisuuden perusk\u00e4sitteet ja ajankohtaiset uhat<\/li>\n\n\n\n<li>Ty\u00f6si kannalta keskeiset s\u00e4\u00e4d\u00f6kset, ohjeistukset ja vastuut<\/li>\n\n\n\n<li>Analysoimaan oman organisaatiosi kyberturvallisuuden tilaa<\/li>\n\n\n\n<li>Toimimaan ja viestim\u00e4\u00e4n kyberuhkatilanteissa<\/li>\n\n\n\n<li>Kehitt\u00e4m\u00e4\u00e4n turvallisuuskulttuuria ja osaamista ty\u00f6yhteis\u00f6ss\u00e4<\/li>\n\n\n\n<li>Edist\u00e4m\u00e4\u00e4n turvallisempaa digitaalista toimintaymp\u00e4rist\u00f6\u00e4<\/li>\n<\/ul>\n\n\n\n<h2 class=\"wp-block-heading\">Kenelle?<\/h2>\n\n\n\n<p>Koulutus on suunnattu kaikille, jotka haluavat kehitt\u00e4\u00e4 kyberturvallisuuden asiantuntijuuttaan. Kolutukseen osallistuminen ei edellyt\u00e4 IT-alan pohjakoulutusta tai muuta syvemp\u00e4\u00e4 IT-alan osaamista. K\u00e4yt\u00e4nn\u00f6nl\u00e4heinen oppiminen ja ajankohtaiset case-esimerkit takaavat, ett\u00e4 saat k\u00e4ytt\u00f6kelpoisia ty\u00f6kaluja (esim. kybermittari) suoraan ty\u00f6el\u00e4m\u00e4\u00e4n.&nbsp;<\/p>\n\n\n\n<h2 class=\"wp-block-heading\">Koulutuksen sis\u00e4lt\u00f6<\/h2>\n\n\n\n<p>Koulutus sis\u00e4lt\u00e4\u00e4 kaksi vuorovaikutteista verkko-opetusp\u00e4iv\u00e4\u00e4, verkkokurssin sek\u00e4 kurssin suorittamiseen ohjaavan teht\u00e4v\u00e4klinikan.&nbsp;<\/p>\n\n\n\n<h2 class=\"wp-block-heading\">Tietoa Kyberturvallisuuden edist\u00e4minen -tutkinnon osan suorittamisesta&nbsp;&nbsp;<\/h2>\n\n\n\n<p>T\u00e4h\u00e4n koulutukseen osallistuneilla on mahdollisuus osoittaa osaaminen n\u00e4yt\u00f6ss\u00e4 ja suorittaa Ymp\u00e4rist\u00f6alan erikoisammattitutkinnon tutkinnon osa nimelt\u00e4 Kyberturvallisuuden edist\u00e4minen. Tutkinnon osan laajuus on 30 osaamispistett\u00e4.&nbsp;&nbsp;<\/p>\n\n\n\n<p>Opiskelija osoittaa ammattitaitonsa n\u00e4yt\u00f6ss\u00e4 toimimalla ymp\u00e4rist\u00f6alan k\u00e4yt\u00e4nn\u00f6n ty\u00f6teht\u00e4viss\u00e4. Silt\u00e4 osin kuin tutkinnon osassa vaadittua ammattitaitoa ei voida arvioida n\u00e4yt\u00f6n perusteella, ammattitaidon osoittamista t\u00e4ydennet\u00e4\u00e4n yksil\u00f6llisesti muilla tavoin.&nbsp;&nbsp;<\/p>\n\n\n\n<p>Tutustu Ymp\u00e4rist\u00f6alan erikoisammattitutkinnon tutkinnonperusteisiin ja \u201cKyberturvallisuuden edist\u00e4minen\u201d -tutkinnon osan vaatimuksiin tarkemmin&nbsp;<a href=\"https:\/\/eperusteet.opintopolku.fi\/#\/fi\/ammatillinen\/9425413\/tutkinnonosat\/9430083\" target=\"_blank\" rel=\"noreferrer noopener\">opintopolun ePerusteissa.<\/a>&nbsp;&nbsp;&nbsp;<\/p>\n\n\n\n<hr class=\"wp-block-separator has-alpha-channel-opacity is-style-wide\"\/>\n\n\n\n<h2 class=\"wp-block-heading\">Ilmoittaudu koulutukseen<\/h2>\n\n\n\n<p><a href=\"https:\/\/ssl.eventilla.com\/kyber-huhtikuu26\" target=\"_blank\" rel=\"noreferrer noopener\">Kyberturvallisuuden edist\u00e4minen, huhtikuu 2026<\/a><br><a href=\"https:\/\/ssl.eventilla.com\/kyber-marraskuu26\" target=\"_blank\" rel=\"noreferrer noopener\">Kyberturvallisuuden edist\u00e4minen, marraskuu 2026<\/a><\/p>\n\n\n\n<hr class=\"wp-block-separator has-alpha-channel-opacity is-style-wide\"\/>\n\n\n<h2>Kysy lis\u00e4\u00e4<\/h2>\r\n<div class=\"row\">\r\n                                <div class=\"col-md-6\">\r\n                    <div class=\"staff-box\">\r\n                        <div class=\"row\">\r\n                            <div class=\"col-4\">\r\n                                <img loading=\"lazy\" decoding=\"async\" width=\"150\" height=\"250\" src=\"https:\/\/sykli.fi\/demo\/wp-content\/uploads\/2022\/09\/jari-heiskanen-2022-nettisivuille-mv.jpg\" class=\"attachment-post-thumbnail size-post-thumbnail wp-post-image\" alt=\"\" \/>                            <\/div>\r\n                            <div class=\"col-8\">\r\n                                <h3>Jari Heiskanen<\/h3>\r\n                                Asiantuntija, hankkeet ja kehitt\u00e4minen                                <ul>\r\n                                    <li><svg xmlns=\"http:\/\/www.w3.org\/2000\/svg\" width=\"16\" height=\"16\" fill=\"currentColor\" class=\"bi bi-telephone-fill\" viewBox=\"0 0 16 16\">\r\n                                <path fill-rule=\"evenodd\" d=\"M1.885.511a1.745 1.745 0 0 1 2.61.163L6.29 2.98c.329.423.445.974.315 1.494l-.547 2.19a.678.678 0 0 0 .178.643l2.457 2.457a.678.678 0 0 0 .644.178l2.189-.547a1.745 1.745 0 0 1 1.494.315l2.306 1.794c.829.645.905 1.87.163 2.611l-1.034 1.034c-.74.74-1.846 1.065-2.877.702a18.634 18.634 0 0 1-7.01-4.42 18.634 18.634 0 0 1-4.42-7.009c-.362-1.03-.037-2.137.703-2.877L1.885.511z\"\/>\r\n                              <\/svg> <a href=\"tel:+358503752657\">050 375 2657<\/a><\/li><li><svg xmlns=\"http:\/\/www.w3.org\/2000\/svg\" width=\"16\" height=\"16\" fill=\"currentColor\" class=\"bi bi-envelope-fill\" viewBox=\"0 0 16 16\">\r\n                                <path d=\"M.05 3.555A2 2 0 0 1 2 2h12a2 2 0 0 1 1.95 1.555L8 8.414.05 3.555ZM0 4.697v7.104l5.803-3.558L0 4.697ZM6.761 8.83l-6.57 4.027A2 2 0 0 0 2 14h12a2 2 0 0 0 1.808-1.144l-6.57-4.027L8 9.586l-1.239-.757Zm3.436-.586L16 11.801V4.697l-5.803 3.546Z\"\/>\r\n                              <\/svg> <a href=\"mailto:jari.heiskanen@sykli.fi\">jari.heiskanen@sykli.fi<\/a><\/li>                                <\/ul>\r\n                            <\/div>\r\n                        <\/div>\r\n                    <\/div>\r\n                <\/div>\r\n    <\/div>","protected":false},"excerpt":{"rendered":"<p>Tietoturvauhat ovat nykyp\u00e4iv\u00e4\u00e4 \u2013 tunnetko riskit ja osaatko hallita niit\u00e4? Koulutus tarjoaa ymm\u00e4rryksen tietoturvan perusperiaatteista, kyberuhkien tunnistamisesta ja riskienhallinnasta. Opit [&hellip;]<\/p>\n","protected":false},"author":7,"featured_media":72621,"parent":66636,"menu_order":0,"comment_status":"closed","ping_status":"closed","template":"","meta":{"_acf_changed":false,"footnotes":""},"class_list":["post-72585","page","type-page","status-publish","has-post-thumbnail","hentry"],"acf":[],"_links":{"self":[{"href":"https:\/\/sykli.fi\/demo\/wp-json\/wp\/v2\/pages\/72585","targetHints":{"allow":["GET"]}}],"collection":[{"href":"https:\/\/sykli.fi\/demo\/wp-json\/wp\/v2\/pages"}],"about":[{"href":"https:\/\/sykli.fi\/demo\/wp-json\/wp\/v2\/types\/page"}],"author":[{"embeddable":true,"href":"https:\/\/sykli.fi\/demo\/wp-json\/wp\/v2\/users\/7"}],"replies":[{"embeddable":true,"href":"https:\/\/sykli.fi\/demo\/wp-json\/wp\/v2\/comments?post=72585"}],"version-history":[{"count":3,"href":"https:\/\/sykli.fi\/demo\/wp-json\/wp\/v2\/pages\/72585\/revisions"}],"predecessor-version":[{"id":72624,"href":"https:\/\/sykli.fi\/demo\/wp-json\/wp\/v2\/pages\/72585\/revisions\/72624"}],"up":[{"embeddable":true,"href":"https:\/\/sykli.fi\/demo\/wp-json\/wp\/v2\/pages\/66636"}],"wp:featuredmedia":[{"embeddable":true,"href":"https:\/\/sykli.fi\/demo\/wp-json\/wp\/v2\/media\/72621"}],"wp:attachment":[{"href":"https:\/\/sykli.fi\/demo\/wp-json\/wp\/v2\/media?parent=72585"}],"curies":[{"name":"wp","href":"https:\/\/api.w.org\/{rel}","templated":true}]}}