{"id":72357,"date":"2025-08-27T13:25:30","date_gmt":"2025-08-27T10:25:30","guid":{"rendered":"https:\/\/sykli.fi\/?page_id=72357"},"modified":"2026-01-15T11:22:01","modified_gmt":"2026-01-15T09:22:01","slug":"resurssiviisauden-osaaja-tampere","status":"publish","type":"page","link":"https:\/\/sykli.fi\/demo\/tyoelamalle\/tyovoimakoulutukset\/tutkintoon-johtavat-koulutukset\/resurssiviisauden-osaaja-tampere\/","title":{"rendered":"Resurssiviisauden osaaja, Tampere"},"content":{"rendered":"\r\n<section id=\"hero-block_67a11656135e18ce9b46fd2c3ca32f5c\" class=\"hero site-banner section-default default alignfull\">\r\n\r\n    <div class=\"site-banner-bg section-bg-image \" >\r\n\r\n        <img loading=\"lazy\" decoding=\"async\" width=\"1000\" height=\"660\" src=\"https:\/\/sykli.fi\/demo\/wp-content\/uploads\/2023\/04\/shutterstock_668593321-1-sykli-tyonanatajana.jpg\" class=\"attachment-1536\u00d71536 size-1536\u00d71536\" alt=\"\" srcset=\"https:\/\/sykli.fi\/demo\/wp-content\/uploads\/2023\/04\/shutterstock_668593321-1-sykli-tyonanatajana.jpg 1000w, https:\/\/sykli.fi\/demo\/wp-content\/uploads\/2023\/04\/shutterstock_668593321-1-sykli-tyonanatajana-300x198.jpg 300w, https:\/\/sykli.fi\/demo\/wp-content\/uploads\/2023\/04\/shutterstock_668593321-1-sykli-tyonanatajana-768x507.jpg 768w\" sizes=\"auto, (max-width: 1000px) 100vw, 1000px\" \/>\r\n        \r\n        \r\n            <div class=\"site-banner-content container\">\r\n                <div class=\"row w-100\">\r\n                    <div class=\"col-md-12\">\r\n                        <div class=\"hero-text-overlay\">\r\n                                                                <h1 class=\"hero-title\">Resurssiviisauden osaaja, Tampere<\/h1>\r\n                            <div class=\"inner-content\">\r\n                            <div class=\"acf-innerblocks-container\"><\/div>\r\n                        <\/div>                        <\/div>\r\n                    <\/div>\r\n                <\/div>\r\n            <\/div>\r\n\r\n        <\/section>\n\n\n<h2 class=\"wp-block-heading has-yellow-background-color has-background\"><strong>Haku yhteisty\u00f6kumppaniksi t\u00e4h\u00e4n koulutukseen on p\u00e4\u00e4ttynyt! <\/strong><br>Kysy muista alkavista koulutuksistamme: <br><a href=\"mailto:yritys-ja-urapalvelut@sykli.fi\" target=\"_blank\" rel=\"noreferrer noopener\">yritys-ja-urapalvelut@sykli.fi<\/a><\/h2>\n\n\n\n<p><\/p>\n\n\n\n<p><strong>Resurssiviisauden osaaja<\/strong> on Suomen ymp\u00e4rist\u00f6opisto Syklin toteuttama ty\u00f6voimakoulutus, joka yhdist\u00e4\u00e4 ajankohtaisen ymp\u00e4rist\u00f6osaamisen, k\u00e4yt\u00e4nn\u00f6n ty\u00f6ss\u00e4oppimisen ja organisaationne kehitt\u00e4misen. Opiskelija suorittaa koulutuksen aikana osatutkinnon ymp\u00e4rist\u00f6alan erikoisammattitutkinnosta ja toteuttaa samalla kehitt\u00e4misprojektin yrityksess\u00e4nne. <\/p>\n\n\n\n<p><strong>Koulutus kest\u00e4\u00e4<\/strong> noin kuusi kuukautta ajalla 27.10.2025 \u2013 28.4.2026.<\/p>\n\n\n\n<p>Suurin osa oppimisesta tapahtuu ty\u00f6ss\u00e4oppimisena yhteisty\u00f6organisaatiossa, jossa opiskelija toteuttaa my\u00f6s kehitt\u00e4misprojektin. Projektin aihe sovitaan yhdess\u00e4 ty\u00f6paikan kanssa ty\u00f6jakson alussa.<\/p>\n\n\n\n<p><\/p>\n\n\n\n<h5 class=\"wp-block-heading\">Koulutuksen tavoite<\/h5>\n\n\n\n<p>Koulutuksen tavoitteena on suorittaa ymp\u00e4rist\u00f6alan erikoisammattitutkinnon osa Resurssitehokkuuden asiantuntijana toimiminen (90 osp). Koulutus parantaa opiskelijan ty\u00f6llistymismahdollisuuksia ja voi johtaa ty\u00f6llistymiseen ty\u00f6jakson aikana tai sen p\u00e4\u00e4tytty\u00e4 koulutussopimusorganisaatioon.<\/p>\n\n\n\n<p><\/p>\n\n\n\n<h5 class=\"wp-block-heading\">Millaisia opiskelijoita koulutukseen otetaan?<\/h5>\n\n\n\n<p>Koulutus on suunnattu Tampereen alueen ty\u00f6tt\u00f6mille ty\u00f6nhakijoille, jotka ovat kiinnostuneita vihre\u00e4n siirtym\u00e4n edist\u00e4misest\u00e4 ja he seuraavat alaan liittyvi\u00e4 innovaatioita ja kehityst\u00e4. Osallistuja voi olla uransa alussa tai t\u00e4ydent\u00e4\u00e4 aiempaa kokemustaan. Koulutus edellytt\u00e4\u00e4 suomen kielen taitoa (A2), ICT-osaamista ja kyky\u00e4 ohjata omaa ty\u00f6skentely\u00e4. Koulutus soveltuu parhaiten korkeakoulutetuille tai vastaavan ty\u00f6el\u00e4m\u00e4osaamisen omaaville.<\/p>\n\n\n\n<p><\/p>\n\n\n\n<h5 class=\"wp-block-heading\">Mit\u00e4 hy\u00f6ty\u00e4 koulutuksesta on yritykselle?<\/h5>\n\n\n\n<p>Saat k\u00e4ytt\u00f6\u00f6si sitoutuneen ja ymp\u00e4rist\u00f6alaan suuntautuneen ty\u00f6ss\u00e4 oppijan, joka on valittu tarkkaan hakemusten ja haastattelujen perusteella. Koulutus on riskit\u00f6nt\u00e4 yhteisty\u00f6t\u00e4 yrityksenne ja Suomen ymp\u00e4rist\u00f6opisto Syklin v\u00e4lill\u00e4, sill\u00e4 opiskelija ei ole ty\u00f6suhteessa yritykseenne. Ette vastaa palkanmaksusta tai muista ty\u00f6nantajavelvoitteista koulutuksen aikana. Ty\u00f6ss\u00e4oppimisjakson j\u00e4lkeen yrityksell\u00e4 on mahdollisuus rekrytoida opiskelija yritykseens\u00e4. Saatte my\u00f6s ajankohtaista ymp\u00e4rist\u00f6osaamista yritykseenne, kun opiskelija saa koulutuksessa tuoretta tietoa muun muassa kiertotaloudesta, ilmastonmuutoksen hillinn\u00e4st\u00e4 ja CSRD-direktiivist\u00e4. Tieto siirtyy k\u00e4yt\u00e4nt\u00f6\u00f6n ty\u00f6ss\u00e4oppimisjakson aikana.<\/p>\n\n\n\n<p><\/p>\n\n\n\n<h5 class=\"wp-block-heading\">Koulutuksen infotilaisuus<\/h5>\n\n\n\n<p>Koulutuksesta j\u00e4rjestettiin infotilaisuus 14.8.2025 klo 13-14 Microsoft Teamsissa. Tilaisuudessa kerrottiin tarkemmin koulutuksen sis\u00e4ll\u00f6st\u00e4. <\/p>\n\n\n\n<figure class=\"wp-block-embed is-type-video is-provider-youtube wp-block-embed-youtube wp-embed-aspect-16-9 wp-has-aspect-ratio\"><div class=\"wp-block-embed__wrapper\">\n<div class=\"ratio ratio-16x9\"><iframe loading=\"lazy\" title=\"Resurssiviisauden osaaja, Tampere\" width=\"800\" height=\"450\" src=\"https:\/\/www.youtube.com\/embed\/jW7gXc4XaNI?feature=oembed\" frameborder=\"0\" allow=\"accelerometer; autoplay; clipboard-write; encrypted-media; gyroscope; picture-in-picture; web-share\" referrerpolicy=\"strict-origin-when-cross-origin\" allowfullscreen><\/iframe><\/div>\n<\/div><\/figure>\n\n\n\n<p><\/p>\n\n\n\n<p><strong>Liity mukaan rakentamaan kest\u00e4v\u00e4mp\u00e4\u00e4 tulevaisuutta ja ota opiskelija yritykseesi ty\u00f6ss\u00e4oppimaan!<\/strong><\/p>\n\n\n<h2>Ota yhteytt\u00e4 ja keskustellaan lis\u00e4\u00e4 yhteisty\u00f6mahdollisuuksista:<\/h2>\r\n<div class=\"row\">\r\n                                <div class=\"col-md-6\">\r\n                    <div class=\"staff-box\">\r\n                        <div class=\"row\">\r\n                            <div class=\"col-4\">\r\n                                <img loading=\"lazy\" decoding=\"async\" width=\"1697\" height=\"2417\" src=\"https:\/\/sykli.fi\/demo\/wp-content\/uploads\/2024\/02\/Henkilokuva_Virpi_Vuolahti_mv.jpg\" class=\"attachment-post-thumbnail size-post-thumbnail wp-post-image\" alt=\"\" srcset=\"https:\/\/sykli.fi\/demo\/wp-content\/uploads\/2024\/02\/Henkilokuva_Virpi_Vuolahti_mv.jpg 1697w, https:\/\/sykli.fi\/demo\/wp-content\/uploads\/2024\/02\/Henkilokuva_Virpi_Vuolahti_mv-211x300.jpg 211w, https:\/\/sykli.fi\/demo\/wp-content\/uploads\/2024\/02\/Henkilokuva_Virpi_Vuolahti_mv-719x1024.jpg 719w, https:\/\/sykli.fi\/demo\/wp-content\/uploads\/2024\/02\/Henkilokuva_Virpi_Vuolahti_mv-768x1094.jpg 768w, https:\/\/sykli.fi\/demo\/wp-content\/uploads\/2024\/02\/Henkilokuva_Virpi_Vuolahti_mv-1078x1536.jpg 1078w, https:\/\/sykli.fi\/demo\/wp-content\/uploads\/2024\/02\/Henkilokuva_Virpi_Vuolahti_mv-1438x2048.jpg 1438w\" sizes=\"auto, (max-width: 1697px) 100vw, 1697px\" \/>                            <\/div>\r\n                            <div class=\"col-8\">\r\n                                <h3>Virpi Vuolahti<\/h3>\r\n                                Koulutusvastaava                                <ul>\r\n                                    <li><svg xmlns=\"http:\/\/www.w3.org\/2000\/svg\" width=\"16\" height=\"16\" fill=\"currentColor\" class=\"bi bi-telephone-fill\" viewBox=\"0 0 16 16\">\r\n                                <path fill-rule=\"evenodd\" d=\"M1.885.511a1.745 1.745 0 0 1 2.61.163L6.29 2.98c.329.423.445.974.315 1.494l-.547 2.19a.678.678 0 0 0 .178.643l2.457 2.457a.678.678 0 0 0 .644.178l2.189-.547a1.745 1.745 0 0 1 1.494.315l2.306 1.794c.829.645.905 1.87.163 2.611l-1.034 1.034c-.74.74-1.846 1.065-2.877.702a18.634 18.634 0 0 1-7.01-4.42 18.634 18.634 0 0 1-4.42-7.009c-.362-1.03-.037-2.137.703-2.877L1.885.511z\"\/>\r\n                              <\/svg> <a href=\"tel:+358447225939\">044 722 5939<\/a><\/li><li><svg xmlns=\"http:\/\/www.w3.org\/2000\/svg\" width=\"16\" height=\"16\" fill=\"currentColor\" class=\"bi bi-envelope-fill\" viewBox=\"0 0 16 16\">\r\n                                <path d=\"M.05 3.555A2 2 0 0 1 2 2h12a2 2 0 0 1 1.95 1.555L8 8.414.05 3.555ZM0 4.697v7.104l5.803-3.558L0 4.697ZM6.761 8.83l-6.57 4.027A2 2 0 0 0 2 14h12a2 2 0 0 0 1.808-1.144l-6.57-4.027L8 9.586l-1.239-.757Zm3.436-.586L16 11.801V4.697l-5.803 3.546Z\"\/>\r\n                              <\/svg> <a href=\"mailto:virpi.vuolahti@sykli.fi\">virpi.vuolahti@sykli.fi<\/a><\/li>                                <\/ul>\r\n                            <\/div>\r\n                        <\/div>\r\n                    <\/div>\r\n                <\/div>\r\n                                <div class=\"col-md-6\">\r\n                    <div class=\"staff-box\">\r\n                        <div class=\"row\">\r\n                            <div class=\"col-4\">\r\n                                <img loading=\"lazy\" decoding=\"async\" width=\"150\" height=\"250\" src=\"https:\/\/sykli.fi\/demo\/wp-content\/uploads\/2022\/09\/hannele-hakala-mv.jpg\" class=\"attachment-post-thumbnail size-post-thumbnail wp-post-image\" alt=\"\" \/>                            <\/div>\r\n                            <div class=\"col-8\">\r\n                                <h3>Hannele Hakala<\/h3>\r\n                                Koulutusvastaava                                <ul>\r\n                                    <li><svg xmlns=\"http:\/\/www.w3.org\/2000\/svg\" width=\"16\" height=\"16\" fill=\"currentColor\" class=\"bi bi-telephone-fill\" viewBox=\"0 0 16 16\">\r\n                                <path fill-rule=\"evenodd\" d=\"M1.885.511a1.745 1.745 0 0 1 2.61.163L6.29 2.98c.329.423.445.974.315 1.494l-.547 2.19a.678.678 0 0 0 .178.643l2.457 2.457a.678.678 0 0 0 .644.178l2.189-.547a1.745 1.745 0 0 1 1.494.315l2.306 1.794c.829.645.905 1.87.163 2.611l-1.034 1.034c-.74.74-1.846 1.065-2.877.702a18.634 18.634 0 0 1-7.01-4.42 18.634 18.634 0 0 1-4.42-7.009c-.362-1.03-.037-2.137.703-2.877L1.885.511z\"\/>\r\n                              <\/svg> <a href=\"tel:+358505361979\">050 536 1979<\/a><\/li><li><svg xmlns=\"http:\/\/www.w3.org\/2000\/svg\" width=\"16\" height=\"16\" fill=\"currentColor\" class=\"bi bi-envelope-fill\" viewBox=\"0 0 16 16\">\r\n                                <path d=\"M.05 3.555A2 2 0 0 1 2 2h12a2 2 0 0 1 1.95 1.555L8 8.414.05 3.555ZM0 4.697v7.104l5.803-3.558L0 4.697ZM6.761 8.83l-6.57 4.027A2 2 0 0 0 2 14h12a2 2 0 0 0 1.808-1.144l-6.57-4.027L8 9.586l-1.239-.757Zm3.436-.586L16 11.801V4.697l-5.803 3.546Z\"\/>\r\n                              <\/svg> <a href=\"mailto:hannele.hakala@sykli.fi\">hannele.hakala@sykli.fi<\/a><\/li>                                <\/ul>\r\n                            <\/div>\r\n                        <\/div>\r\n                    <\/div>\r\n                <\/div>\r\n    <\/div>","protected":false},"excerpt":{"rendered":"<p>Haku yhteisty\u00f6kumppaniksi t\u00e4h\u00e4n koulutukseen on p\u00e4\u00e4ttynyt! Kysy muista alkavista koulutuksistamme: yritys-ja-urapalvelut@sykli.fi Resurssiviisauden osaaja on Suomen ymp\u00e4rist\u00f6opisto Syklin toteuttama ty\u00f6voimakoulutus, joka [&hellip;]<\/p>\n","protected":false},"author":10,"featured_media":63627,"parent":54655,"menu_order":0,"comment_status":"closed","ping_status":"closed","template":"","meta":{"_acf_changed":false,"footnotes":""},"class_list":["post-72357","page","type-page","status-publish","has-post-thumbnail","hentry"],"acf":[],"_links":{"self":[{"href":"https:\/\/sykli.fi\/demo\/wp-json\/wp\/v2\/pages\/72357","targetHints":{"allow":["GET"]}}],"collection":[{"href":"https:\/\/sykli.fi\/demo\/wp-json\/wp\/v2\/pages"}],"about":[{"href":"https:\/\/sykli.fi\/demo\/wp-json\/wp\/v2\/types\/page"}],"author":[{"embeddable":true,"href":"https:\/\/sykli.fi\/demo\/wp-json\/wp\/v2\/users\/10"}],"replies":[{"embeddable":true,"href":"https:\/\/sykli.fi\/demo\/wp-json\/wp\/v2\/comments?post=72357"}],"version-history":[{"count":6,"href":"https:\/\/sykli.fi\/demo\/wp-json\/wp\/v2\/pages\/72357\/revisions"}],"predecessor-version":[{"id":73427,"href":"https:\/\/sykli.fi\/demo\/wp-json\/wp\/v2\/pages\/72357\/revisions\/73427"}],"up":[{"embeddable":true,"href":"https:\/\/sykli.fi\/demo\/wp-json\/wp\/v2\/pages\/54655"}],"wp:featuredmedia":[{"embeddable":true,"href":"https:\/\/sykli.fi\/demo\/wp-json\/wp\/v2\/media\/63627"}],"wp:attachment":[{"href":"https:\/\/sykli.fi\/demo\/wp-json\/wp\/v2\/media?parent=72357"}],"curies":[{"name":"wp","href":"https:\/\/api.w.org\/{rel}","templated":true}]}}