{"id":71791,"date":"2025-06-02T14:40:05","date_gmt":"2025-06-02T11:40:05","guid":{"rendered":"https:\/\/sykli.fi\/?page_id=71791"},"modified":"2026-02-17T14:19:55","modified_gmt":"2026-02-17T12:19:55","slug":"syklin-sertifikaatit-ja-sitoumukset","status":"publish","type":"page","link":"https:\/\/sykli.fi\/demo\/sykli\/syklin-vastuullisuus\/syklin-sertifikaatit-ja-sitoumukset\/","title":{"rendered":"Syklin sertifikaatit ja sitoumukset"},"content":{"rendered":"\r\n<section id=\"hero-block_bb6a2c85275bbaacd9e4df2cbda1146b\" class=\"hero site-banner section-default default alignfull\">\r\n\r\n    <div class=\"site-banner-bg section-bg-image \" >\r\n\r\n        <img loading=\"lazy\" decoding=\"async\" width=\"1000\" height=\"667\" src=\"https:\/\/sykli.fi\/demo\/wp-content\/uploads\/2023\/04\/shutterstock_760733977-syklin-vastuullisuus-1.jpg\" class=\"attachment-1536\u00d71536 size-1536\u00d71536\" alt=\"Taimi mullassa.\" srcset=\"https:\/\/sykli.fi\/demo\/wp-content\/uploads\/2023\/04\/shutterstock_760733977-syklin-vastuullisuus-1.jpg 1000w, https:\/\/sykli.fi\/demo\/wp-content\/uploads\/2023\/04\/shutterstock_760733977-syklin-vastuullisuus-1-300x200.jpg 300w, https:\/\/sykli.fi\/demo\/wp-content\/uploads\/2023\/04\/shutterstock_760733977-syklin-vastuullisuus-1-768x512.jpg 768w\" sizes=\"auto, (max-width: 1000px) 100vw, 1000px\" \/>\r\n        \r\n        \r\n            <div class=\"site-banner-content container\">\r\n                <div class=\"row w-100\">\r\n                    <div class=\"col-md-12\">\r\n                        <div class=\"hero-text-overlay\">\r\n                                                                <h1 class=\"hero-title\">Syklin sertifikaatit ja sitoumukset<\/h1>\r\n                            <div class=\"inner-content\">\r\n                            <div class=\"acf-innerblocks-container\"><\/div>\r\n                        <\/div>                        <\/div>\r\n                    <\/div>\r\n                <\/div>\r\n            <\/div>\r\n\r\n        <\/section>\n\n\n<h2 class=\"wp-block-heading\">Vastuullinen ja kest\u00e4v\u00e4 ammatillinen koulutus 2030<\/h2>\n\n\n<div class=\"wp-block-image\">\n<figure class=\"alignright size-thumbnail\"><img loading=\"lazy\" decoding=\"async\" width=\"150\" height=\"150\" src=\"https:\/\/sykli.fi\/demo\/wp-content\/uploads\/2025\/06\/Kestavaa_tulevaisuutta-yhdessa-09-150x150.png\" alt=\"Kest\u00e4v\u00e4\u00e4 tulevaisuutta yhdess\u00e4 logo.\" class=\"wp-image-71835\" srcset=\"https:\/\/sykli.fi\/demo\/wp-content\/uploads\/2025\/06\/Kestavaa_tulevaisuutta-yhdessa-09-150x150.png 150w, https:\/\/sykli.fi\/demo\/wp-content\/uploads\/2025\/06\/Kestavaa_tulevaisuutta-yhdessa-09-300x300.png 300w, https:\/\/sykli.fi\/demo\/wp-content\/uploads\/2025\/06\/Kestavaa_tulevaisuutta-yhdessa-09-1022x1024.png 1022w, https:\/\/sykli.fi\/demo\/wp-content\/uploads\/2025\/06\/Kestavaa_tulevaisuutta-yhdessa-09-768x769.png 768w, https:\/\/sykli.fi\/demo\/wp-content\/uploads\/2025\/06\/Kestavaa_tulevaisuutta-yhdessa-09.png 1124w\" sizes=\"auto, (max-width: 150px) 100vw, 150px\" \/><\/figure>\n<\/div>\n\n\n<p>Sykli on sitoutunut rakentamaan kest\u00e4v\u00e4\u00e4 tulevaisuutta <a href=\"http:\/\/www.kartallaverkosto.fi\" target=\"_blank\" rel=\"noreferrer noopener\">Ammatillisen koulutuksen kest\u00e4vyystiekartan<\/a> mukaisesti.<\/p>\n\n\n\n<p>T\u00e4ll\u00e4 merkill\u00e4 osoitetaan sitoumus kest\u00e4vyystiekartan tavoitteiden ja toimenpiteiden edist\u00e4miseen ja edistymisen seurantaan.<\/p>\n\n\n\n<p><a href=\"https:\/\/sykli.fi\/demo\/sykli\/syklin-vastuullisuus\/syklin-kestavyystiekartta-2025-2030\/\" target=\"_blank\" rel=\"noreferrer noopener\">Tutustu Syklin kest\u00e4vyystiekarttaan \u00bb<\/a><\/p>\n\n\n\n<hr class=\"wp-block-separator has-alpha-channel-opacity is-style-wide\"\/>\n\n\n\n<h2 class=\"wp-block-heading\">Ekokompassi-ymp\u00e4rist\u00f6j\u00e4rjestelm\u00e4<\/h2>\n\n\n<div class=\"wp-block-image\">\n<figure class=\"alignright size-medium\"><img loading=\"lazy\" decoding=\"async\" width=\"300\" height=\"97\" src=\"https:\/\/sykli.fi\/demo\/wp-content\/uploads\/2023\/04\/Ekokompassi-300x97.png\" alt=\"Ekokompassi logo.\" class=\"wp-image-63619\" srcset=\"https:\/\/sykli.fi\/demo\/wp-content\/uploads\/2023\/04\/Ekokompassi-300x97.png 300w, https:\/\/sykli.fi\/demo\/wp-content\/uploads\/2023\/04\/Ekokompassi-768x248.png 768w, https:\/\/sykli.fi\/demo\/wp-content\/uploads\/2023\/04\/Ekokompassi.png 1001w\" sizes=\"auto, (max-width: 300px) 100vw, 300px\" \/><\/figure>\n<\/div>\n\n\n<p>Sykliss\u00e4 toimimme&nbsp;kuten&nbsp;opetamme. Syklin ymp\u00e4rist\u00f6vastuuty\u00f6t\u00e4 ohjaa&nbsp;sertifioitu&nbsp;Ekokompassi -ymp\u00e4rist\u00f6j\u00e4rjestelm\u00e4.&nbsp;<\/p>\n\n\n\n<p>Osana Ekokompassia Sykli on mm. sitoutunut edist\u00e4m\u00e4\u00e4n hankintojensa&nbsp;vastuullisuutta.&nbsp;Suosimme ymp\u00e4rist\u00f6merkittyj\u00e4, reilun kaupan&nbsp;ja&nbsp;luomutuotteita&nbsp;sek\u00e4 kotimaisuutta.&nbsp;Olemme keskitt\u00e4neet hankintoja&nbsp;ja&nbsp;kehitt\u00e4neet&nbsp;seurantaty\u00f6kaluja, jotta voimme varmistua hankintaohjeidemme toteutumisesta.&nbsp;<\/p>\n\n\n\n<p>Pohdimme aktiivisesti, kuinka saamme&nbsp;entisest\u00e4\u00e4n&nbsp;v\u00e4hennetty\u00e4 aiheuttamiemme hiilidioksidip\u00e4\u00e4st\u00f6jen m\u00e4\u00e4r\u00e4\u00e4 ja kuinka p\u00e4\u00e4st\u00f6ist\u00e4 saadaan suurin vaikuttavuus irti.&nbsp;Koulutusten, hankkeiden ja palvelujen k\u00e4denj\u00e4lkivaikutus on merkitt\u00e4v\u00e4 ja siksi p\u00e4\u00e4st\u00f6j\u00e4 on tarkasteltava suhteessa&nbsp;toimintamme laajuuteen&nbsp;ja vaikuttavuuteen.&nbsp;<\/p>\n\n\n\n<p>Matkustusohjeemme kannustaa kulkemaan julkisilla ja v\u00e4lt\u00e4mme lent\u00e4mist\u00e4.\u00a0Edist\u00e4mme vuokrakiinteist\u00f6jemme ekologista kest\u00e4vyytt\u00e4\u00a0aktiivisella\u00a0vuoropuhelulla kiinteist\u00f6nomistajien kanssa.\u00a0Luontojalanj\u00e4ljen\u00a0selvitt\u00e4minen\u00a0ja luontovaikutusten v\u00e4hent\u00e4mispolun laadinta ovat tulevia kehitystoimiamme.\u00a0<br><br><a href=\"https:\/\/sykli.fi\/demo\/wp-content\/uploads\/2026\/02\/Ekokompassi-sertifikaatti-Sykli-2026.pdf\" target=\"_blank\" rel=\"noreferrer noopener\">Syklin Ekokompassi-ymp\u00e4rist\u00f6j\u00e4rjestelm\u00e4n sertifikaatti \u00bb<\/a><\/p>\n\n\n\n<hr class=\"wp-block-separator has-alpha-channel-opacity is-style-wide\"\/>\n\n\n\n<h2 class=\"wp-block-heading\">Oppilaitosten kest\u00e4v\u00e4n kehityksen sertifikaatti<\/h2>\n\n\n<div class=\"wp-block-image\">\n<figure class=\"alignright size-medium\"><img loading=\"lazy\" decoding=\"async\" width=\"300\" height=\"184\" src=\"https:\/\/sykli.fi\/demo\/wp-content\/uploads\/2023\/03\/MicrosoftTeams-image-1-300x184.jpg\" alt=\"Kest\u00e4v\u00e4n kehityksen sertifioitu oppilaitos logo.\" class=\"wp-image-63261\" srcset=\"https:\/\/sykli.fi\/demo\/wp-content\/uploads\/2023\/03\/MicrosoftTeams-image-1-300x184.jpg 300w, https:\/\/sykli.fi\/demo\/wp-content\/uploads\/2023\/03\/MicrosoftTeams-image-1-1024x630.jpg 1024w, https:\/\/sykli.fi\/demo\/wp-content\/uploads\/2023\/03\/MicrosoftTeams-image-1-768x472.jpg 768w, https:\/\/sykli.fi\/demo\/wp-content\/uploads\/2023\/03\/MicrosoftTeams-image-1.jpg 1166w\" sizes=\"auto, (max-width: 300px) 100vw, 300px\" \/><\/figure>\n<\/div>\n\n\n<p>Syklille my\u00f6nnettiin Oppilaitosten kest\u00e4v\u00e4n kehityksen sertifikaatti 20-vuotisjuhlassamme marraskuussa 2022. Sertifikaattia my\u00f6nt\u00e4\u00e4 <a href=\"https:\/\/koulujaymparisto.fi\/\" target=\"_blank\" rel=\"noreferrer noopener\">OKKA-s\u00e4\u00e4ti\u00f6 eli Opetus-, kasvatus- ja koulutusalojen s\u00e4\u00e4ti\u00f6.<\/a> Sertifiointi on meille erityinen, sill\u00e4 <a href=\"https:\/\/sykli.fi\/demo\/syklin-20-vuotinen-matka-oppilaitosten-kestavan-kehityksen-edistajana\/\" target=\"_blank\" rel=\"noreferrer noopener\">olimme mukana kehitt\u00e4m\u00e4ss\u00e4 OKKA-sertifikaattia sen alkumetreill\u00e4<\/a>.<\/p>\n\n\n\n<p>Toteutimme sertifikaatin edellytt\u00e4m\u00e4n 3-vuotisen kehitt\u00e4missuunnitelman toimenpiteet suunnitellusti ja uusimme sertifikaatin 2025. <a href=\"https:\/\/sykli.fi\/demo\/sykli-yhteiskuntaa-uudistavalla-tasolla-kestavan-kehityksen-sertifikaatti-uusittu\/\" target=\"_blank\" rel=\"noreferrer noopener\">Lue lis\u00e4\u00e4<\/a> auditoijan havainnoista, miten ty\u00f6mme on edennyt.<\/p>\n\n\n\n<p>Uusintasertifioinnin edellytt\u00e4m\u00e4 itsearviointi ja tulevaisuusty\u00f6skentely olivat meille erinomainen keskusteluareena, jota hy\u00f6dynsimme my\u00f6s samaan aikaan tapahtuvassa <a href=\"https:\/\/sykli.fi\/demo\/sykli\/syklin-vastuullisuus\/syklin-kestavyystiekartta-2025-2030\/\" target=\"_blank\" rel=\"noreferrer noopener\">kest\u00e4vyystiekartan 2025-2030<\/a> laadinnassa.<\/p>\n\n\n\n<p>Tiekartta on pidemm\u00e4n aikav\u00e4lin kokonaisuus, jossa p\u00e4\u00e4m\u00e4\u00e4r\u00e4mme ovat kest\u00e4vyyssiirtym\u00e4n mahdollistava koulutus, vaikuttava k\u00e4denj\u00e4lki ja vastuullinen toimintakulttuuri\u200b. Se on aikataulutettu kolmeen aikaikkunaan: yhden, kolmen ja kuuden vuoden ajanjaksoihin. Vuosille 2025-2027 ajoittuva ensimm\u00e4inen kolmivuotisjakso on k\u00e4yt\u00e4nn\u00f6ss\u00e4 OKKA- ja Ekokompassi-sertifikaattiemme edellytt\u00e4m\u00e4 toimintasuunnitelma.<\/p>\n\n\n\n<p>Kest\u00e4vyysty\u00f6mme onkin nyt organisoitu yhdeksi, entist\u00e4 toimivammaksi kokonaisuudeksi, jota on helpompi johtaa ja varmistaa sen eteneminen. Ty\u00f6n ytimess\u00e4 ovat opetus, toimintakulttuuri ja johtaminen &#8211; OKKA-sertifikaatin mukaiset kest\u00e4vyyden kehitt\u00e4misen kokonaisuudet.<\/p>\n\n\n\n<hr class=\"wp-block-separator has-alpha-channel-opacity is-style-wide\"\/>\n\n\n\n<h2 class=\"wp-block-heading\">SDG Accord: kest\u00e4v\u00e4n kehityksen sitoumus<\/h2>\n\n\n<div class=\"wp-block-image\">\n<figure class=\"alignright size-medium\"><img loading=\"lazy\" decoding=\"async\" width=\"300\" height=\"87\" src=\"https:\/\/sykli.fi\/demo\/wp-content\/uploads\/2023\/03\/SDG-LOGO.jpg-high-res-for-web-300x87.jpg\" alt=\"The SDG Accord logo.\" class=\"wp-image-63294\" srcset=\"https:\/\/sykli.fi\/demo\/wp-content\/uploads\/2023\/03\/SDG-LOGO.jpg-high-res-for-web-300x87.jpg 300w, https:\/\/sykli.fi\/demo\/wp-content\/uploads\/2023\/03\/SDG-LOGO.jpg-high-res-for-web-1024x297.jpg 1024w, https:\/\/sykli.fi\/demo\/wp-content\/uploads\/2023\/03\/SDG-LOGO.jpg-high-res-for-web-768x223.jpg 768w, https:\/\/sykli.fi\/demo\/wp-content\/uploads\/2023\/03\/SDG-LOGO.jpg-high-res-for-web-1536x446.jpg 1536w, https:\/\/sykli.fi\/demo\/wp-content\/uploads\/2023\/03\/SDG-LOGO.jpg-high-res-for-web-2048x594.jpg 2048w\" sizes=\"auto, (max-width: 300px) 100vw, 300px\" \/><\/figure>\n<\/div>\n\n\n<p>Sykli on ensimm\u00e4inen suomalainen ammatillinen oppilaitos, joka on allekirjoittanut SDG Accordin, kansainv\u00e4lisen oppilaitoksille suunnatun kest\u00e4v\u00e4n kehityksen sitoumuksen. N\u00e4m\u00e4 t\u00e4rke\u00e4t tavoitteet tulevat n\u00e4kym\u00e4\u00e4n toiminnassamme jatkossa entist\u00e4 vahvemmin, alkaen henkil\u00f6st\u00f6n koulutuksesta aina jokaiseen koulutusp\u00e4iv\u00e4\u00e4n ja toiminnan suunnitteluun.&nbsp;<\/p>\n\n\n\n<p><a href=\"https:\/\/sykli.fi\/demo\/sdg-accord-edistymisraportti-2025-on-julkaistu-ammattilaisen-kadenjalki-verkkokurssialusta-sai-kunnian-toimia-tapausesimerkkina\/\" target=\"_blank\" rel=\"noreferrer noopener\">SDG Accord -edistymisraportti 2025 on julkaistu: Ammattilaisen k\u00e4denj\u00e4lki -verkkokurssialusta sai kunnian toimia tapausesimerkkin\u00e4 &gt;&gt;<\/a><\/p>\n\n\n\n<hr class=\"wp-block-separator has-alpha-channel-opacity is-style-wide\"\/>\n\n\n\n<h2 class=\"wp-block-heading\">Tutustu my\u00f6s<\/h2>\n\n\n<div class=\"page-linkbox-block alignfull\">\r\n    <div class=\"container\">\r\n        <div class=\"acf-innerblocks-container\">\n\r\n<div class=\"page-linkbox has-turquoise-background-color \">\r\n    <img loading=\"lazy\" decoding=\"async\" width=\"800\" height=\"450\" src=\"https:\/\/sykli.fi\/demo\/wp-content\/uploads\/2025\/06\/SDG-Flag-Day-1.jpg\" class=\"attachment-large size-large\" alt=\"\" srcset=\"https:\/\/sykli.fi\/demo\/wp-content\/uploads\/2025\/06\/SDG-Flag-Day-1.jpg 800w, https:\/\/sykli.fi\/demo\/wp-content\/uploads\/2025\/06\/SDG-Flag-Day-1-300x169.jpg 300w, https:\/\/sykli.fi\/demo\/wp-content\/uploads\/2025\/06\/SDG-Flag-Day-1-768x432.jpg 768w\" sizes=\"auto, (max-width: 800px) 100vw, 800px\" \/>    <a  href=\" https:\/\/sykli.fi\/demo\/sykli\/syklin-vastuullisuus\/syklin-sdg-tavoitteet\/\" >\r\n        <h2>Syklin SDG-tavoitteet<\/h2>\r\n\r\n        \r\n    <\/a>\r\n\r\n<\/div>\n\n\r\n<div class=\"page-linkbox has-turquoise-background-color \">\r\n    <img loading=\"lazy\" decoding=\"async\" width=\"800\" height=\"449\" src=\"https:\/\/sykli.fi\/demo\/wp-content\/uploads\/2023\/04\/shutterstock_1029299632.jpg\" class=\"attachment-large size-large\" alt=\"Tikapuut.\" srcset=\"https:\/\/sykli.fi\/demo\/wp-content\/uploads\/2023\/04\/shutterstock_1029299632.jpg 1000w, https:\/\/sykli.fi\/demo\/wp-content\/uploads\/2023\/04\/shutterstock_1029299632-300x168.jpg 300w, https:\/\/sykli.fi\/demo\/wp-content\/uploads\/2023\/04\/shutterstock_1029299632-768x431.jpg 768w\" sizes=\"auto, (max-width: 800px) 100vw, 800px\" \/>    <a  href=\" https:\/\/sykli.fi\/demo\/sykli\/syklin-vastuullisuus\/syklin-vastuullisuustyon-aikajana\/\" >\r\n        <h2>Syklin vastuullisuusty\u00f6n aikajana<\/h2>\r\n\r\n        \r\n    <\/a>\r\n\r\n<\/div>\n\n\r\n<div class=\"page-linkbox has-turquoise-background-color \">\r\n    <img loading=\"lazy\" decoding=\"async\" width=\"800\" height=\"532\" src=\"https:\/\/sykli.fi\/demo\/wp-content\/uploads\/2023\/04\/shutterstock_199054478-tyopaikkaohjaajalle.jpg\" class=\"attachment-large size-large\" alt=\"Kyltit mets\u00e4ss\u00e4.\" srcset=\"https:\/\/sykli.fi\/demo\/wp-content\/uploads\/2023\/04\/shutterstock_199054478-tyopaikkaohjaajalle.jpg 1000w, https:\/\/sykli.fi\/demo\/wp-content\/uploads\/2023\/04\/shutterstock_199054478-tyopaikkaohjaajalle-300x200.jpg 300w, https:\/\/sykli.fi\/demo\/wp-content\/uploads\/2023\/04\/shutterstock_199054478-tyopaikkaohjaajalle-768x511.jpg 768w\" sizes=\"auto, (max-width: 800px) 100vw, 800px\" \/>    <a  href=\" https:\/\/sykli.fi\/demo\/sykli\/syklin-vastuullisuus\/syklin-kestavyystiekartta-2025-2030\/\" >\r\n        <h2>Syklin kest\u00e4vyystiekartta 2025-2030<\/h2>\r\n\r\n        \r\n    <\/a>\r\n\r\n<\/div>\n<\/div>\r\n\r\n    <\/div>\r\n<\/div>","protected":false},"excerpt":{"rendered":"<p>Vastuullinen ja kest\u00e4v\u00e4 ammatillinen koulutus 2030 Sykli on sitoutunut rakentamaan kest\u00e4v\u00e4\u00e4 tulevaisuutta Ammatillisen koulutuksen kest\u00e4vyystiekartan mukaisesti. T\u00e4ll\u00e4 merkill\u00e4 osoitetaan sitoumus [&hellip;]<\/p>\n","protected":false},"author":11,"featured_media":63710,"parent":1631,"menu_order":0,"comment_status":"closed","ping_status":"closed","template":"","meta":{"_acf_changed":false,"footnotes":""},"class_list":["post-71791","page","type-page","status-publish","has-post-thumbnail","hentry"],"acf":[],"_links":{"self":[{"href":"https:\/\/sykli.fi\/demo\/wp-json\/wp\/v2\/pages\/71791","targetHints":{"allow":["GET"]}}],"collection":[{"href":"https:\/\/sykli.fi\/demo\/wp-json\/wp\/v2\/pages"}],"about":[{"href":"https:\/\/sykli.fi\/demo\/wp-json\/wp\/v2\/types\/page"}],"author":[{"embeddable":true,"href":"https:\/\/sykli.fi\/demo\/wp-json\/wp\/v2\/users\/11"}],"replies":[{"embeddable":true,"href":"https:\/\/sykli.fi\/demo\/wp-json\/wp\/v2\/comments?post=71791"}],"version-history":[{"count":9,"href":"https:\/\/sykli.fi\/demo\/wp-json\/wp\/v2\/pages\/71791\/revisions"}],"predecessor-version":[{"id":73662,"href":"https:\/\/sykli.fi\/demo\/wp-json\/wp\/v2\/pages\/71791\/revisions\/73662"}],"up":[{"embeddable":true,"href":"https:\/\/sykli.fi\/demo\/wp-json\/wp\/v2\/pages\/1631"}],"wp:featuredmedia":[{"embeddable":true,"href":"https:\/\/sykli.fi\/demo\/wp-json\/wp\/v2\/media\/63710"}],"wp:attachment":[{"href":"https:\/\/sykli.fi\/demo\/wp-json\/wp\/v2\/media?parent=71791"}],"curies":[{"name":"wp","href":"https:\/\/api.w.org\/{rel}","templated":true}]}}