{"id":68734,"date":"2024-06-18T13:37:27","date_gmt":"2024-06-18T10:37:27","guid":{"rendered":"https:\/\/sykli.fi\/?page_id=68734"},"modified":"2025-11-28T13:51:49","modified_gmt":"2025-11-28T11:51:49","slug":"ymparistoalan-kehittamishankeen-toteuttaminen","status":"publish","type":"page","link":"https:\/\/sykli.fi\/demo\/hakijalle\/ymparistoalan-erikoisammattitutkinto\/tutkinnon-osien-koulutukset\/ymparistoalan-kehittamishankeen-toteuttaminen\/","title":{"rendered":"Ymp\u00e4rist\u00f6alan kehitt\u00e4mishankkeen toteuttaminen"},"content":{"rendered":"\r\n<section id=\"hero-block_4aa69556799707b63a05e72eb7b5f810\" class=\"hero site-banner section-default default alignfull\">\r\n\r\n    <div class=\"site-banner-bg section-bg-image \" >\r\n\r\n        <img loading=\"lazy\" decoding=\"async\" width=\"1000\" height=\"665\" src=\"https:\/\/sykli.fi\/demo\/wp-content\/uploads\/2023\/04\/shutterstock_199054478-tyopaikkaohjaajalle.jpg\" class=\"attachment-1536\u00d71536 size-1536\u00d71536\" alt=\"Kyltit mets\u00e4ss\u00e4.\" srcset=\"https:\/\/sykli.fi\/demo\/wp-content\/uploads\/2023\/04\/shutterstock_199054478-tyopaikkaohjaajalle.jpg 1000w, https:\/\/sykli.fi\/demo\/wp-content\/uploads\/2023\/04\/shutterstock_199054478-tyopaikkaohjaajalle-300x200.jpg 300w, https:\/\/sykli.fi\/demo\/wp-content\/uploads\/2023\/04\/shutterstock_199054478-tyopaikkaohjaajalle-768x511.jpg 768w\" sizes=\"auto, (max-width: 1000px) 100vw, 1000px\" \/>\r\n        \r\n        \r\n            <div class=\"site-banner-content container\">\r\n                <div class=\"row w-100\">\r\n                    <div class=\"col-md-12\">\r\n                        <div class=\"hero-text-overlay\">\r\n                                                                <h1 class=\"hero-title\">Ymp\u00e4rist\u00f6alan kehitt\u00e4mishankkeen toteuttaminen<\/h1>\r\n                            <div class=\"inner-content\">\r\n                            <div class=\"acf-innerblocks-container\">\n\n<p>Tutkinnon osan koulutus<\/p>\n\n<\/div>\r\n                        <\/div>                        <\/div>\r\n                    <\/div>\r\n                <\/div>\r\n            <\/div>\r\n\r\n        <\/section>\n\n\n<p>Koulutuksessa teet kehitt\u00e4mishankkeen omaan organisaatioosi tai muuhun yhteisty\u00f6organisaatioon. Hankkeen suunnittelun ja toteutuksen punaisena lankana toimii kest\u00e4vyysn\u00e4k\u00f6kulmat, jotka opiskelijan tulee ottaa huomioon hanketta toteuttaessaan.<\/p>\n\n\n\n<p>Koulutuksen aikana suunnittelet ja organisoit ymp\u00e4rist\u00f6alan kehitt\u00e4mishankkeen yhdess\u00e4 organisaation sidosryhmien kanssa. Havaitset ja toteutat k\u00e4yt\u00e4nn\u00f6llisi\u00e4 kehitt\u00e4miskohteita, minimoiden riskej\u00e4 ja asettaen selke\u00e4t tavoitteet. K\u00e4ynnist\u00e4t hankkeen yhteisty\u00f6ss\u00e4 tarvittavien tahojen kanssa, asetat mitattavissa olevat tavoitteet ja toteutat hankkeen yhdess\u00e4 muiden toimijoiden kanssa. Seuraat tavoitteiden toteutumista ja resurssien k\u00e4ytt\u00f6\u00e4, teet tarvittaessa muutoksia ja arvioit omaa toimintaasi. Dokumentoit hankkeen vaiheet ja viestit niist\u00e4 selke\u00e4sti. Arvioit hankkeen tulokset ja viet ne k\u00e4yt\u00e4nt\u00f6\u00f6n, ja opastat henkil\u00f6st\u00f6\u00e4 uusiin k\u00e4yt\u00e4nt\u00f6ihin ja seuraat muutosten vaikutuksia.&nbsp;<\/p>\n\n\n\n<p><strong>Osaamislupauksemme:<\/strong><\/p>\n\n\n\n<ul class=\"wp-block-list\">\n<li>Opiskelija osaa suunnitella ja toteuttaa kehitt\u00e4mishankkeen, joka rakentaa kest\u00e4v\u00e4\u00e4 tulevaisuutta<\/li>\n\n\n\n<li>Opiskelija osaa kriittisesti tarkastella kehitt\u00e4mishankkeen tavoitteiden ja toteutustapojen kest\u00e4vyytt\u00e4<\/li>\n\n\n\n<li>Opiskelija osaa arvioida hankkeen tuloksien vaikuttavuutta yleisesti ja kest\u00e4vyyden n\u00e4k\u00f6kulmasta ja toimia tulosten levitt\u00e4miseksi.<br><\/li>\n<\/ul>\n\n\n\n<p><strong>Koulutuksen sis\u00e4lt\u00f6:<\/strong><\/p>\n\n\n\n<p>Koulutus sis\u00e4lt\u00e4\u00e4 verkkokurssin, kaksi vuorovaikutteista verkko-opetusp\u00e4iv\u00e4\u00e4 sek\u00e4 kurssin suorittamiseen ohjaavan teht\u00e4v\u00e4klinikan.&nbsp;Ymp\u00e4rist\u00f6alan kehitt\u00e4mishankkeen toteuttaminen -verkkokurssi l\u00f6ytyy Ammattilaisen K\u00e4denj\u00e4lki -alustalta.<\/p>\n\n\n\n<ul class=\"wp-block-list\">\n<li>Kehitt\u00e4mishankkeen suunnittelu kest\u00e4v\u00e4ll\u00e4 tavalla -verkko-opetusp\u00e4iv\u00e4 3,5 h<\/li>\n\n\n\n<li>Kehitt\u00e4mishankkeen toteutus kest\u00e4v\u00e4ll\u00e4 tavalla -verkko-opetusp\u00e4iv\u00e4 3,5 h<\/li>\n\n\n\n<li>Teht\u00e4v\u00e4klinikka teemalla: \u201dHankesuunnitelma ja loppuraportti\u201d&nbsp;<em>(tutkinnon osan suorittajille)<\/em><br><\/li>\n<\/ul>\n\n\n\n<p><strong>Tietoa Ymp\u00e4rist\u00f6alan kehitt\u00e4mishankkeen toteuttaminen -tutkinnon osan suorittamisesta&nbsp;<\/strong><\/p>\n\n\n\n<p>T\u00e4h\u00e4n koulutukseen osallistuneilla on mahdollisuus osoittaa osaaminen n\u00e4yt\u00f6ss\u00e4 ja suorittaa Ymp\u00e4rist\u00f6alan erikoisammattitutkinnon tutkinnon osa nimelt\u00e4 Ymp\u00e4rist\u00f6alan kehitt\u00e4mishankkeen toteuttaminen. Tutkinnon osan laajuus on 40 osaamispistett\u00e4. Mik\u00e4li et viel\u00e4 ole tutkinto-opiskelijana Sykliss\u00e4 ja haluat suorittaa t\u00e4m\u00e4n tutkinnon osan, ilmoittaudu koulutukseen valitsemalla ilmoittautumisvaihtoehto \u201cOsallistun koulutukseen ja haluan samalla ilmoittautua Syklin opiskelijaksi&#8221;.<\/p>\n\n\n\n<p>Opiskelija osoittaa ammattitaitonsa n\u00e4yt\u00f6ss\u00e4 toimimalla ymp\u00e4rist\u00f6alan k\u00e4yt\u00e4nn\u00f6n ty\u00f6teht\u00e4viss\u00e4. Silt\u00e4 osin kuin tutkinnon osassa vaadittua ammattitaitoa ei voida arvioida n\u00e4yt\u00f6n perusteella, ammattitaidon osoittamista t\u00e4ydennet\u00e4\u00e4n yksil\u00f6llisesti muilla tavoin.&nbsp;<\/p>\n\n\n\n<p>Tutustu Ymp\u00e4rist\u00f6alan erikoisammattitutkinnon tutkinnonperusteisiin ja \u201cYmp\u00e4rist\u00f6alan kehitt\u00e4mishankkeen toteuttaminen\u201d -tutkinnon osan vaatimuksiin tarkemmin&nbsp;<a href=\"https:\/\/eperusteet.opintopolku.fi\/#\/fi\/ammatillinen\/3792067\/tutkinnonosat\/3814449\" target=\"_blank\" rel=\"noreferrer noopener\">opintopolun ePerusteissa<\/a>.&nbsp;<\/p>\n\n\n\n<hr class=\"wp-block-separator has-alpha-channel-opacity is-style-wide\"\/>\n\n\n\n<h3 class=\"wp-block-heading\">Ilmoittaudu koulutuksiin<\/h3>\n\n\n\n<p><a href=\"https:\/\/ssl.eventilla.com\/ymparistoalankehittamishankkeen-toteuttaminen-helmikuu2026\" target=\"_blank\" rel=\"noreferrer noopener\">Ymp\u00e4rist\u00f6alan kehitt\u00e4mishankkeen toteuttaminen, helmikuu 2026<\/a><\/p>\n\n\n\n<p><a href=\"https:\/\/ssl.eventilla.com\/ymparistoalankehittamishankkeen-toteuttaminen-syyskuu2026\">Ymp\u00e4rist\u00f6alan kehitt\u00e4mishankkeen toteuttaminen, syyskuu 2026<\/a><\/p>\n\n\n\n<p><a href=\"https:\/\/ssl.eventilla.com\/ymparistoalankehittamishankkeen-toteuttaminen-marraskuu2026\" target=\"_blank\" rel=\"noreferrer noopener\">Ymp\u00e4rist\u00f6alan kehitt\u00e4mishankkeen toteuttaminen, marraskuu 2026<\/a><\/p>\n\n\n\n<hr class=\"wp-block-separator has-alpha-channel-opacity is-style-wide\"\/>\n\n\n<h2>Kysy lis\u00e4\u00e4<\/h2>\r\n<div class=\"row\">\r\n                                <div class=\"col-md-6\">\r\n                    <div class=\"staff-box\">\r\n                        <div class=\"row\">\r\n                            <div class=\"col-4\">\r\n                                <img loading=\"lazy\" decoding=\"async\" width=\"150\" height=\"250\" src=\"https:\/\/sykli.fi\/demo\/wp-content\/uploads\/2022\/09\/riku-mustonen-2022-nettisivuille-mv.jpg\" class=\"attachment-post-thumbnail size-post-thumbnail wp-post-image\" alt=\"\" \/>                            <\/div>\r\n                            <div class=\"col-8\">\r\n                                <h3>Riku Mustonen<\/h3>\r\n                                Asiakkuusvastaava, Ammattilaisen k\u00e4denj\u00e4lki                                <ul>\r\n                                    <li><svg xmlns=\"http:\/\/www.w3.org\/2000\/svg\" width=\"16\" height=\"16\" fill=\"currentColor\" class=\"bi bi-telephone-fill\" viewBox=\"0 0 16 16\">\r\n                                <path fill-rule=\"evenodd\" d=\"M1.885.511a1.745 1.745 0 0 1 2.61.163L6.29 2.98c.329.423.445.974.315 1.494l-.547 2.19a.678.678 0 0 0 .178.643l2.457 2.457a.678.678 0 0 0 .644.178l2.189-.547a1.745 1.745 0 0 1 1.494.315l2.306 1.794c.829.645.905 1.87.163 2.611l-1.034 1.034c-.74.74-1.846 1.065-2.877.702a18.634 18.634 0 0 1-7.01-4.42 18.634 18.634 0 0 1-4.42-7.009c-.362-1.03-.037-2.137.703-2.877L1.885.511z\"\/>\r\n                              <\/svg> <a href=\"tel:+358503212913\">050 321 2913<\/a><\/li><li><svg xmlns=\"http:\/\/www.w3.org\/2000\/svg\" width=\"16\" height=\"16\" fill=\"currentColor\" class=\"bi bi-envelope-fill\" viewBox=\"0 0 16 16\">\r\n                                <path d=\"M.05 3.555A2 2 0 0 1 2 2h12a2 2 0 0 1 1.95 1.555L8 8.414.05 3.555ZM0 4.697v7.104l5.803-3.558L0 4.697ZM6.761 8.83l-6.57 4.027A2 2 0 0 0 2 14h12a2 2 0 0 0 1.808-1.144l-6.57-4.027L8 9.586l-1.239-.757Zm3.436-.586L16 11.801V4.697l-5.803 3.546Z\"\/>\r\n                              <\/svg> <a href=\"mailto:riku.mustonen@sykli.fi\">riku.mustonen@sykli.fi<\/a><\/li>                                <\/ul>\r\n                            <\/div>\r\n                        <\/div>\r\n                    <\/div>\r\n                <\/div>\r\n    <\/div>","protected":false},"excerpt":{"rendered":"<p>Koulutuksessa teet kehitt\u00e4mishankkeen omaan organisaatioosi tai muuhun yhteisty\u00f6organisaatioon. Hankkeen suunnittelun ja toteutuksen punaisena lankana toimii kest\u00e4vyysn\u00e4k\u00f6kulmat, jotka opiskelijan tulee ottaa [&hellip;]<\/p>\n","protected":false},"author":7,"featured_media":63638,"parent":66636,"menu_order":0,"comment_status":"closed","ping_status":"closed","template":"","meta":{"_acf_changed":false,"footnotes":""},"class_list":["post-68734","page","type-page","status-publish","has-post-thumbnail","hentry"],"acf":[],"_links":{"self":[{"href":"https:\/\/sykli.fi\/demo\/wp-json\/wp\/v2\/pages\/68734","targetHints":{"allow":["GET"]}}],"collection":[{"href":"https:\/\/sykli.fi\/demo\/wp-json\/wp\/v2\/pages"}],"about":[{"href":"https:\/\/sykli.fi\/demo\/wp-json\/wp\/v2\/types\/page"}],"author":[{"embeddable":true,"href":"https:\/\/sykli.fi\/demo\/wp-json\/wp\/v2\/users\/7"}],"replies":[{"embeddable":true,"href":"https:\/\/sykli.fi\/demo\/wp-json\/wp\/v2\/comments?post=68734"}],"version-history":[{"count":10,"href":"https:\/\/sykli.fi\/demo\/wp-json\/wp\/v2\/pages\/68734\/revisions"}],"predecessor-version":[{"id":73131,"href":"https:\/\/sykli.fi\/demo\/wp-json\/wp\/v2\/pages\/68734\/revisions\/73131"}],"up":[{"embeddable":true,"href":"https:\/\/sykli.fi\/demo\/wp-json\/wp\/v2\/pages\/66636"}],"wp:featuredmedia":[{"embeddable":true,"href":"https:\/\/sykli.fi\/demo\/wp-json\/wp\/v2\/media\/63638"}],"wp:attachment":[{"href":"https:\/\/sykli.fi\/demo\/wp-json\/wp\/v2\/media?parent=68734"}],"curies":[{"name":"wp","href":"https:\/\/api.w.org\/{rel}","templated":true}]}}