{"id":65574,"date":"2023-11-01T13:32:23","date_gmt":"2023-11-01T11:32:23","guid":{"rendered":"https:\/\/sykli.fi\/?page_id=65574"},"modified":"2025-05-23T14:01:31","modified_gmt":"2025-05-23T11:01:31","slug":"turvallisemman-tilan-ohjeistus","status":"publish","type":"page","link":"https:\/\/sykli.fi\/demo\/sykli\/syklin-saavutettavuus\/turvallisemman-tilan-ohjeistus\/","title":{"rendered":"Turvallisemman tilan ohjeistus"},"content":{"rendered":"\r\n<section id=\"hero-block_bab701c86e6dde2f347e292eab014c6e\" class=\"hero site-banner section-default default alignfull\">\r\n\r\n    <div class=\"site-banner-bg section-bg-image \" >\r\n\r\n        <img loading=\"lazy\" decoding=\"async\" width=\"1000\" height=\"676\" src=\"https:\/\/sykli.fi\/demo\/wp-content\/uploads\/2023\/04\/shutterstock_306243440-SYKLI.jpg\" class=\"attachment-1536\u00d71536 size-1536\u00d71536\" alt=\"Koivun lehti\u00e4.\" srcset=\"https:\/\/sykli.fi\/demo\/wp-content\/uploads\/2023\/04\/shutterstock_306243440-SYKLI.jpg 1000w, https:\/\/sykli.fi\/demo\/wp-content\/uploads\/2023\/04\/shutterstock_306243440-SYKLI-300x203.jpg 300w, https:\/\/sykli.fi\/demo\/wp-content\/uploads\/2023\/04\/shutterstock_306243440-SYKLI-768x519.jpg 768w\" sizes=\"auto, (max-width: 1000px) 100vw, 1000px\" \/>\r\n        \r\n        \r\n            <div class=\"site-banner-content container\">\r\n                <div class=\"row w-100\">\r\n                    <div class=\"col-md-12\">\r\n                        <div class=\"hero-text-overlay\">\r\n                                                                <h1 class=\"hero-title\">Turvallisemman tilan ohjeistus<\/h1>\r\n                            <div class=\"inner-content\">\r\n                            <div class=\"acf-innerblocks-container\"><\/div>\r\n                        <\/div>                        <\/div>\r\n                    <\/div>\r\n                <\/div>\r\n            <\/div>\r\n\r\n        <\/section>\n\n\n<p><strong>Kuuntele&nbsp;ja&nbsp;opi&nbsp;<\/strong>\u200b<\/p>\n\n\n\n<p>Sykliss\u00e4&nbsp;haluamme&nbsp;aktiivisesti&nbsp;kasvaa&nbsp;yh\u00e4&nbsp;paremmaksi&nbsp;oppivaksi&nbsp;yhteis\u00f6ksi<em>.&nbsp;<\/em>Meill\u00e4&nbsp;opiskelu&nbsp;pohjautuu&nbsp;pitk\u00e4lti jatkuvalle&nbsp;oppimiselle&nbsp;ja&nbsp;vuorovaikutukselle&nbsp;sek\u00e4&nbsp;vertaisuudelle.&nbsp;<\/p>\n\n\n\n<ul class=\"wp-block-list\">\n<li>Ota&nbsp;jokainen&nbsp;vastaantuleva&nbsp;ihminen,&nbsp;asia&nbsp;ja&nbsp;tilanne&nbsp;mahdollisuutena&nbsp;oppia&nbsp;uutta&nbsp;ja&nbsp;kehitty\u00e4.<\/li>\n\n\n\n<li>Ole&nbsp;avoin&nbsp;sinulle&nbsp;annetulle&nbsp;palautteelle&nbsp;ja&nbsp;pyri&nbsp;muokkaamaan&nbsp;toimintaasi&nbsp;sen&nbsp;perusteella.&nbsp;<\/li>\n\n\n\n<li>K\u00e4yt\u00e4&nbsp;kielt\u00e4,&nbsp;joka&nbsp;on&nbsp;ymm\u00e4rrett\u00e4v\u00e4\u00e4&nbsp;my\u00f6s&nbsp;oman&nbsp;viiteryhm\u00e4n&nbsp;ulkopuolisille.\u200b<\/li>\n<\/ul>\n\n\n\n<p><strong>Tunnista&nbsp;tekem\u00e4si&nbsp;oletukset&nbsp;&nbsp;<\/strong>\u200b<\/p>\n\n\n\n<ul class=\"wp-block-list\">\n<li>Kunnioita&nbsp;jokaisen&nbsp;itsem\u00e4\u00e4rittelyoikeutta.&nbsp;<\/li>\n\n\n\n<li>Pyri&nbsp;siihen,&nbsp;ettet&nbsp;oleta&nbsp;esimerkiksi&nbsp;toisten&nbsp;sukupuolta,&nbsp;taustaa,&nbsp;mielipiteit\u00e4&nbsp;tai&nbsp;<br>toimintakyky\u00e4.&nbsp;<\/li>\n\n\n\n<li>Kiinnit\u00e4&nbsp;huomiota&nbsp;sanavalintoihisi&nbsp;ja&nbsp;tiedosta&nbsp;ihmisten&nbsp;moninaisuus.&nbsp;\u200b<\/li>\n<\/ul>\n\n\n\n<p><strong>Anna ja tee&nbsp;tilaa&nbsp;<\/strong>\u200b<\/p>\n\n\n\n<ul class=\"wp-block-list\">\n<li>Tunnista,&nbsp;millaisessa&nbsp;roolissa&nbsp;ja&nbsp;asemassa&nbsp;olet&nbsp;eri&nbsp;tilanteissa.<\/li>\n\n\n\n<li>Ole aktiivisesti&nbsp;l\u00e4sn\u00e4&nbsp;ja&nbsp;mahdollista&nbsp;omalla&nbsp;toiminnallasi&nbsp;my\u00f6s&nbsp;muiden&nbsp;osallistuminen.&nbsp;<\/li>\n\n\n\n<li>Kunnioita&nbsp;muiden&nbsp;rajoja.&nbsp;Kysy,&nbsp;jos olet&nbsp;ep\u00e4varma. <\/li>\n\n\n\n<li>Ota&nbsp;vastuu&nbsp;omasta&nbsp;toiminnastasi. <\/li>\n\n\n\n<li>Ei&nbsp;tarkoittaa&nbsp;ei.\u200b<\/li>\n<\/ul>\n\n\n\n<p><strong>Toimi<\/strong>&nbsp;\u200b<\/p>\n\n\n\n<ul class=\"wp-block-list\">\n<li>Jos n\u00e4et tai kuulet h\u00e4irint\u00e4\u00e4, syrjint\u00e4\u00e4 tai&nbsp;muuta ep\u00e4asiallista kohtelua, puutu siihen itsellesi sopivalla tavalla.&nbsp;Puuttumalla toimit my\u00f6s esimerkkin\u00e4 toisille.&nbsp;<\/li>\n\n\n\n<li>Kerro havaitsemastasi kiusaamisesta tai syrjinn\u00e4st\u00e4 Syklin&nbsp;kouluttajalle tai muulle henkil\u00f6st\u00f6lle, joiden velvollisuus on puuttua tilanteeseen ja vied\u00e4 asia eteenp\u00e4in&nbsp;k\u00e4sitelt\u00e4v\u00e4ksi. <\/li>\n\n\n\n<li>Voit my\u00f6s tarvittaessa k\u00e4ytt\u00e4\u00e4&nbsp;<a href=\"https:\/\/eur02.safelinks.protection.outlook.com\/?url=https%3A%2F%2Fsykli.fi%2Fdemo%2Fyhteys%2Fpalaute%2F&amp;data=05%7C01%7C%7C0944a7bb146c44fac09d08dbc58c81e5%7Cba786a811f15494e8af9b6050456db10%7C0%7C0%7C638320979507931931%7CUnknown%7CTWFpbGZsb3d8eyJWIjoiMC4wLjAwMDAiLCJQIjoiV2luMzIiLCJBTiI6Ik1haWwiLCJXVCI6Mn0%3D%7C3000%7C%7C%7C&amp;sdata=6aeYxeJZXhUGt3eft61u5cpCg3zlBPs3bKX4ZMdZHKM%3D&amp;reserved=0\" target=\"_blank\" rel=\"noreferrer noopener\">palautelomaketta<\/a>&nbsp;tai&nbsp;<a href=\"https:\/\/eur02.safelinks.protection.outlook.com\/?url=https%3A%2F%2Fsykli.fi%2Fdemo%2Fyhteys%2Filmoituskanava%2F&amp;data=05%7C01%7C%7C0944a7bb146c44fac09d08dbc58c81e5%7Cba786a811f15494e8af9b6050456db10%7C0%7C0%7C638320979507931931%7CUnknown%7CTWFpbGZsb3d8eyJWIjoiMC4wLjAwMDAiLCJQIjoiV2luMzIiLCJBTiI6Ik1haWwiLCJXVCI6Mn0%3D%7C3000%7C%7C%7C&amp;sdata=xpJ4O%2Fzza1kG7TEO4fNum5tvmq84lUr1dgaJLtryZho%3D&amp;reserved=0\" target=\"_blank\" rel=\"noreferrer noopener\">ilmoituskanavaa<\/a>. Mik\u00e4li ep\u00e4asiallisesti&nbsp;k\u00e4ytt\u00e4ytyv\u00e4 on joku Syklin henkil\u00f6kunnasta, ota yhteytt\u00e4 suoraan Syklin rehtoriin.&nbsp;\u200b<\/li>\n<\/ul>\n\n\n\n<p><strong>Muista&nbsp;inhimillisyys&nbsp;<\/strong><br><br>Erehtyminen&nbsp;ja&nbsp;kysyminen&nbsp;on&nbsp;sallittua.&nbsp;Kaikkea&nbsp;ei&nbsp;tarvitse&nbsp;tiet\u00e4\u00e4&nbsp;ja&nbsp;osata&nbsp;valmiiksi!&nbsp;\u200b<\/p>\n\n\n\n<hr class=\"wp-block-separator has-alpha-channel-opacity is-style-wide\"\/>\n\n\n<div class=\"wp-block-image\">\n<figure class=\"alignleft size-thumbnail\"><img loading=\"lazy\" decoding=\"async\" width=\"150\" height=\"150\" src=\"https:\/\/sykli.fi\/demo\/wp-content\/uploads\/2023\/09\/oph-rahoittaa-150x150.jpg\" alt=\"\" class=\"wp-image-65130\" srcset=\"https:\/\/sykli.fi\/demo\/wp-content\/uploads\/2023\/09\/oph-rahoittaa-150x150.jpg 150w, https:\/\/sykli.fi\/demo\/wp-content\/uploads\/2023\/09\/oph-rahoittaa-300x300.jpg 300w, https:\/\/sykli.fi\/demo\/wp-content\/uploads\/2023\/09\/oph-rahoittaa.jpg 750w\" sizes=\"auto, (max-width: 150px) 100vw, 150px\" \/><\/figure>\n<\/div>\n\n\n<p>Syklin tasa-arvo- ja yhdenvertaisuussuunnitelma, saavutettavuus ja esteett\u00f6myys ohjeet sek\u00e4 turvallisemman tilan periaatteet on laadittu ja jalkautettu henkil\u00f6st\u00f6lle osin Opetushallituksen rahoittaman <em>Opiskelijan \u00e4\u00e4nell\u00e4<\/em>&nbsp;-hankkeen rahoituksella.<\/p>\n","protected":false},"excerpt":{"rendered":"<p>Kuuntele&nbsp;ja&nbsp;opi&nbsp;\u200b Sykliss\u00e4&nbsp;haluamme&nbsp;aktiivisesti&nbsp;kasvaa&nbsp;yh\u00e4&nbsp;paremmaksi&nbsp;oppivaksi&nbsp;yhteis\u00f6ksi.&nbsp;Meill\u00e4&nbsp;opiskelu&nbsp;pohjautuu&nbsp;pitk\u00e4lti jatkuvalle&nbsp;oppimiselle&nbsp;ja&nbsp;vuorovaikutukselle&nbsp;sek\u00e4&nbsp;vertaisuudelle.&nbsp; Tunnista&nbsp;tekem\u00e4si&nbsp;oletukset&nbsp;&nbsp;\u200b Anna ja tee&nbsp;tilaa&nbsp;\u200b Toimi&nbsp;\u200b Muista&nbsp;inhimillisyys&nbsp; Erehtyminen&nbsp;ja&nbsp;kysyminen&nbsp;on&nbsp;sallittua.&nbsp;Kaikkea&nbsp;ei&nbsp;tarvitse&nbsp;tiet\u00e4\u00e4&nbsp;ja&nbsp;osata&nbsp;valmiiksi!&nbsp;\u200b Syklin tasa-arvo- ja yhdenvertaisuussuunnitelma, saavutettavuus ja esteett\u00f6myys ohjeet sek\u00e4 turvallisemman [&hellip;]<\/p>\n","protected":false},"author":7,"featured_media":63642,"parent":63598,"menu_order":0,"comment_status":"closed","ping_status":"closed","template":"","meta":{"_acf_changed":false,"footnotes":""},"class_list":["post-65574","page","type-page","status-publish","has-post-thumbnail","hentry"],"acf":[],"_links":{"self":[{"href":"https:\/\/sykli.fi\/demo\/wp-json\/wp\/v2\/pages\/65574","targetHints":{"allow":["GET"]}}],"collection":[{"href":"https:\/\/sykli.fi\/demo\/wp-json\/wp\/v2\/pages"}],"about":[{"href":"https:\/\/sykli.fi\/demo\/wp-json\/wp\/v2\/types\/page"}],"author":[{"embeddable":true,"href":"https:\/\/sykli.fi\/demo\/wp-json\/wp\/v2\/users\/7"}],"replies":[{"embeddable":true,"href":"https:\/\/sykli.fi\/demo\/wp-json\/wp\/v2\/comments?post=65574"}],"version-history":[{"count":5,"href":"https:\/\/sykli.fi\/demo\/wp-json\/wp\/v2\/pages\/65574\/revisions"}],"predecessor-version":[{"id":71686,"href":"https:\/\/sykli.fi\/demo\/wp-json\/wp\/v2\/pages\/65574\/revisions\/71686"}],"up":[{"embeddable":true,"href":"https:\/\/sykli.fi\/demo\/wp-json\/wp\/v2\/pages\/63598"}],"wp:featuredmedia":[{"embeddable":true,"href":"https:\/\/sykli.fi\/demo\/wp-json\/wp\/v2\/media\/63642"}],"wp:attachment":[{"href":"https:\/\/sykli.fi\/demo\/wp-json\/wp\/v2\/media?parent=65574"}],"curies":[{"name":"wp","href":"https:\/\/api.w.org\/{rel}","templated":true}]}}