{"id":64910,"date":"2023-08-30T15:49:55","date_gmt":"2023-08-30T12:49:55","guid":{"rendered":"https:\/\/sykli.fi\/?page_id=64910"},"modified":"2025-09-12T11:37:13","modified_gmt":"2025-09-12T08:37:13","slug":"rekrykoulutuksen-yritysten-rekrytointitarpeisiin","status":"publish","type":"page","link":"https:\/\/sykli.fi\/demo\/tyoelamalle\/tyovoimakoulutukset\/rekrykoulutuksen-yritysten-rekrytointitarpeisiin\/","title":{"rendered":"RekryKoulutukset yritysten rekrytointitarpeisiin"},"content":{"rendered":"\r\n<section id=\"hero-block_0c27c98cfb2ebee2de61b2c0f8d8b108\" class=\"hero site-banner section-default default alignfull\">\r\n\r\n    <div class=\"site-banner-bg section-bg-image \" >\r\n\r\n        <img loading=\"lazy\" decoding=\"async\" width=\"1000\" height=\"667\" src=\"https:\/\/sykli.fi\/demo\/wp-content\/uploads\/2023\/04\/shutterstock_749441887-osaajia-yritykselle-tyovoimakoulutukset.jpg\" class=\"attachment-1536\u00d71536 size-1536\u00d71536\" alt=\"Pisaroita lehdell\u00e4.\" srcset=\"https:\/\/sykli.fi\/demo\/wp-content\/uploads\/2023\/04\/shutterstock_749441887-osaajia-yritykselle-tyovoimakoulutukset.jpg 1000w, https:\/\/sykli.fi\/demo\/wp-content\/uploads\/2023\/04\/shutterstock_749441887-osaajia-yritykselle-tyovoimakoulutukset-300x200.jpg 300w, https:\/\/sykli.fi\/demo\/wp-content\/uploads\/2023\/04\/shutterstock_749441887-osaajia-yritykselle-tyovoimakoulutukset-768x512.jpg 768w\" sizes=\"auto, (max-width: 1000px) 100vw, 1000px\" \/>\r\n        \r\n        \r\n            <div class=\"site-banner-content container\">\r\n                <div class=\"row w-100\">\r\n                    <div class=\"col-md-12\">\r\n                        <div class=\"hero-text-overlay\">\r\n                                                                <h1 class=\"hero-title\">RekryKoulutus yrityksille<\/h1>\r\n                            <div class=\"inner-content\">\r\n                            <div class=\"acf-innerblocks-container\"><\/div>\r\n                        <\/div>                        <\/div>\r\n                    <\/div>\r\n                <\/div>\r\n            <\/div>\r\n\r\n        <\/section>\n\n<h2 class=\"wp-block-post-title\">RekryKoulutukset yritysten rekrytointitarpeisiin<\/h2>\n\n\n<p>RekryKoulutus on hyv\u00e4 vaihtoehto, jos et l\u00f6yd\u00e4 ty\u00f6nantajana ammattitaitoisia ty\u00f6ntekij\u00f6it\u00e4 eik\u00e4 alan osaajia valmistu l\u00e4hiaikoina.&nbsp;<\/p>\n\n\n\n<h3 class=\"wp-block-heading has-medium-font-size\">RekryKoulutus<\/h3>\n\n\n\n<ul class=\"wp-block-list\">\n<li>r\u00e4\u00e4t\u00e4l\u00f6id\u00e4\u00e4n yrityksen tarpeisiin<\/li>\n\n\n\n<li>kest\u00e4\u00e4 p\u00e4\u00e4s\u00e4\u00e4nt\u00f6isesti 3\u20139 kuukautta \u2013 v\u00e4himm\u00e4iskesto on kymmenen koulutusp\u00e4iv\u00e4\u00e4<\/li>\n\n\n\n<li>antaa opiskelijoille ammatillista osaamista&nbsp;ty\u00f6teht\u00e4v\u00e4\u00e4n ty\u00f6nantajan tarpeen mukaan<\/li>\n\n\n\n<li>voidaan suunnitella my\u00f6s yhteisty\u00f6ss\u00e4 useamman ty\u00f6nantajan kanssa.<\/li>\n<\/ul>\n\n\n\n<p>Koulutuksen hyv\u00e4ksytysti suorittaneet ty\u00f6llistyv\u00e4t yritykseen. Ty\u00f6llisty\u00e4 voi esimerkiksi my\u00f6s vuokraty\u00f6voimaa tarjoavaan yritykseen tai yritt\u00e4j\u00e4n\u00e4 toimeksiantosuhteeseen ty\u00f6nantajan kanssa.<\/p>\n\n\n\n<p>RekryKoulutus on ty\u00f6el\u00e4m\u00e4l\u00e4ht\u00f6ist\u00e4. Tavoitteena voi olla lis\u00e4-, t\u00e4ydennys- tai ammatinvaihtoon t\u00e4ht\u00e4\u00e4v\u00e4 koulutus. Siihen sis\u00e4ltyy sek\u00e4 tietopuolista opetusta ett\u00e4 ohjattua ty\u00f6ss\u00e4oppimista ja ty\u00f6harjoittelua.<\/p>\n\n\n\n<p>Rekrykoulutuksessa ei suoriteta tutkintoja tai osatutkintoja.<br><\/p>\n\n\n\n<h3 class=\"wp-block-heading has-medium-font-size\">Ty\u00f6nantaja ja TE-palvelut toteuttajina<\/h3>\n\n\n\n<p>Ty\u00f6nantaja ja ty\u00f6- ja elinkeinohallinto rahoittavat koulutuksen yhdess\u00e4. Ty\u00f6nantajan osuus on 30 prosenttia hankintasopimuksen mukaisesta kokonaishinnasta.<\/p>\n\n\n\n<p>RekryKoulutuksena ei rahoiteta tavanomaista perehdytys- ja henkil\u00f6st\u00f6koulutusta, jotka ty\u00f6nantajan kuuluu kustantaa.<\/p>\n\n\n\n<p>Ty\u00f6- ja elinkeinohallinto<\/p>\n\n\n\n<ul class=\"wp-block-list\">\n<li>auttaa asiantuntevasti koulutuksen suunnittelussa ja toteutuksessa<\/li>\n\n\n\n<li>osallistuu kustannuksiin<\/li>\n\n\n\n<li>kilpailuttaa alalle erikoistuneen koulutuspalvelun tuottajan.<\/li>\n<\/ul>\n\n\n\n<p>Ty\u00f6nantaja ja ty\u00f6- ja elinkeinohallinto valitsevat opiskelijat yhdess\u00e4.&nbsp;Rekrykoulutuksiin voivat hakea my\u00f6s ty\u00f6llisyyden kuntakokeilun asiakkaat.<\/p>\n\n\n\n<h3 class=\"wp-block-heading has-medium-font-size\">RekryKoulutus \u2013 miten edet\u00e4\u00e4n?<\/h3>\n\n\n\n<p><strong>1. Koulutuksen suunnittelu<\/strong><\/p>\n\n\n\n<ul class=\"wp-block-list\">\n<li>Ty\u00f6nantaja ottaa yhteytt\u00e4 paikalliseen ty\u00f6- ja elinkeinotoimistoon ja tekee esityksen s\u00e4hk\u00f6isess\u00e4 asiointipalvelussa (vaatii suomi.fi- tunnistuksen).<\/li>\n\n\n\n<li>Ty\u00f6nantaja ja TE-palvelujen edustaja arvioivat rekrytoitavien henkil\u00f6iden koulutustarpeet ja tekev\u00e4t alustavan koulutussuunnitelman yrityst\u00e4 varten.<\/li>\n<\/ul>\n\n\n\n<p><a href=\"https:\/\/asiointipalvelu.ahtp.fi\/forms\/2628047\/fill\" target=\"_blank\" rel=\"noreferrer noopener\">Ty\u00f6nantajan esitys yhteishankintakoulutuksesta (asiointipalvelu.ahtp.fi)<\/a><\/p>\n\n\n\n<p><strong>2. Koulutuksen hankinta<\/strong><\/p>\n\n\n\n<ul class=\"wp-block-list\">\n<li>Ty\u00f6- ja elinkeinohallinto pyyt\u00e4\u00e4 tarjoukset kouluttajaehdokkailta julkisten hankintamenettelyjen mukaan. Osapuolet valitsevat yhdess\u00e4 kouluttajan. Koulutuksen toteutuksesta osapuolet tekev\u00e4t hankintasopimuksen.<\/li>\n<\/ul>\n\n\n\n<p><strong>3. Koulutuksen markkinointi ja tiedotus<\/strong><\/p>\n\n\n\n<ul class=\"wp-block-list\">\n<li>Osapuolet sopivat koulutuksen markkinoinnista ja siit\u00e4, miten yritys on esill\u00e4 tiedotuksessa.<\/li>\n\n\n\n<li>Suunnitteluvaiheessa voidaan keskustella siit\u00e4, haluatko ty\u00f6nantajana julkaista Rekrykoulutuksesta ilmoituksen my\u00f6s Avoimet ty\u00f6paikat &#8211; palvelussa varmistaakseen oppilashankinnan.<\/li>\n<\/ul>\n\n\n\n<p><strong>4. Opiskelijoiden valinta<\/strong><\/p>\n\n\n\n<ul class=\"wp-block-list\">\n<li>Ty\u00f6nantaja, kouluttaja ja ty\u00f6- ja elinkeinohallinto sopivat opiskelijoiden valinnasta.<\/li>\n<\/ul>\n\n\n\n<p><strong>5. Koulutuksen toteutus<\/strong><\/p>\n\n\n\n<ul class=\"wp-block-list\">\n<li>Asetetut tavoitteet ja hankintasopimus m\u00e4\u00e4r\u00e4\u00e4v\u00e4t, miten koulutuksen aikataulut, sis\u00e4ll\u00f6t ja ty\u00f6ss\u00e4oppiminen toteutetaan.<\/li>\n<\/ul>\n\n\n\n<p><strong>6. Seuranta ja arviointi<\/strong><\/p>\n\n\n\n<ul class=\"wp-block-list\">\n<li>Osapuolet seuraavat ja arvioivat koulutuksen toteutusta yhdess\u00e4.<\/li>\n<\/ul>\n\n\n\n<p><strong>7. Ty\u00f6suhteiden solmiminen<\/strong><\/p>\n\n\n\n<ul class=\"wp-block-list\">\n<li>Ty\u00f6nantaja solmii ty\u00f6suhteet niiden kanssa, jotka ovat suorittaneet koulutuksen hyv\u00e4ksytysti.<\/li>\n<\/ul>\n\n\n<div class=\"page-linkbox-block alignfull\">\r\n    <div class=\"container\">\r\n        <div class=\"acf-innerblocks-container\"><\/div>\r\n\r\n    <\/div>\r\n<\/div>\n\n<h2>Kysy lis\u00e4\u00e4:<\/h2>\r\n<div class=\"row\">\r\n                                <div class=\"col-md-6\">\r\n                    <div class=\"staff-box\">\r\n                        <div class=\"row\">\r\n                            <div class=\"col-4\">\r\n                                <img loading=\"lazy\" decoding=\"async\" width=\"1280\" height=\"1920\" src=\"https:\/\/sykli.fi\/demo\/wp-content\/uploads\/2022\/09\/saarnia-1-2.jpg\" class=\"attachment-post-thumbnail size-post-thumbnail wp-post-image\" alt=\"\" srcset=\"https:\/\/sykli.fi\/demo\/wp-content\/uploads\/2022\/09\/saarnia-1-2.jpg 1280w, https:\/\/sykli.fi\/demo\/wp-content\/uploads\/2022\/09\/saarnia-1-2-200x300.jpg 200w, https:\/\/sykli.fi\/demo\/wp-content\/uploads\/2022\/09\/saarnia-1-2-683x1024.jpg 683w, https:\/\/sykli.fi\/demo\/wp-content\/uploads\/2022\/09\/saarnia-1-2-768x1152.jpg 768w, https:\/\/sykli.fi\/demo\/wp-content\/uploads\/2022\/09\/saarnia-1-2-1024x1536.jpg 1024w\" sizes=\"auto, (max-width: 1280px) 100vw, 1280px\" \/>                            <\/div>\r\n                            <div class=\"col-8\">\r\n                                <h3>Jane Saarnia<\/h3>\r\n                                Johtaja, ratkaisut ja kumppanuudet                                <ul>\r\n                                    <li><svg xmlns=\"http:\/\/www.w3.org\/2000\/svg\" width=\"16\" height=\"16\" fill=\"currentColor\" class=\"bi bi-telephone-fill\" viewBox=\"0 0 16 16\">\r\n                                <path fill-rule=\"evenodd\" d=\"M1.885.511a1.745 1.745 0 0 1 2.61.163L6.29 2.98c.329.423.445.974.315 1.494l-.547 2.19a.678.678 0 0 0 .178.643l2.457 2.457a.678.678 0 0 0 .644.178l2.189-.547a1.745 1.745 0 0 1 1.494.315l2.306 1.794c.829.645.905 1.87.163 2.611l-1.034 1.034c-.74.74-1.846 1.065-2.877.702a18.634 18.634 0 0 1-7.01-4.42 18.634 18.634 0 0 1-4.42-7.009c-.362-1.03-.037-2.137.703-2.877L1.885.511z\"\/>\r\n                              <\/svg> <a href=\"tel:+358400678705\">0400 678 705<\/a><\/li><li><svg xmlns=\"http:\/\/www.w3.org\/2000\/svg\" width=\"16\" height=\"16\" fill=\"currentColor\" class=\"bi bi-envelope-fill\" viewBox=\"0 0 16 16\">\r\n                                <path d=\"M.05 3.555A2 2 0 0 1 2 2h12a2 2 0 0 1 1.95 1.555L8 8.414.05 3.555ZM0 4.697v7.104l5.803-3.558L0 4.697ZM6.761 8.83l-6.57 4.027A2 2 0 0 0 2 14h12a2 2 0 0 0 1.808-1.144l-6.57-4.027L8 9.586l-1.239-.757Zm3.436-.586L16 11.801V4.697l-5.803 3.546Z\"\/>\r\n                              <\/svg> <a href=\"mailto:jane.saarnia@sykli.fi\">jane.saarnia@sykli.fi<\/a><\/li>                                <\/ul>\r\n                            <\/div>\r\n                        <\/div>\r\n                    <\/div>\r\n                <\/div>\r\n                                <div class=\"col-md-6\">\r\n                    <div class=\"staff-box\">\r\n                        <div class=\"row\">\r\n                            <div class=\"col-4\">\r\n                                <img loading=\"lazy\" decoding=\"async\" width=\"150\" height=\"250\" src=\"https:\/\/sykli.fi\/demo\/wp-content\/uploads\/2022\/09\/hannele-hakala-mv.jpg\" class=\"attachment-post-thumbnail size-post-thumbnail wp-post-image\" alt=\"\" \/>                            <\/div>\r\n                            <div class=\"col-8\">\r\n                                <h3>Hannele Hakala<\/h3>\r\n                                Koulutusvastaava                                <ul>\r\n                                    <li><svg xmlns=\"http:\/\/www.w3.org\/2000\/svg\" width=\"16\" height=\"16\" fill=\"currentColor\" class=\"bi bi-telephone-fill\" viewBox=\"0 0 16 16\">\r\n                                <path fill-rule=\"evenodd\" d=\"M1.885.511a1.745 1.745 0 0 1 2.61.163L6.29 2.98c.329.423.445.974.315 1.494l-.547 2.19a.678.678 0 0 0 .178.643l2.457 2.457a.678.678 0 0 0 .644.178l2.189-.547a1.745 1.745 0 0 1 1.494.315l2.306 1.794c.829.645.905 1.87.163 2.611l-1.034 1.034c-.74.74-1.846 1.065-2.877.702a18.634 18.634 0 0 1-7.01-4.42 18.634 18.634 0 0 1-4.42-7.009c-.362-1.03-.037-2.137.703-2.877L1.885.511z\"\/>\r\n                              <\/svg> <a href=\"tel:+358505361979\">050 536 1979<\/a><\/li><li><svg xmlns=\"http:\/\/www.w3.org\/2000\/svg\" width=\"16\" height=\"16\" fill=\"currentColor\" class=\"bi bi-envelope-fill\" viewBox=\"0 0 16 16\">\r\n                                <path d=\"M.05 3.555A2 2 0 0 1 2 2h12a2 2 0 0 1 1.95 1.555L8 8.414.05 3.555ZM0 4.697v7.104l5.803-3.558L0 4.697ZM6.761 8.83l-6.57 4.027A2 2 0 0 0 2 14h12a2 2 0 0 0 1.808-1.144l-6.57-4.027L8 9.586l-1.239-.757Zm3.436-.586L16 11.801V4.697l-5.803 3.546Z\"\/>\r\n                              <\/svg> <a href=\"mailto:hannele.hakala@sykli.fi\">hannele.hakala@sykli.fi<\/a><\/li>                                <\/ul>\r\n                            <\/div>\r\n                        <\/div>\r\n                    <\/div>\r\n                <\/div>\r\n    <\/div>","protected":false},"excerpt":{"rendered":"<p>RekryKoulutus on hyv\u00e4 vaihtoehto, jos et l\u00f6yd\u00e4 ty\u00f6nantajana ammattitaitoisia ty\u00f6ntekij\u00f6it\u00e4 eik\u00e4 alan osaajia valmistu l\u00e4hiaikoina.&nbsp; RekryKoulutus Koulutuksen hyv\u00e4ksytysti suorittaneet ty\u00f6llistyv\u00e4t [&hellip;]<\/p>\n","protected":false},"author":11,"featured_media":63699,"parent":1591,"menu_order":4,"comment_status":"closed","ping_status":"closed","template":"","meta":{"_acf_changed":false,"footnotes":""},"class_list":["post-64910","page","type-page","status-publish","has-post-thumbnail","hentry"],"acf":[],"_links":{"self":[{"href":"https:\/\/sykli.fi\/demo\/wp-json\/wp\/v2\/pages\/64910","targetHints":{"allow":["GET"]}}],"collection":[{"href":"https:\/\/sykli.fi\/demo\/wp-json\/wp\/v2\/pages"}],"about":[{"href":"https:\/\/sykli.fi\/demo\/wp-json\/wp\/v2\/types\/page"}],"author":[{"embeddable":true,"href":"https:\/\/sykli.fi\/demo\/wp-json\/wp\/v2\/users\/11"}],"replies":[{"embeddable":true,"href":"https:\/\/sykli.fi\/demo\/wp-json\/wp\/v2\/comments?post=64910"}],"version-history":[{"count":10,"href":"https:\/\/sykli.fi\/demo\/wp-json\/wp\/v2\/pages\/64910\/revisions"}],"predecessor-version":[{"id":72487,"href":"https:\/\/sykli.fi\/demo\/wp-json\/wp\/v2\/pages\/64910\/revisions\/72487"}],"up":[{"embeddable":true,"href":"https:\/\/sykli.fi\/demo\/wp-json\/wp\/v2\/pages\/1591"}],"wp:featuredmedia":[{"embeddable":true,"href":"https:\/\/sykli.fi\/demo\/wp-json\/wp\/v2\/media\/63699"}],"wp:attachment":[{"href":"https:\/\/sykli.fi\/demo\/wp-json\/wp\/v2\/media?parent=64910"}],"curies":[{"name":"wp","href":"https:\/\/api.w.org\/{rel}","templated":true}]}}