{"id":64224,"date":"2023-05-30T13:54:54","date_gmt":"2023-05-30T10:54:54","guid":{"rendered":"http:\/\/localhost\/sykli\/?page_id=64224"},"modified":"2024-01-10T10:33:07","modified_gmt":"2024-01-10T08:33:07","slug":"ammattikuljettaja-osana-ilmastonmuutosta-ja-kiertotaloutta","status":"publish","type":"page","link":"https:\/\/sykli.fi\/demo\/koulutusalat\/logistiikka\/logistiikan-avoimet-koulutukset-ja-tilauskoulutukset\/ammattikuljettaja-osana-ilmastonmuutosta-ja-kiertotaloutta\/","title":{"rendered":"Ammattikuljettaja osana ilmastonmuutosta ja kiertotaloutta"},"content":{"rendered":"\r\n<section id=\"hero-block_a92d8ef616ba4be359ef9c7846e59cb8\" class=\"hero site-banner section-default default alignfull\">\r\n\r\n    <div class=\"site-banner-bg section-bg-image \" >\r\n\r\n        <img loading=\"lazy\" decoding=\"async\" width=\"1920\" height=\"600\" src=\"https:\/\/sykli.fi\/demo\/wp-content\/uploads\/2022\/09\/logistiikka.jpg\" class=\"attachment-1536\u00d71536 size-1536\u00d71536\" alt=\"Rekka-auto kulkee tiet\u00e4 pitkin ja edess\u00e4 kaunis auringonlasku.\" srcset=\"https:\/\/sykli.fi\/demo\/wp-content\/uploads\/2022\/09\/logistiikka.jpg 1920w, https:\/\/sykli.fi\/demo\/wp-content\/uploads\/2022\/09\/logistiikka-300x94.jpg 300w, https:\/\/sykli.fi\/demo\/wp-content\/uploads\/2022\/09\/logistiikka-1024x320.jpg 1024w, https:\/\/sykli.fi\/demo\/wp-content\/uploads\/2022\/09\/logistiikka-768x240.jpg 768w, https:\/\/sykli.fi\/demo\/wp-content\/uploads\/2022\/09\/logistiikka-1536x480.jpg 1536w\" sizes=\"auto, (max-width: 1920px) 100vw, 1920px\" \/>\r\n        \r\n        \r\n            <div class=\"site-banner-content container\">\r\n                <div class=\"row w-100\">\r\n                    <div class=\"col-md-12\">\r\n                        <div class=\"hero-text-overlay\">\r\n                                                                <h1 class=\"hero-title\">Ammattikuljettaja osana ilmastonmuutosta ja kiertotaloutta<\/h1>\r\n                            <div class=\"inner-content\">\r\n                            <div class=\"acf-innerblocks-container\"><\/div>\r\n                        <\/div>                        <\/div>\r\n                    <\/div>\r\n                <\/div>\r\n            <\/div>\r\n\r\n        <\/section>\n\n\n<p>Koulutuksen tavoitteena on lis\u00e4t\u00e4 kuljettajan ymm\u00e4rryst\u00e4 ty\u00f6ns\u00e4 ymp\u00e4rist\u00f6vaikutuksista ja parantaa kuljettajan valmiuksia ymp\u00e4rist\u00f6vastuullisuuteen. Koulutuksen avulla kuljettaja tunnistaa omiin ty\u00f6teht\u00e4viins\u00e4 liittyv\u00e4t ymp\u00e4rist\u00f6vaaratekij\u00e4t, ja osaa toimia ymp\u00e4rist\u00f6vastuullisesti ja ty\u00f6nantajansa toimintaj\u00e4rjestelmien vaatimuksien mukaisesti.<\/p>\n\n\n\n<p>Koulutuksen kohderyhm\u00e4n\u00e4 ovat kuorma- ja linja-auton kuljettajat. Koulutusohjelman sis\u00e4lt\u00f6\u00e4 painotetaan erilaisten koulutusryhmien mukaan.<\/p>\n\n\n\n<p><strong>Koulutuksen sis\u00e4lt\u00f6<\/strong><\/p>\n\n\n\n<ul class=\"wp-block-list\">\n<li>Ymp\u00e4rist\u00f6n nykytilanne ja tulevaisuus\n<ul class=\"wp-block-list\">\n<li>ymp\u00e4rist\u00f6muutokset<\/li>\n\n\n\n<li>liikenteen vaikutukset ymp\u00e4rist\u00f6muutoksissa<\/li>\n\n\n\n<li>kuljettajan vaikutukset ymp\u00e4rist\u00f6muutoksiin<\/li>\n\n\n\n<li>kiertotalous<\/li>\n<\/ul>\n<\/li>\n\n\n\n<li>Ymp\u00e4rist\u00f6turvallisuutta koskeva lains\u00e4\u00e4d\u00e4nt\u00f6\n<ul class=\"wp-block-list\">\n<li>keskeiset lait<\/li>\n\n\n\n<li>vaaralliset aineet (VAK\/ADR)<\/li>\n\n\n\n<li>tyypilliset kuljetusalan ymp\u00e4rist\u00f6rikkeet ja -rikokset<\/li>\n\n\n\n<li>oma asenne ja suhtautuminen ymp\u00e4rist\u00f6vastuullisuuteen<\/li>\n<\/ul>\n<\/li>\n\n\n\n<li>Kuljetusyrityksen ja kuljettajan ymp\u00e4rist\u00f6vastuullinen toiminta\n<ul class=\"wp-block-list\">\n<li>ymp\u00e4rist\u00f6vastuullinen toiminta yrityksen n\u00e4k\u00f6kulmasta<\/li>\n\n\n\n<li>ymp\u00e4rist\u00f6vastuullinen toiminta asiakkaan ja asiakasyrityksen n\u00e4k\u00f6kulmasta<\/li>\n\n\n\n<li>asiakaspalvelu ja ammattitaitoinen kuljettaja<\/li>\n<\/ul>\n<\/li>\n\n\n\n<li>J\u00e4tteet ja niiden k\u00e4sittely kuljetustoiminnassa\n<ul class=\"wp-block-list\">\n<li>vaaralliset j\u00e4tteet<\/li>\n\n\n\n<li>kuljetusyrityksen tuottamat j\u00e4tteet ja niiden k\u00e4sittely<\/li>\n\n\n\n<li>kuljettajan oman toiminnan vaikutus j\u00e4tteiden syntymiseen, sen minimointi ja j\u00e4tteiden oikea k\u00e4sittely<\/li>\n<\/ul>\n<\/li>\n\n\n\n<li>Ajoneuvon ymp\u00e4rist\u00f6turvallisuuden varmistaminen<ul><li>ajoonl\u00e4ht\u00f6tarkastus<\/li><\/ul><ul><li>polttoaine \u2013 ja \u00f6ljyvuotojen est\u00e4minen ja vahingon torjunta<\/li><\/ul><ul><li>tyhj\u00e4k\u00e4ynti<\/li><\/ul>\n<ul class=\"wp-block-list\">\n<li>ajoneuvon taloudellisuus ja erilaiset polttoaineet<\/li>\n<\/ul>\n<\/li>\n<\/ul>\n\n\n<h2>Kysy lis\u00e4\u00e4 ja pyyd\u00e4 tarjous<\/h2>\r\n<div class=\"row\">\r\n                                <div class=\"col-md-6\">\r\n                    <div class=\"staff-box\">\r\n                        <div class=\"row\">\r\n                            <div class=\"col-4\">\r\n                                <img loading=\"lazy\" decoding=\"async\" width=\"150\" height=\"250\" src=\"https:\/\/sykli.fi\/demo\/wp-content\/uploads\/2022\/09\/taru-uotila-2022-nettisivuille-mv.jpg\" class=\"attachment-post-thumbnail size-post-thumbnail wp-post-image\" alt=\"\" \/>                            <\/div>\r\n                            <div class=\"col-8\">\r\n                                <h3>Taru Uotila<\/h3>\r\n                                Johtaja, hankkeet ja kehitt\u00e4minen                                <ul>\r\n                                    <li><svg xmlns=\"http:\/\/www.w3.org\/2000\/svg\" width=\"16\" height=\"16\" fill=\"currentColor\" class=\"bi bi-telephone-fill\" viewBox=\"0 0 16 16\">\r\n                                <path fill-rule=\"evenodd\" d=\"M1.885.511a1.745 1.745 0 0 1 2.61.163L6.29 2.98c.329.423.445.974.315 1.494l-.547 2.19a.678.678 0 0 0 .178.643l2.457 2.457a.678.678 0 0 0 .644.178l2.189-.547a1.745 1.745 0 0 1 1.494.315l2.306 1.794c.829.645.905 1.87.163 2.611l-1.034 1.034c-.74.74-1.846 1.065-2.877.702a18.634 18.634 0 0 1-7.01-4.42 18.634 18.634 0 0 1-4.42-7.009c-.362-1.03-.037-2.137.703-2.877L1.885.511z\"\/>\r\n                              <\/svg> <a href=\"tel:+358503701414\">050 370 1414<\/a><\/li><li><svg xmlns=\"http:\/\/www.w3.org\/2000\/svg\" width=\"16\" height=\"16\" fill=\"currentColor\" class=\"bi bi-envelope-fill\" viewBox=\"0 0 16 16\">\r\n                                <path d=\"M.05 3.555A2 2 0 0 1 2 2h12a2 2 0 0 1 1.95 1.555L8 8.414.05 3.555ZM0 4.697v7.104l5.803-3.558L0 4.697ZM6.761 8.83l-6.57 4.027A2 2 0 0 0 2 14h12a2 2 0 0 0 1.808-1.144l-6.57-4.027L8 9.586l-1.239-.757Zm3.436-.586L16 11.801V4.697l-5.803 3.546Z\"\/>\r\n                              <\/svg> <a href=\"mailto:taru.uotila@sykli.fi\">taru.uotila@sykli.fi<\/a><\/li>                                <\/ul>\r\n                            <\/div>\r\n                        <\/div>\r\n                    <\/div>\r\n                <\/div>\r\n    <\/div>","protected":false},"excerpt":{"rendered":"<p>Koulutuksen tavoitteena on lis\u00e4t\u00e4 kuljettajan ymm\u00e4rryst\u00e4 ty\u00f6ns\u00e4 ymp\u00e4rist\u00f6vaikutuksista ja parantaa kuljettajan valmiuksia ymp\u00e4rist\u00f6vastuullisuuteen. Koulutuksen avulla kuljettaja tunnistaa omiin ty\u00f6teht\u00e4viins\u00e4 liittyv\u00e4t [&hellip;]<\/p>\n","protected":false},"author":2,"featured_media":61848,"parent":62070,"menu_order":0,"comment_status":"closed","ping_status":"closed","template":"","meta":{"_acf_changed":false,"footnotes":""},"class_list":["post-64224","page","type-page","status-publish","has-post-thumbnail","hentry"],"acf":[],"_links":{"self":[{"href":"https:\/\/sykli.fi\/demo\/wp-json\/wp\/v2\/pages\/64224","targetHints":{"allow":["GET"]}}],"collection":[{"href":"https:\/\/sykli.fi\/demo\/wp-json\/wp\/v2\/pages"}],"about":[{"href":"https:\/\/sykli.fi\/demo\/wp-json\/wp\/v2\/types\/page"}],"author":[{"embeddable":true,"href":"https:\/\/sykli.fi\/demo\/wp-json\/wp\/v2\/users\/2"}],"replies":[{"embeddable":true,"href":"https:\/\/sykli.fi\/demo\/wp-json\/wp\/v2\/comments?post=64224"}],"version-history":[{"count":2,"href":"https:\/\/sykli.fi\/demo\/wp-json\/wp\/v2\/pages\/64224\/revisions"}],"predecessor-version":[{"id":66113,"href":"https:\/\/sykli.fi\/demo\/wp-json\/wp\/v2\/pages\/64224\/revisions\/66113"}],"up":[{"embeddable":true,"href":"https:\/\/sykli.fi\/demo\/wp-json\/wp\/v2\/pages\/62070"}],"wp:featuredmedia":[{"embeddable":true,"href":"https:\/\/sykli.fi\/demo\/wp-json\/wp\/v2\/media\/61848"}],"wp:attachment":[{"href":"https:\/\/sykli.fi\/demo\/wp-json\/wp\/v2\/media?parent=64224"}],"curies":[{"name":"wp","href":"https:\/\/api.w.org\/{rel}","templated":true}]}}