{"id":64063,"date":"2023-05-16T16:44:31","date_gmt":"2023-05-16T13:44:31","guid":{"rendered":"http:\/\/localhost\/sykli\/?page_id=64063"},"modified":"2024-01-10T10:31:04","modified_gmt":"2024-01-10T08:31:04","slug":"syklin-logistiikan-verkkokoulutukset","status":"publish","type":"page","link":"https:\/\/sykli.fi\/demo\/koulutusalat\/logistiikka\/syklin-logistiikan-verkkokoulutukset\/","title":{"rendered":"Syklin logistiikan verkkokoulutukset"},"content":{"rendered":"\r\n<section id=\"hero-block_f9f6edf118cad4348f22f189c2b1de00\" class=\"hero site-banner section-default default alignfull\">\r\n\r\n    <div class=\"site-banner-bg section-bg-image \" >\r\n\r\n        <img loading=\"lazy\" decoding=\"async\" width=\"1920\" height=\"600\" src=\"https:\/\/sykli.fi\/demo\/wp-content\/uploads\/2022\/09\/logistiikka.jpg\" class=\"attachment-1536\u00d71536 size-1536\u00d71536\" alt=\"Rekka-auto kulkee tiet\u00e4 pitkin ja edess\u00e4 kaunis auringonlasku.\" srcset=\"https:\/\/sykli.fi\/demo\/wp-content\/uploads\/2022\/09\/logistiikka.jpg 1920w, https:\/\/sykli.fi\/demo\/wp-content\/uploads\/2022\/09\/logistiikka-300x94.jpg 300w, https:\/\/sykli.fi\/demo\/wp-content\/uploads\/2022\/09\/logistiikka-1024x320.jpg 1024w, https:\/\/sykli.fi\/demo\/wp-content\/uploads\/2022\/09\/logistiikka-768x240.jpg 768w, https:\/\/sykli.fi\/demo\/wp-content\/uploads\/2022\/09\/logistiikka-1536x480.jpg 1536w\" sizes=\"auto, (max-width: 1920px) 100vw, 1920px\" \/>\r\n        \r\n        \r\n            <div class=\"site-banner-content container\">\r\n                <div class=\"row w-100\">\r\n                    <div class=\"col-md-12\">\r\n                        <div class=\"hero-text-overlay\">\r\n                                                                <h1 class=\"hero-title\">Syklin logistiikan verkkokoulutukset<\/h1>\r\n                            <div class=\"inner-content\">\r\n                            <div class=\"acf-innerblocks-container\"><\/div>\r\n                        <\/div>                        <\/div>\r\n                    <\/div>\r\n                <\/div>\r\n            <\/div>\r\n\r\n        <\/section>\n\n\n<h2 class=\"wp-block-heading\">UUTTA! Syklin logistiikan koulutuksia my\u00f6s verkkokoulutuksena<\/h2>\n\n\n\n<p>Nyt on mahdollista suorittaa logistiikan jatkokoulutusp\u00e4ivi\u00e4 verkkokoulutuksena. T\u00e4m\u00e4 mahdollistaa joustavan opiskelun, aikaan ja paikkaan katsomatta ja matkakustannuksilta s\u00e4\u00e4styt\u00e4\u00e4n. Kuljettaja.fi -verkkokoulutukset ovat olleet k\u00e4ynniss\u00e4 alkukev\u00e4\u00e4st\u00e4 2023 l\u00e4htien. Kokemukset ja asiakaspalautteet ovat olleet eritt\u00e4in hyvi\u00e4. Verkkokoulutusalustan k\u00e4ytett\u00e4vyys ja toimintavarmuus on saanut paljon kehuja. Sit\u00e4kin enemm\u00e4n on kehuttu koulutusten sis\u00e4lt\u00f6j\u00e4:<\/p>\n\n\n\r\n<div class=\"infoboksi has-turquoise-border-color row\">\r\n    <div class=\"infoboksi-image col-4\">\r\n        <img loading=\"lazy\" decoding=\"async\" width=\"800\" height=\"883\" src=\"https:\/\/sykli.fi\/demo\/wp-content\/uploads\/2023\/05\/palaute-kuva-928x1024.jpg\" class=\"attachment-large size-large\" alt=\"\" srcset=\"https:\/\/sykli.fi\/demo\/wp-content\/uploads\/2023\/05\/palaute-kuva-928x1024.jpg 928w, https:\/\/sykli.fi\/demo\/wp-content\/uploads\/2023\/05\/palaute-kuva-272x300.jpg 272w, https:\/\/sykli.fi\/demo\/wp-content\/uploads\/2023\/05\/palaute-kuva-768x848.jpg 768w, https:\/\/sykli.fi\/demo\/wp-content\/uploads\/2023\/05\/palaute-kuva-1392x1536.jpg 1392w, https:\/\/sykli.fi\/demo\/wp-content\/uploads\/2023\/05\/palaute-kuva.jpg 1555w\" sizes=\"auto, (max-width: 800px) 100vw, 800px\" \/>    <\/div>\r\n    <div class=\"infoboksi-sisalto col-8\">\r\n        <div class=\"acf-innerblocks-container\">\n\n<h3 class=\"wp-block-heading\">Logistiikan verkkokoulutuksista sanottua<\/h3>\n\n\n\n<p><em>\u201dNyt on jatkokoulutus sit\u00e4, mit\u00e4 sen pit\u00e4\u00e4kin olla.\u201d<\/em><br><em>\u201dVarmasti paras kurssi, mihin olen osallistunut. Kuljettajille varmasti silmi\u00e4 avaava. T\u00e4m\u00e4n pit\u00e4isi olla pakollista kaikille kuljettajille.\u201d<\/em><br><em>\u201dYll\u00e4tyin koulutuksen helppoudesta ja laadukkuudesta.\u201d<\/em><br><em>\u201dHyv\u00e4 ja mielenkiintoinen sis\u00e4lt\u00f6, siirryn jatkossa k\u00e4ytt\u00e4m\u00e4\u00e4n verkkokoulutuksia, paljon enemm\u00e4n asiaa, kuin luokassa tapahtuvissa koulutuksissa ollut t\u00e4h\u00e4n menness\u00e4.\u201d<\/em><\/p>\n\n\n\n<h3 class=\"wp-block-heading\"><\/h3>\n\n\n\n<p><\/p>\n\n<\/div>    <\/div>\r\n<\/div>\n\n\n<p><\/p>\n\n\n\n<p>Osallistuakseen verkkokoulutukseen opiskelijalla on oltava oma tietokone, tabletti tai \u00e4lypuhelin. Koulutukseen kirjaudutaan esimerkiksi pankkitunnuksilla. EU:n tietosuoja-asetusten vaatimukset on otettu huomioon. Vaikka kyseess\u00e4 on verkkokoulutus, kouluttaja on tavoitettavissa koulutuksen aikana.<\/p>\n\n\n\n<p>Koulutukset sis\u00e4lt\u00e4v\u00e4t luentoja ja aktivoivia teht\u00e4vi\u00e4. Koulutusp\u00e4iv\u00e4n (7 x 45 min oppitunnit) voi jakaa kahdelle per\u00e4kk\u00e4iselle p\u00e4iv\u00e4lle, jolloin voidaan hy\u00f6dynt\u00e4\u00e4 esimerkiksi lyhempi ajop\u00e4iv\u00e4. V\u00e4litt\u00f6m\u00e4sti koulutuksen j\u00e4lkeen, opiskelija voi tulostaa tai tallentaa todistuksen koulutukseen osallistumisesta.<\/p>\n\n\n\n<div class=\"wp-block-buttons is-layout-flex wp-block-buttons-is-layout-flex\">\n<div class=\"wp-block-button\"><a class=\"wp-block-button__link wp-element-button\" href=\"https:\/\/sykli.kuljettaja.fi\/koulutukset\" target=\"_blank\" rel=\"noreferrer noopener\">Lue lis\u00e4\u00e4 &amp; ilmoittaudu Syklin verkkokoulutuksiin t\u00e4\u00e4ll\u00e4 \u00bb<\/a><\/div>\n<\/div>\n\n\n<h2>Kysy lis\u00e4\u00e4<\/h2>\r\n<div class=\"row\">\r\n                                <div class=\"col-md-6\">\r\n                    <div class=\"staff-box\">\r\n                        <div class=\"row\">\r\n                            <div class=\"col-4\">\r\n                                <img loading=\"lazy\" decoding=\"async\" width=\"150\" height=\"250\" src=\"https:\/\/sykli.fi\/demo\/wp-content\/uploads\/2022\/09\/taru-uotila-2022-nettisivuille-mv.jpg\" class=\"attachment-post-thumbnail size-post-thumbnail wp-post-image\" alt=\"\" \/>                            <\/div>\r\n                            <div class=\"col-8\">\r\n                                <h3>Taru Uotila<\/h3>\r\n                                Johtaja, hankkeet ja kehitt\u00e4minen                                <ul>\r\n                                    <li><svg xmlns=\"http:\/\/www.w3.org\/2000\/svg\" width=\"16\" height=\"16\" fill=\"currentColor\" class=\"bi bi-telephone-fill\" viewBox=\"0 0 16 16\">\r\n                                <path fill-rule=\"evenodd\" d=\"M1.885.511a1.745 1.745 0 0 1 2.61.163L6.29 2.98c.329.423.445.974.315 1.494l-.547 2.19a.678.678 0 0 0 .178.643l2.457 2.457a.678.678 0 0 0 .644.178l2.189-.547a1.745 1.745 0 0 1 1.494.315l2.306 1.794c.829.645.905 1.87.163 2.611l-1.034 1.034c-.74.74-1.846 1.065-2.877.702a18.634 18.634 0 0 1-7.01-4.42 18.634 18.634 0 0 1-4.42-7.009c-.362-1.03-.037-2.137.703-2.877L1.885.511z\"\/>\r\n                              <\/svg> <a href=\"tel:+358503701414\">050 370 1414<\/a><\/li><li><svg xmlns=\"http:\/\/www.w3.org\/2000\/svg\" width=\"16\" height=\"16\" fill=\"currentColor\" class=\"bi bi-envelope-fill\" viewBox=\"0 0 16 16\">\r\n                                <path d=\"M.05 3.555A2 2 0 0 1 2 2h12a2 2 0 0 1 1.95 1.555L8 8.414.05 3.555ZM0 4.697v7.104l5.803-3.558L0 4.697ZM6.761 8.83l-6.57 4.027A2 2 0 0 0 2 14h12a2 2 0 0 0 1.808-1.144l-6.57-4.027L8 9.586l-1.239-.757Zm3.436-.586L16 11.801V4.697l-5.803 3.546Z\"\/>\r\n                              <\/svg> <a href=\"mailto:taru.uotila@sykli.fi\">taru.uotila@sykli.fi<\/a><\/li>                                <\/ul>\r\n                            <\/div>\r\n                        <\/div>\r\n                    <\/div>\r\n                <\/div>\r\n    <\/div>","protected":false},"excerpt":{"rendered":"<p>UUTTA! Syklin logistiikan koulutuksia my\u00f6s verkkokoulutuksena Nyt on mahdollista suorittaa logistiikan jatkokoulutusp\u00e4ivi\u00e4 verkkokoulutuksena. T\u00e4m\u00e4 mahdollistaa joustavan opiskelun, aikaan ja paikkaan [&hellip;]<\/p>\n","protected":false},"author":2,"featured_media":61848,"parent":1593,"menu_order":0,"comment_status":"closed","ping_status":"closed","template":"","meta":{"_acf_changed":false,"footnotes":""},"class_list":["post-64063","page","type-page","status-publish","has-post-thumbnail","hentry"],"acf":[],"_links":{"self":[{"href":"https:\/\/sykli.fi\/demo\/wp-json\/wp\/v2\/pages\/64063","targetHints":{"allow":["GET"]}}],"collection":[{"href":"https:\/\/sykli.fi\/demo\/wp-json\/wp\/v2\/pages"}],"about":[{"href":"https:\/\/sykli.fi\/demo\/wp-json\/wp\/v2\/types\/page"}],"author":[{"embeddable":true,"href":"https:\/\/sykli.fi\/demo\/wp-json\/wp\/v2\/users\/2"}],"replies":[{"embeddable":true,"href":"https:\/\/sykli.fi\/demo\/wp-json\/wp\/v2\/comments?post=64063"}],"version-history":[{"count":6,"href":"https:\/\/sykli.fi\/demo\/wp-json\/wp\/v2\/pages\/64063\/revisions"}],"predecessor-version":[{"id":73110,"href":"https:\/\/sykli.fi\/demo\/wp-json\/wp\/v2\/pages\/64063\/revisions\/73110"}],"up":[{"embeddable":true,"href":"https:\/\/sykli.fi\/demo\/wp-json\/wp\/v2\/pages\/1593"}],"wp:featuredmedia":[{"embeddable":true,"href":"https:\/\/sykli.fi\/demo\/wp-json\/wp\/v2\/media\/61848"}],"wp:attachment":[{"href":"https:\/\/sykli.fi\/demo\/wp-json\/wp\/v2\/media?parent=64063"}],"curies":[{"name":"wp","href":"https:\/\/api.w.org\/{rel}","templated":true}]}}