{"id":63572,"date":"2023-04-24T11:37:21","date_gmt":"2023-04-24T08:37:21","guid":{"rendered":"http:\/\/localhost\/sykli\/?page_id=63572"},"modified":"2024-01-10T10:32:27","modified_gmt":"2024-01-10T08:32:27","slug":"adr-kurssit","status":"publish","type":"page","link":"https:\/\/sykli.fi\/demo\/koulutusalat\/logistiikka\/logistiikan-avoimet-koulutukset-ja-tilauskoulutukset\/adr-kurssit\/","title":{"rendered":"ADR-kurssit"},"content":{"rendered":"\r\n<section id=\"hero-block_c5f54f13869e62de8f01f4915615208f\" class=\"hero site-banner section-default default alignfull\">\r\n\r\n    <div class=\"site-banner-bg section-bg-image \" >\r\n\r\n        <img loading=\"lazy\" decoding=\"async\" width=\"1920\" height=\"600\" src=\"https:\/\/sykli.fi\/demo\/wp-content\/uploads\/2022\/09\/logistiikka.jpg\" class=\"attachment-1536\u00d71536 size-1536\u00d71536\" alt=\"Rekka-auto kulkee tiet\u00e4 pitkin ja edess\u00e4 kaunis auringonlasku.\" srcset=\"https:\/\/sykli.fi\/demo\/wp-content\/uploads\/2022\/09\/logistiikka.jpg 1920w, https:\/\/sykli.fi\/demo\/wp-content\/uploads\/2022\/09\/logistiikka-300x94.jpg 300w, https:\/\/sykli.fi\/demo\/wp-content\/uploads\/2022\/09\/logistiikka-1024x320.jpg 1024w, https:\/\/sykli.fi\/demo\/wp-content\/uploads\/2022\/09\/logistiikka-768x240.jpg 768w, https:\/\/sykli.fi\/demo\/wp-content\/uploads\/2022\/09\/logistiikka-1536x480.jpg 1536w\" sizes=\"auto, (max-width: 1920px) 100vw, 1920px\" \/>\r\n        \r\n        \r\n            <div class=\"site-banner-content container\">\r\n                <div class=\"row w-100\">\r\n                    <div class=\"col-md-12\">\r\n                        <div class=\"hero-text-overlay\">\r\n                                                                <h1 class=\"hero-title\">ADR-kurssit<\/h1>\r\n                            <div class=\"inner-content\">\r\n                            <div class=\"acf-innerblocks-container\"><\/div>\r\n                        <\/div>                        <\/div>\r\n                    <\/div>\r\n                <\/div>\r\n            <\/div>\r\n\r\n        <\/section>\n\n\n<h2 class=\"wp-block-heading\">ADR-peruskurssi ja yhdistetty peruskurssi<\/h2>\n\n\n\n<p>Vaarallisten aineiden kuljettamiseen tarvitaan ADR-ajolupa. Perusajoluvalla voidaan kuljettaa vaarallisia aineita kappaletavarana lukuun ottamatta luokkia 1 (r\u00e4j\u00e4hteet) ja 7 (radioaktiiviset aineet). Perusajoluvan saa k\u00e4ym\u00e4ll\u00e4 18h + harjoitukset kest\u00e4v\u00e4n <strong>peruskurssin<\/strong> ja suorittamalla hyv\u00e4ksytysti ajolupakokeen. 26h + harjoitukset kest\u00e4v\u00e4ll\u00e4 <strong>yhdistetyll\u00e4 peruskurssilla<\/strong> ja kokeella saa perusajoluvan kaikkiin luokkiin (1-9).<br><br>Koulutus antaa kuljettajalle tiedot vaarallisten aineiden kuljetuksiin liittyvist\u00e4 riskeist\u00e4, perustiedot onnettomuuden v\u00e4ltt\u00e4miseksi sek\u00e4 tiedot onnettomuustilanteessa tarvittavista v\u00e4ltt\u00e4m\u00e4tt\u00f6mist\u00e4 toimenpiteist\u00e4 henkil\u00f6iden, omaisuuden ja ymp\u00e4rist\u00f6n suojaamiseksi. Koulutuksen j\u00e4lkeen kuljettajalla on sellaiset perustaidot ja tiedot, ett\u00e4 h\u00e4nell\u00e4 on edellytykset toimia turvallisena vaarallisten aineiden kuljettajana.<br><br>Koulutusten kohderyhm\u00e4n\u00e4 vaarallisten aineiden kuorma-autonkuljettajat.<br><\/p>\n\n\n\n<h4 class=\"wp-block-heading\">Peruskurssi<\/h4>\n\n\n\n<p>Kesto 18h. Ei luokkia 1 ja 7.<\/p>\n\n\n\n<p><em>1. p\u00e4iv\u00e4<\/em><\/p>\n\n\n\n<ul class=\"wp-block-list\">\n<li>Lains\u00e4\u00e4d\u00e4nn\u00f6n rakenne (ADR, VAK ja muut s\u00e4\u00e4nn\u00f6kset)<\/li>\n\n\n\n<li>Osapuolten vastuut ja velvoitteet vaarallisten aineiden kuljetuksissa<\/li>\n\n\n\n<li>Turvallisuusneuvonantaja<\/li>\n\n\n\n<li>Tietoa muista kuljetusmuodoista (perusasiat ainakin IMDG ja MoU)<\/li>\n\n\n\n<li>Luokitus ja aineiden vaaraominaisuudet<\/li>\n\n\n\n<li>M\u00e4\u00e4ritelm\u00e4t<\/li>\n\n\n\n<li>Pakkaukset, pakkaaminen, kollimerkinn\u00e4t<\/li>\n\n\n\n<li>Vapautukset, rajoitetut m\u00e4\u00e4r\u00e4t, poikkeusm\u00e4\u00e4r\u00e4t ja vapaaraja<\/li>\n\n\n\n<li>Yhteenkuormaus<\/li>\n<\/ul>\n\n\n\n<p><em>2. p\u00e4iv\u00e4<\/em><\/p>\n\n\n\n<ul class=\"wp-block-list\">\n<li>Ajolupavaatimukset<\/li>\n\n\n\n<li>Kuljetuksen asiakirjat<\/li>\n\n\n\n<li>J\u00e4tteiden siirto (ymp\u00e4rist\u00f6n suojelua koskevat tiedot j\u00e4tteiden siirron valvonnassa)<\/li>\n\n\n\n<li>Kuljetusyksik\u00f6n varusteet<\/li>\n\n\n\n<li>Kuljetusyksikk\u00f6\u00e4 ja ajoneuvoa koskevat vaatimukset sek\u00e4 ajoneuvon hyv\u00e4ksynt\u00e4<\/li>\n\n\n\n<li>Toiminta vaara- ja onnettomuustilanteissa<\/li>\n\n\n\n<li>Suojavarusteiden k\u00e4ytt\u00f6<\/li>\n\n\n\n<li>Ensiapu vaarallisten aineiden onnettomuustilanteissa<\/li>\n\n\n\n<li>Tulipalon sammuttaminen ja k\u00e4yt\u00e4nn\u00f6n sammutusharjoitus<\/li>\n<\/ul>\n\n\n\n<p><em>3. p\u00e4iv\u00e4<\/em><\/p>\n\n\n\n<ul class=\"wp-block-list\">\n<li>Kuljetusyksik\u00f6n merkint\u00e4<\/li>\n\n\n\n<li>Kuljetusrajoitukset, liikennemerkit<\/li>\n\n\n\n<li>Pys\u00e4k\u00f6iminen ja valvontam\u00e4\u00e4r\u00e4ykset (s-lausekkeet)<\/li>\n\n\n\n<li>Turvatoimia koskevat asiat, turvasuunnitelma<\/li>\n\n\n\n<li>Toimintaohjeet tunnelikuljetuksissa, kuljetusrajoitukset tunneleissa<\/li>\n\n\n\n<li>Kuormausta, purkamista ja kuljettamista koskevat m\u00e4\u00e4r\u00e4ykset<br><br><\/li>\n<\/ul>\n\n\n\n<h4 class=\"wp-block-heading\">Yhdistetty peruskurssi<\/h4>\n\n\n\n<p>Kaikki luokat, kesto 26h. Peruskurssin sis\u00e4lt\u00f6 lis\u00e4ttyn\u00e4 luokkien 1 (r\u00e4j\u00e4hteet) ja 7 (radioaktiiviset aineet).<br><\/p>\n\n\n\n<hr class=\"wp-block-separator has-alpha-channel-opacity\"\/>\n\n\n\n<h2 class=\"wp-block-heading\">ADR-s\u00e4ili\u00f6kurssit ja -erikoiskurssit<\/h2>\n\n\n\n<p>Koulutuksella t\u00e4ydennet\u00e4\u00e4n voimassa olevaa vaarallisten aineiden kuljetusten ADR-perusajolupaa. Ajoluvan laajennus ei vaikuta kuljettajan perusajoluvan voimassaoloaikaan. Kohderyhm\u00e4n\u00e4 vaarallisten aineiden kuorma-autonkuljettajat.<\/p>\n\n\n\n<p><strong>Kurssit<\/strong><\/p>\n\n\n\n<ul class=\"wp-block-list\">\n<li>S\u00e4ili\u00f6kuljetusten erikoiskurssi, lis\u00e4\u00e4 ajolupaan s\u00e4ili\u00f6kuljetusmuodon, kesto 12h<\/li>\n\n\n\n<li>R\u00e4j\u00e4hdeajolupakurssi, lis\u00e4\u00e4 ajolupaan oikeuden kuljettaa r\u00e4j\u00e4hteit\u00e4 (luokka 1), kesto 8h<\/li>\n\n\n\n<li>Radioaktiivisten aineiden ajolupakurssi, lis\u00e4\u00e4 ajolupaan oikeuden kuljettaa radioaktiivisia aineita (luokka), kesto 8h<br><\/li>\n<\/ul>\n\n\n\n<h4 class=\"wp-block-heading\">S\u00e4ili\u00f6kuljetusten erikoiskurssi<\/h4>\n\n\n\n<p><em>1. p\u00e4iv\u00e4<\/em><\/p>\n\n\n\n<ul class=\"wp-block-list\">\n<li>Lains\u00e4\u00e4d\u00e4nn\u00f6n rakenne (ADR, VAK ja muut s\u00e4\u00e4nn\u00f6kset)<\/li>\n\n\n\n<li>Vastuut ja velvollisuudet vaarallisten aineiden s\u00e4ili\u00f6kuljetuksissa<\/li>\n\n\n\n<li>S\u00e4ili\u00f6kuljetuksena kuljetettavien aineiden luokat<\/li>\n\n\n\n<li>M\u00e4\u00e4ritelm\u00e4t, ajolupavaatimukset, s\u00e4ilili\u00f6kuljetusten asiakirjat, kuljetusyksik\u00f6n varusteet<\/li>\n\n\n\n<li>Kuljetusyksikk\u00f6\u00e4 ja ajoneuvoa koskevat vaatimukset sek\u00e4 hyv\u00e4ksynn\u00e4t<\/li>\n\n\n\n<li>S\u00e4ili\u00f6iden hyv\u00e4ksynn\u00e4t, merkint\u00e4kilvet ja tarkastukset, s\u00e4ili\u00f6asiakirja<\/li>\n\n\n\n<li>S\u00e4ili\u00f6koodit ja s\u00e4ili\u00f6hierarkia<\/li>\n\n\n\n<li>S\u00e4ili\u00f6ajoneuvon k\u00e4ytt\u00e4ytyminen tiell\u00e4, kuorman liikkumisen vaikutukset<\/li>\n\n\n\n<li>Toiminta s\u00e4ili\u00f6ajoneuvon onnettomuus ja vuototilanteissa<\/li>\n\n\n\n<li>Harjoitusteht\u00e4vi\u00e4<\/li>\n<\/ul>\n\n\n\n<p><em>2. p\u00e4iv\u00e4<\/em><\/p>\n\n\n\n<ul class=\"wp-block-list\">\n<li>S\u00e4ili\u00f6kuljetusyksik\u00f6n merkint\u00e4<\/li>\n\n\n\n<li>Kuljetusrajoitukset s\u00e4ili\u00f6kuljetuksille, liikennemerkit<\/li>\n\n\n\n<li>Pys\u00e4k\u00f6iminen ja valvontam\u00e4\u00e4r\u00e4ykset (S-lausekkeet)<\/li>\n\n\n\n<li>Turvatoimia koskevat asiat, turvasuunnitelma<\/li>\n\n\n\n<li>Turvallisuus tunnelikuljetuksissa, kuljetusrajoitukset tunneleissa<\/li>\n\n\n\n<li>S\u00e4ili\u00f6iden t\u00e4ytt\u00f6\u00e4 ja purkausta koskevat m\u00e4\u00e4r\u00e4ykset ja menetelm\u00e4t<\/li>\n\n\n\n<li>S\u00e4ili\u00f6iden puhdistus, kaasulla desinfioitujenkonttien ja s\u00e4ili\u00f6iden puhdistus<\/li>\n\n\n\n<li>Harjoitusteht\u00e4vi\u00e4<\/li>\n<\/ul>\n\n\n\n<h4 class=\"wp-block-heading\">Luokan 1 erikoiskurssi<\/h4>\n\n\n\n<p>R\u00e4j\u00e4hteiden kuljetuksiin liittyv\u00e4t eritysvaatimukset.<br><\/p>\n\n\n\n<h4 class=\"wp-block-heading\">Luokan 7 erikoiskurssi<\/h4>\n\n\n\n<p>Radioaktiivisten aineiden kuljetuksiin liittyv\u00e4t eritysvaatimukset.<\/p>\n\n\n\n<hr class=\"wp-block-separator has-alpha-channel-opacity\"\/>\n\n\n\n<h2 class=\"wp-block-heading\">ADR-t\u00e4ydennyskurssit<\/h2>\n\n\n\n<p>Vaarallisten aineiden kuljetusten ADR-ajolupa on voimassa 5 vuotta. T\u00e4ydennyskoulutuksen tarkoituksena on saattaa vaarallisten aineiden kuljettajan tiedot ajan tasalle. T\u00e4ydennyskoulutus ja sit\u00e4 vastaava koe on suoritettava ennen aikaisemmin my\u00f6nnetyn ajoluvan voimassaolon p\u00e4\u00e4ttymist\u00e4. Kohderyhm\u00e4 on vaarallisten aineiden kuorma-autonkuljettajat.<\/p>\n\n\n\n<p><strong>Kurssit<\/strong><\/p>\n\n\n\n<ul class=\"wp-block-list\">\n<li>Perusajolupa (ei luokkia 1 ja 7), kesto 9 h<\/li>\n\n\n\n<li>Perus- ja r\u00e4j\u00e4hdeajolupa (ei sis\u00e4ll\u00e4 luokan 7 ajolupaa), kesto 13h<\/li>\n\n\n\n<li>Perus- ja radioaktiivisten aineiden ajolupa (ei sis\u00e4ll\u00e4 luokan 1 ajolupaa), kesto 13h<\/li>\n\n\n\n<li>Yhdistetty perusajolupa (sis\u00e4lt\u00e4\u00e4 luokat 1-9), kesti 13h<\/li>\n\n\n\n<li>Perus- ja s\u00e4ili\u00f6ajolupa (ei sis\u00e4ll\u00e4 luokkia 1 ja 7), kesto 15 h<\/li>\n\n\n\n<li>Perus-, luokan 1- ja s\u00e4ili\u00f6ajolupa, kesto 19h<\/li>\n\n\n\n<li>Perus-, luokan 7- ja s\u00e4ili\u00f6ajolupa, kesto 19h<\/li>\n\n\n\n<li>Yhdistetty perus- ja s\u00e4ili\u00f6ajolupa (sis\u00e4lt\u00e4\u00e4 luokat 1-9), kesto 19h<\/li>\n<\/ul>\n\n\n\n<h4 class=\"wp-block-heading\">T\u00e4ydennysperuskurssi<\/h4>\n\n\n\n<ul class=\"wp-block-list\">\n<li>Uudet tekniikat<\/li>\n\n\n\n<li>Lains\u00e4\u00e4d\u00e4nt\u00f6muutokset<\/li>\n\n\n\n<li>Turvatoimet<\/li>\n\n\n\n<li>Turvallisuussuunnitelma<\/li>\n\n\n\n<li>Vaaralliset aiheet<\/li>\n<\/ul>\n\n\n\n<h4 class=\"wp-block-heading\">S\u00e4ili\u00f6kuljetusten t\u00e4ydennyskurssi<\/h4>\n\n\n\n<ul class=\"wp-block-list\">\n<li>P\u00e4ivitet\u00e4\u00e4n tiedot s\u00e4ili\u00f6kuljetuksiin liittyv\u00e4st\u00e4 kalustosta ja lains\u00e4\u00e4d\u00e4nn\u00f6st\u00e4<\/li>\n\n\n\n<li>Kerrataan vaarallisten aineiden kuljetuksiin liittyvi\u00e4 riskej\u00e4<\/li>\n\n\n\n<li>Annetaan ajan tasalla oleva tietoa onnettomuuksien ja ymp\u00e4rist\u00f6vahinkojen est\u00e4miseksi<\/li>\n<\/ul>\n\n\n\n<h4 class=\"wp-block-heading\">Luokan 1 t\u00e4ydennyskurssi<\/h4>\n\n\n\n<p>P\u00e4ivitet\u00e4\u00e4n tiedot r\u00e4j\u00e4hdekuljetusten erityisvaatimuksista kuljetuksissa.<\/p>\n\n\n\n<h4 class=\"wp-block-heading\">Luokan 7 t\u00e4ydennyskurssi<\/h4>\n\n\n\n<p>P\u00e4ivitet\u00e4\u00e4n tiedot radioaktiivisten aineiden eritysvaatimuksista kuljetuksissa.<\/p>\n\n\n\n<h4 class=\"wp-block-heading\">Yhdistetty t\u00e4ydennyskurssi<\/h4>\n\n\n\n<p>Kahden p\u00e4iv\u00e4n yhdistetyll\u00e4 t\u00e4ydennyskurssilla p\u00e4ivitet\u00e4\u00e4n kuljettajan tiedot kaikki luokat<br>sis\u00e4lt\u00e4v\u00e4\u00e4n perusajolupaan sek\u00e4 s\u00e4ili\u00f6lupaan<\/p>\n\n\n\n<hr class=\"wp-block-separator has-alpha-channel-opacity\"\/>\n\n\n\n<h2 class=\"wp-block-heading\">Ammattip\u00e4tevyysmerkint\u00e4<\/h2>\n\n\n\n<p>Mik\u00e4li ADR-ajolupakoulutus halutaan hyv\u00e4ksilukea osana kuorma- ja linja-auton kuljettajien ammattip\u00e4tevyyden jatkokoulutusta, ADR-ajolupakoulutuksen j\u00e4rjest\u00e4j\u00e4n tulee tehd\u00e4 ilmoitus ADR-ajolupakoulutuksen suorittaneista lomakkeella E723. Lomakkeella olevien tietojen perusteella koulutettaville merkit\u00e4\u00e4n hyv\u00e4ksiluku liikenneasioiden rekisteriin.<\/p>\n\n\n\n<ul class=\"wp-block-list\">\n<li>Jos ADR-ajolupakoulutuksen kesto on seitsem\u00e4n tuntia tai enemm\u00e4n, mutta alle 14 tuntia ammattip\u00e4tevyyskoulutukseen hyv\u00e4ksiluettavan koulutuksen m\u00e4\u00e4r\u00e4 on yksi (1) seitsem\u00e4n tunnin jakso 35 tunnin jatkokoulutuksesta<\/li>\n\n\n\n<li>Jos ADR-ajolupakoulutuksen kesto on 14 tuntia tai enemm\u00e4n, ammattip\u00e4tevyyskoulutukseen hyv\u00e4ksiluettavan koulutuksen m\u00e4\u00e4r\u00e4 on kaksi (2) seitsem\u00e4n tunnin jaksoa 35 tunnin jatkokoulutuksesta<\/li>\n<\/ul>\n\n\n\n<p>Vaarallisten aineiden kuljettajan ajolupaa varten annettavasta koulutuksesta voi saada&nbsp;enint\u00e4\u00e4n kaksi jatkokoulutusp\u00e4iv\u00e4\u00e4 35 tunnin koulutusjaksoon.&nbsp;<\/p>\n\n\n\n<p>Hyv\u00e4ksiluku ei ole riippuvainen ADR-ajolupakokeen suorittamisesta tai sen laajuudesta.<\/p>\n\n\n\n<hr class=\"wp-block-separator has-alpha-channel-opacity\"\/>\n\n\n<h2>Kysy lis\u00e4\u00e4 ja pyyd\u00e4 tarjous<\/h2>\r\n<div class=\"row\">\r\n                                <div class=\"col-md-6\">\r\n                    <div class=\"staff-box\">\r\n                        <div class=\"row\">\r\n                            <div class=\"col-4\">\r\n                                <img loading=\"lazy\" decoding=\"async\" width=\"150\" height=\"250\" src=\"https:\/\/sykli.fi\/demo\/wp-content\/uploads\/2022\/09\/taru-uotila-2022-nettisivuille-mv.jpg\" class=\"attachment-post-thumbnail size-post-thumbnail wp-post-image\" alt=\"\" \/>                            <\/div>\r\n                            <div class=\"col-8\">\r\n                                <h3>Taru Uotila<\/h3>\r\n                                Johtaja, hankkeet ja kehitt\u00e4minen                                <ul>\r\n                                    <li><svg xmlns=\"http:\/\/www.w3.org\/2000\/svg\" width=\"16\" height=\"16\" fill=\"currentColor\" class=\"bi bi-telephone-fill\" viewBox=\"0 0 16 16\">\r\n                                <path fill-rule=\"evenodd\" d=\"M1.885.511a1.745 1.745 0 0 1 2.61.163L6.29 2.98c.329.423.445.974.315 1.494l-.547 2.19a.678.678 0 0 0 .178.643l2.457 2.457a.678.678 0 0 0 .644.178l2.189-.547a1.745 1.745 0 0 1 1.494.315l2.306 1.794c.829.645.905 1.87.163 2.611l-1.034 1.034c-.74.74-1.846 1.065-2.877.702a18.634 18.634 0 0 1-7.01-4.42 18.634 18.634 0 0 1-4.42-7.009c-.362-1.03-.037-2.137.703-2.877L1.885.511z\"\/>\r\n                              <\/svg> <a href=\"tel:+358503701414\">050 370 1414<\/a><\/li><li><svg xmlns=\"http:\/\/www.w3.org\/2000\/svg\" width=\"16\" height=\"16\" fill=\"currentColor\" class=\"bi bi-envelope-fill\" viewBox=\"0 0 16 16\">\r\n                                <path d=\"M.05 3.555A2 2 0 0 1 2 2h12a2 2 0 0 1 1.95 1.555L8 8.414.05 3.555ZM0 4.697v7.104l5.803-3.558L0 4.697ZM6.761 8.83l-6.57 4.027A2 2 0 0 0 2 14h12a2 2 0 0 0 1.808-1.144l-6.57-4.027L8 9.586l-1.239-.757Zm3.436-.586L16 11.801V4.697l-5.803 3.546Z\"\/>\r\n                              <\/svg> <a href=\"mailto:taru.uotila@sykli.fi\">taru.uotila@sykli.fi<\/a><\/li>                                <\/ul>\r\n                            <\/div>\r\n                        <\/div>\r\n                    <\/div>\r\n                <\/div>\r\n    <\/div>","protected":false},"excerpt":{"rendered":"<p>ADR-peruskurssi ja yhdistetty peruskurssi Vaarallisten aineiden kuljettamiseen tarvitaan ADR-ajolupa. Perusajoluvalla voidaan kuljettaa vaarallisia aineita kappaletavarana lukuun ottamatta luokkia 1 (r\u00e4j\u00e4hteet) [&hellip;]<\/p>\n","protected":false},"author":2,"featured_media":61848,"parent":62070,"menu_order":0,"comment_status":"closed","ping_status":"closed","template":"","meta":{"_acf_changed":false,"footnotes":""},"class_list":["post-63572","page","type-page","status-publish","has-post-thumbnail","hentry"],"acf":[],"_links":{"self":[{"href":"https:\/\/sykli.fi\/demo\/wp-json\/wp\/v2\/pages\/63572","targetHints":{"allow":["GET"]}}],"collection":[{"href":"https:\/\/sykli.fi\/demo\/wp-json\/wp\/v2\/pages"}],"about":[{"href":"https:\/\/sykli.fi\/demo\/wp-json\/wp\/v2\/types\/page"}],"author":[{"embeddable":true,"href":"https:\/\/sykli.fi\/demo\/wp-json\/wp\/v2\/users\/2"}],"replies":[{"embeddable":true,"href":"https:\/\/sykli.fi\/demo\/wp-json\/wp\/v2\/comments?post=63572"}],"version-history":[{"count":2,"href":"https:\/\/sykli.fi\/demo\/wp-json\/wp\/v2\/pages\/63572\/revisions"}],"predecessor-version":[{"id":66109,"href":"https:\/\/sykli.fi\/demo\/wp-json\/wp\/v2\/pages\/63572\/revisions\/66109"}],"up":[{"embeddable":true,"href":"https:\/\/sykli.fi\/demo\/wp-json\/wp\/v2\/pages\/62070"}],"wp:featuredmedia":[{"embeddable":true,"href":"https:\/\/sykli.fi\/demo\/wp-json\/wp\/v2\/media\/61848"}],"wp:attachment":[{"href":"https:\/\/sykli.fi\/demo\/wp-json\/wp\/v2\/media?parent=63572"}],"curies":[{"name":"wp","href":"https:\/\/api.w.org\/{rel}","templated":true}]}}