{"id":63274,"date":"2023-03-31T14:33:39","date_gmt":"2023-03-31T11:33:39","guid":{"rendered":"http:\/\/localhost\/sykli\/?page_id=63274"},"modified":"2026-01-20T13:16:24","modified_gmt":"2026-01-20T11:16:24","slug":"syklin-vastuullisuus-ja-laatulupaus","status":"publish","type":"page","link":"https:\/\/sykli.fi\/demo\/sykli\/syklin-vastuullisuus\/syklin-vastuullisuus-ja-laatulupaus\/","title":{"rendered":"Syklin laatu- ja vastuullisuuslupaus"},"content":{"rendered":"\r\n<section id=\"hero-block_9a375583bafd80dfa8cbec50075c7c99\" class=\"hero site-banner section-default default alignfull\">\r\n\r\n    <div class=\"site-banner-bg section-bg-image \" >\r\n\r\n        <img loading=\"lazy\" decoding=\"async\" width=\"1000\" height=\"667\" src=\"https:\/\/sykli.fi\/demo\/wp-content\/uploads\/2023\/04\/shutterstock_760733977-syklin-vastuullisuus-1.jpg\" class=\"attachment-1536\u00d71536 size-1536\u00d71536\" alt=\"Taimi mullassa.\" srcset=\"https:\/\/sykli.fi\/demo\/wp-content\/uploads\/2023\/04\/shutterstock_760733977-syklin-vastuullisuus-1.jpg 1000w, https:\/\/sykli.fi\/demo\/wp-content\/uploads\/2023\/04\/shutterstock_760733977-syklin-vastuullisuus-1-300x200.jpg 300w, https:\/\/sykli.fi\/demo\/wp-content\/uploads\/2023\/04\/shutterstock_760733977-syklin-vastuullisuus-1-768x512.jpg 768w\" sizes=\"auto, (max-width: 1000px) 100vw, 1000px\" \/>\r\n        \r\n        \r\n            <div class=\"site-banner-content container\">\r\n                <div class=\"row w-100\">\r\n                    <div class=\"col-md-12\">\r\n                        <div class=\"hero-text-overlay\">\r\n                                                                <h1 class=\"hero-title\">Syklin laatu- ja vastuullisuuslupaus<\/h1>\r\n                            <div class=\"inner-content\">\r\n                            <div class=\"acf-innerblocks-container\"><\/div>\r\n                        <\/div>                        <\/div>\r\n                    <\/div>\r\n                <\/div>\r\n            <\/div>\r\n\r\n        <\/section>\n\n\n<h2 class=\"wp-block-heading\">Syklin&nbsp;laatu- ja vastuullisuuslupaus&nbsp;<\/h2>\n\n\n\n<div style=\"height:14px\" aria-hidden=\"true\" class=\"wp-block-spacer\"><\/div>\n\n\n\n<p>Syklin perusteht\u00e4v\u00e4 on edist\u00e4\u00e4 organisaatioiden, asiantuntijoiden ja ammattilaisten kest\u00e4v\u00e4n kehityksen ja kiertotalouden osaamista. Toimimme valtakunnallisesti kouluttajina, asiantuntijoina ja kehitt\u00e4jin\u00e4 tutkintokoulutuksessa, palveluliiketoiminnassa ja hanketoiminnassa.&nbsp;<\/p>\n\n\n\n<p>Sykli sitoutuu kokonaisvaltaiseen, l\u00e4pileikkaavaan ja sis\u00e4\u00e4nrakennettuun vastuullisuuteen kaikessa toiminnassaan.\u00a0Laatu ja vastuullisuus muodostavat yhten\u00e4isen kokonaisuuden, jota ohjaavat\u00a0ammatillisen koulutuksen laadunhallinnan\u00a0ohjeet ja suositukset,\u00a0Syklin <a href=\"https:\/\/sykli.fi\/demo\/sykli\/syklin-vastuullisuus\/syklin-kestavyystiekartta-2025-2030\/\" target=\"_blank\" rel=\"noreferrer noopener\">kest\u00e4vyystiekartta<\/a>\u00a0sek\u00e4 kansalliset ja kansainv\u00e4liset\u00a0vastuullisuussitoumukset ja sertifikaatit\u00a0<a href=\"https:\/\/sykli.fi\/demo\/sykli\/syklin-vastuullisuus\/syklin-sertifikaatit-ja-sitoumukset\/\" target=\"_blank\" rel=\"noreferrer noopener\">Syklin sertifikaatit ja sitoumukset &#8211; Suomen ymp\u00e4rist\u00f6opisto SYKLI<\/a>.\u00a0Tarkastelemme kest\u00e4vyytt\u00e4 ekologisena, sosiaalisena ja taloudellisena kokonaisuutena, jossa my\u00f6s hyv\u00e4 hallinto ja henkil\u00f6st\u00f6n hyvinvointi ovat keskeisi\u00e4.\u00a0Raportoimme\u00a0kest\u00e4vyysty\u00f6st\u00e4mme vuosittain.\u00a0<\/p>\n\n\n\n<p>Vastuulliset&nbsp;ja laadukkaat&nbsp;toimintatavat n\u00e4kyv\u00e4t kaikissa Syklin palveluissa ja koulutuksissa, joista&nbsp;esimerkkin\u00e4&nbsp;tutkintokoulutuksen&nbsp;eri osaamisalojen vastuullisuuden osaamislupaukset. Huomioimme&nbsp;laadun ja&nbsp;kest\u00e4vyyden sis\u00e4ll\u00f6iss\u00e4, toteutustavoissa ja oppimisymp\u00e4rist\u00f6iss\u00e4.&nbsp;V\u00e4henn\u00e4mme&nbsp;toimintamme ymp\u00e4rist\u00f6vaikutuksia mm.&nbsp;matkustusta optimoimalla ja suosimalla v\u00e4h\u00e4p\u00e4\u00e4st\u00f6isi\u00e4 ratkaisuja. Toimimme esimerkkin\u00e4 ja jaamme hyvi\u00e4 k\u00e4yt\u00e4nt\u00f6j\u00e4 opiskelijoille, asiakkaille ja kumppaneille.&nbsp;<\/p>\n\n\n\n<p>Syklin toiminta pohjautuu asiakkaiden, yhteiskunnan ja planeetan tarpeisiin. Lupaamme kaikille asiakasryhmillemme laadukasta, vastuullista ja asiakasl\u00e4ht\u00f6ist\u00e4 toimintaa. Kehit\u00e4mme koulutuksia, palveluja ja hankkeita yhteisty\u00f6ss\u00e4 asiakkaiden ja sidosryhmien kanssa, perustuen tietoon, palautteeseen ja vaikuttavuuden seurantaan. Kehitt\u00e4minen on tavoitteellista ja osa jokaisen&nbsp;syklil\u00e4isen&nbsp;ty\u00f6t\u00e4.&nbsp;<\/p>\n\n\n\n<p>Koulutamme ja tuemme toimijoita, jotka viev\u00e4t kest\u00e4v\u00e4\u00e4 kehityst\u00e4 eteenp\u00e4in omissa organisaatioissaan ja yhteiskunnassa. Hanketoiminnassa kehit\u00e4mme uusia ratkaisuja, menetelmi\u00e4 ja osaamista, joilla kest\u00e4vyys ja kiertotalous jalkautuvat k\u00e4yt\u00e4nn\u00f6n toiminnaksi. Haluamme olla rohkea ja luotettava edell\u00e4k\u00e4vij\u00e4 ty\u00f6el\u00e4m\u00e4n kest\u00e4v\u00e4n kehityksen ja kiertotalouden edist\u00e4misess\u00e4.&nbsp;<\/p>\n\n\n\n<p>Me Sykliss\u00e4 lupaamme, ett\u00e4:&nbsp;<\/p>\n\n\n\n<ul class=\"wp-block-list\">\n<li><strong>Laatu ja vastuullisuus ohjaavat kaikkea toimintaamme<\/strong>&nbsp;\u2013 koulutusta, palveluliiketoimintaa ja hanketoimintaa \u2013 ja n\u00e4kyv\u00e4t p\u00e4\u00e4t\u00f6ksenteossa sek\u00e4 arjen k\u00e4yt\u00e4nn\u00f6iss\u00e4.&nbsp;<\/li>\n<\/ul>\n\n\n\n<ul class=\"wp-block-list\">\n<li><strong>Edist\u00e4mme ekologista, sosiaalista ja taloudellista kest\u00e4vyytt\u00e4 kokonaisuutena<\/strong>, huomioiden asiakkaiden, henkil\u00f6st\u00f6n, yhteisty\u00f6kumppaneiden ja yhteiskunnan tarpeet.&nbsp;<\/li>\n<\/ul>\n\n\n\n<ul class=\"wp-block-list\">\n<li><strong>Tarjoamme kaikille asiakasryhmille laadukasta, vastuullista ja yhdenvertaista palvelua<\/strong>, jossa noudatamme turvallisemman tilan periaatteita ja kunnioittavaa vuorovaikutusta.&nbsp;<\/li>\n<\/ul>\n\n\n\n<ul class=\"wp-block-list\">\n<li><strong>Kehit\u00e4mme toimintaamme jatkuvasti ja tavoitteellisesti<\/strong>, perustuen tietoon, palautteeseen, arviointiin ja vaikuttavuuden seurantaan.&nbsp;<\/li>\n<\/ul>\n\n\n\n<ul class=\"wp-block-list\">\n<li><strong>Huolehdimme henkil\u00f6st\u00f6n osaamisesta, hyvinvoinnista ja osallisuudesta<\/strong>, jotta jokaisella on edellytykset tehd\u00e4 merkityksellist\u00e4 ja vaikuttavaa ty\u00f6t\u00e4.&nbsp;<\/li>\n<\/ul>\n\n\n\n<ul class=\"wp-block-list\">\n<li><strong>Toimimme aktiivisena ja luotettavana kumppanina kest\u00e4v\u00e4n kehityksen edist\u00e4misess\u00e4<\/strong>, rakennamme kest\u00e4vyysosaamista yhdess\u00e4 verkostojen kanssa ja viemme sit\u00e4 k\u00e4yt\u00e4nt\u00f6\u00f6n rohkeasti.&nbsp;<\/li>\n<\/ul>\n\n\n\n<div style=\"height:29px\" aria-hidden=\"true\" class=\"wp-block-spacer\"><\/div>\n\n\n\n<p>Helsingiss\u00e4 19.12.2025&nbsp;<\/p>\n\n\n\n<p><strong><em>Mia O\u2019Neill<\/em>&nbsp;<\/strong><br>rehtori, toimitusjohtaja&nbsp;<\/p>\n\n\n\n<p><\/p>\n","protected":false},"excerpt":{"rendered":"<p>Syklin&nbsp;laatu- ja vastuullisuuslupaus&nbsp; Syklin perusteht\u00e4v\u00e4 on edist\u00e4\u00e4 organisaatioiden, asiantuntijoiden ja ammattilaisten kest\u00e4v\u00e4n kehityksen ja kiertotalouden osaamista. Toimimme valtakunnallisesti kouluttajina, asiantuntijoina [&hellip;]<\/p>\n","protected":false},"author":2,"featured_media":63710,"parent":1631,"menu_order":0,"comment_status":"closed","ping_status":"closed","template":"","meta":{"_acf_changed":false,"footnotes":""},"class_list":["post-63274","page","type-page","status-publish","has-post-thumbnail","hentry"],"acf":[],"_links":{"self":[{"href":"https:\/\/sykli.fi\/demo\/wp-json\/wp\/v2\/pages\/63274","targetHints":{"allow":["GET"]}}],"collection":[{"href":"https:\/\/sykli.fi\/demo\/wp-json\/wp\/v2\/pages"}],"about":[{"href":"https:\/\/sykli.fi\/demo\/wp-json\/wp\/v2\/types\/page"}],"author":[{"embeddable":true,"href":"https:\/\/sykli.fi\/demo\/wp-json\/wp\/v2\/users\/2"}],"replies":[{"embeddable":true,"href":"https:\/\/sykli.fi\/demo\/wp-json\/wp\/v2\/comments?post=63274"}],"version-history":[{"count":3,"href":"https:\/\/sykli.fi\/demo\/wp-json\/wp\/v2\/pages\/63274\/revisions"}],"predecessor-version":[{"id":73489,"href":"https:\/\/sykli.fi\/demo\/wp-json\/wp\/v2\/pages\/63274\/revisions\/73489"}],"up":[{"embeddable":true,"href":"https:\/\/sykli.fi\/demo\/wp-json\/wp\/v2\/pages\/1631"}],"wp:featuredmedia":[{"embeddable":true,"href":"https:\/\/sykli.fi\/demo\/wp-json\/wp\/v2\/media\/63710"}],"wp:attachment":[{"href":"https:\/\/sykli.fi\/demo\/wp-json\/wp\/v2\/media?parent=63274"}],"curies":[{"name":"wp","href":"https:\/\/api.w.org\/{rel}","templated":true}]}}