{"id":62686,"date":"2023-03-21T10:10:52","date_gmt":"2023-03-21T08:10:52","guid":{"rendered":"http:\/\/localhost\/sykli\/?page_id=62686"},"modified":"2025-06-27T10:48:56","modified_gmt":"2025-06-27T07:48:56","slug":"f-e-c-koulutukset","status":"publish","type":"page","link":"https:\/\/sykli.fi\/demo\/hakijalle\/haku-tyovoimakoulutuksiin\/f-e-c-koulutukset\/","title":{"rendered":"F.E.C -koulutukset"},"content":{"rendered":"\r\n<section id=\"hero-block_a56bb6cc0d166241ce4874089f4ad037\" class=\"hero site-banner section-default default alignfull\">\r\n\r\n    <div class=\"site-banner-bg section-bg-image \" >\r\n\r\n        <img loading=\"lazy\" decoding=\"async\" width=\"1000\" height=\"563\" src=\"https:\/\/sykli.fi\/demo\/wp-content\/uploads\/2023\/06\/shutterstock_1957121446-haku-tyovoimakoul.jpg\" class=\"attachment-1536\u00d71536 size-1536\u00d71536\" alt=\"\" srcset=\"https:\/\/sykli.fi\/demo\/wp-content\/uploads\/2023\/06\/shutterstock_1957121446-haku-tyovoimakoul.jpg 1000w, https:\/\/sykli.fi\/demo\/wp-content\/uploads\/2023\/06\/shutterstock_1957121446-haku-tyovoimakoul-300x169.jpg 300w, https:\/\/sykli.fi\/demo\/wp-content\/uploads\/2023\/06\/shutterstock_1957121446-haku-tyovoimakoul-768x432.jpg 768w\" sizes=\"auto, (max-width: 1000px) 100vw, 1000px\" \/>\r\n        \r\n        \r\n            <div class=\"site-banner-content container\">\r\n                <div class=\"row w-100\">\r\n                    <div class=\"col-md-12\">\r\n                        <div class=\"hero-text-overlay\">\r\n                                                                <h1 class=\"hero-title\">F.E.C -koulutukset<\/h1>\r\n                            <div class=\"inner-content\">\r\n                            <div class=\"acf-innerblocks-container\"><\/div>\r\n                        <\/div>                        <\/div>\r\n                    <\/div>\r\n                <\/div>\r\n            <\/div>\r\n\r\n        <\/section>\n\n\n<h1 class=\"wp-block-heading\">Syklin F.E.C -koulutukset<\/h1>\n\n\n\n<p>Further Educated with Companies F.E.C \u2013 ohjelma on ty\u00f6voimakoulutusta, jonka tavoitteena on tukea\u202fty\u00f6nhakijan\u202furakehityst\u00e4 ja ty\u00f6llistymist\u00e4.\u202fOhjelma\u202ftoteutetaan yhteisty\u00f6ss\u00e4 ty\u00f6voimaviranomaisten kanssa.\u202fKoulutus on osallistujalle maksuton. Koulutuksen ajalta opiskelijalle ei makseta palkkaa, mutta opiskelija on oikeutettu ty\u00f6tt\u00f6myysetuuksiin.<br><br>Huomioithan, ett\u00e4 ty\u00f6nhakusi tulee olla voimassa. <\/p>\n\n\n\n<p><strong>Koulutukseen hakeutuminen<\/strong><br>Koulutukseen hakeutuminen tapahtuu kahdessa vaiheessa.<\/p>\n\n\n\n<ol class=\"wp-block-list\">\n<li><strong>Hakemusten l\u00e4hett\u00e4minen<\/strong><br>Koulutushakemusten l\u00e4hett\u00e4minen ty\u00f6voimapalveluille<br>T\u00e4yt\u00e4 ensin\u202fhakulomake ty\u00f6voimapalveluille. L\u00f6yd\u00e4t hakulomakkeen <a href=\"https:\/\/koulutukset.te-palvelut.fi\/kt\/\">Ty\u00f6markkinatorilta<\/a>. Kirjoita\u202fsanahakuun \u201dSykli\u201d tai koulutuksen numero.<br><br>Ty\u00f6voimaviranomaiset arvioivat\u202fhakemusten perustella\u202ft\u00e4ytt\u00e4\u00e4k\u00f6 hakija koulutukselle asetetut p\u00e4\u00e4syvaatimukset\u202fja tekee p\u00e4\u00e4t\u00f6ksen, keiden kanssa hakuprosessia jatketaan.\u202fHakijan omalla motivaatiolla ja kiinnostuksella on\u202ft\u00e4rke\u00e4 rooli koulutusohjelmaan haettaessa.<br><br><strong>Koulutuskohtainen haku Syklin Laura -rekrytointij\u00e4rjestelm\u00e4\u00e4n<\/strong><br><br>T\u00e4yt\u00e4 haku LAURA -j\u00e4rjestelm\u00e4\u00e4mme. Linkin l\u00f6yd\u00e4t kunkin koulutuksen kohdalta. Sykli\u202fhaastattelee\u202fjatkoon p\u00e4\u00e4sseet\u202fhakijat.<br><br><\/li>\n\n\n\n<li><strong>Yhteisty\u00f6yrityksen etsiminen<\/strong><br>T\u00e4st\u00e4 vaiheesta k\u00e4ynnistyy hakuprosessin toinen vaihe, eli yhteisty\u00f6organisaation\u202fetsiminen.\u202fKoulutuspaikan saaminen edellytt\u00e4\u00e4, ett\u00e4 hakijalle l\u00f6ytyy sopiva yhteisty\u00f6organisaatio, jossa ty\u00f6ss\u00e4oppiminen tapahtuu. Huomioithan, ett\u00e4 koulutuspaikat t\u00e4ytet\u00e4\u00e4n siin\u00e4 j\u00e4rjestyksess\u00e4, kun yhteisty\u00f6organisaatiot\u202fl\u00f6ytyv\u00e4t.<\/li>\n<\/ol>\n\n\n\r\n<div class=\"accordion default\" id=\"accordion-accordion-block_8884cac7a4f06db546bbbdeec6b4bc2f\">\r\n\r\n    <div class=\"acf-innerblocks-container\">\n<div class=\"accordion-item\">\r\n\r\n    <h2 class=\"accordion-header\" id=\"heading-block_fb20a40f9ff59828c94e78955eb08064\">\r\n        <button class=\"accordion-button collapsed h3\" type=\"button\" data-bs-toggle=\"collapse\" data-bs-target=\"#collapse-block_fb20a40f9ff59828c94e78955eb08064\" aria-expanded=\"false\" aria-controls=\"collapse-block_fb20a40f9ff59828c94e78955eb08064\">\r\n                        F.E.C -koulutusohjelman usein kysytyt kysymykset        <\/button>\r\n    <\/h2>\r\n    <div id=\"collapse-block_fb20a40f9ff59828c94e78955eb08064\" class=\"accordion-collapse collapse\" aria-labelledby=\"heading-block_fb20a40f9ff59828c94e78955eb08064\">\r\n        <div class=\"accordion-body\">\r\n            <div class=\"acf-innerblocks-container\">\n\n<p><strong>Voinko osallistua koulutukseen, jos olen osa-aikaty\u00f6ss\u00e4 tai olen j\u00e4\u00e4m\u00e4ss\u00e4 ty\u00f6tt\u00f6m\u00e4ksi?<\/strong><br>Ty\u00f6voimaviranomainen tarkistaa jokaisen hakijan tilanteen aina erikseen koulutuksen hakuvaiheessa eli soveltuuko hakija koulutusohjelmaan ja onko h\u00e4nell\u00e4 edellytykset tulla valituksi. Yleisesti ottaen ty\u00f6tt\u00f6myysuhka on hyv\u00e4ksytt\u00e4v\u00e4 syy tulla valituksi koulutukseen, mik\u00e4li taustalla ei ole muita valintaan vaikuttavia tekij\u00f6it\u00e4, esimerkiksi keskener\u00e4iset opinnot ja yritt\u00e4jyys voi tietyss\u00e4 tilanteessa olla este.<\/p>\n\n\n\n<p><strong>Saanko opiskelun aikana palkkaa yrityksest\u00e4?<\/strong><br>Mink\u00e4laisen korvauksen saan koulutusajalta? Koulutuksen aikana on oikeutettu tukeen, jota saa my\u00f6s ty\u00f6tt\u00f6m\u00e4n\u00e4 ollessa. Opiskelija saa ty\u00f6tt\u00f6myysetuutta koulutusjakson aikana, riippuen opiskelijan omasta sen hetkisest\u00e4 tilanteesta, joko ansiosidonnaista p\u00e4iv\u00e4rahaa, perusp\u00e4iv\u00e4rahaa tai ty\u00f6markkinatukea. Lis\u00e4ksi korotusosa, jos koulutus mainitaan ty\u00f6llistymissuunnitelmassa ja yll\u00e4pitokorvaus. M\u00e4\u00e4r\u00e4n voi tarkistaa suoraan oman etuuden maksajalta. Yritys ei maksa palkkaa koulutusjakson aikana.<\/p>\n\n\n\n<p><strong>Joudunko itse etsim\u00e4\u00e4n ty\u00f6jaksopaikan vai autetaanko minua paikan etsimisess\u00e4?<\/strong><br>Syklill\u00e4 on olemassa oma verkosto, jonka kautta yrityksi\u00e4 informoidaan\/kontaktoidaan hyviss\u00e4 ajoin ennen koulutuksen alkua ja my\u00f6s koulutusohjelman aikana. Ty\u00f6jaksopaikan etsimisess\u00e4 on t\u00e4rke\u00e4\u00e4 hakijan oma intressi, jotta saavutetaan paras mahdollinen tulos eli ty\u00f6jaksopaikka varmistuu. Ihannetilanne on hakijan omaa mielenkiintoa vastaava ty\u00f6jaksopaikka. Ty\u00f6jaksopaikan hakemisessa avustetaan. Opiskelijana koulutuksessa on vasta silloin, kun on hyv\u00e4ksytty hakijaksi viranomaistaholta ja ty\u00f6jaksopaikka on l\u00f6ytynyt ja koulutussopimus yritykseen\/organisaatioon on tehty Syklin toimesta.<\/p>\n\n\n\n<p><\/p>\n\n\n\n<p><strong>Miten F.E.C-koulutussopimus eroaa ty\u00f6sopimuksesta?<\/strong><br>Opiskelija ei ole ty\u00f6suhteessa yritykseen\/organisaation koulutuksen aikana. Koulutusohjelman tavoitteena on opiskelijan ty\u00f6llistyminen.<\/p>\n\n<\/div>        <\/div>\r\n\r\n\r\n    <\/div>\r\n<\/div>\n<\/div>\r\n<\/div>\n\n\n<h2 class=\"wp-block-heading\">Tutustu F.E.C -koulutuksiin<\/h2>\n\n\n<div class=\"page-linkbox-block alignfull\">\r\n    <div class=\"container\">\r\n        <div class=\"acf-innerblocks-container\">\n\r\n<div class=\"page-linkbox has-turquoise-background-color \">\r\n    <img loading=\"lazy\" decoding=\"async\" width=\"800\" height=\"377\" src=\"https:\/\/sykli.fi\/demo\/wp-content\/uploads\/2023\/07\/KaakkoisSuomi-1.jpg\" class=\"attachment-large size-large\" alt=\"\" srcset=\"https:\/\/sykli.fi\/demo\/wp-content\/uploads\/2023\/07\/KaakkoisSuomi-1.jpg 1000w, https:\/\/sykli.fi\/demo\/wp-content\/uploads\/2023\/07\/KaakkoisSuomi-1-300x141.jpg 300w, https:\/\/sykli.fi\/demo\/wp-content\/uploads\/2023\/07\/KaakkoisSuomi-1-768x362.jpg 768w\" sizes=\"auto, (max-width: 800px) 100vw, 800px\" \/>    <a  href=\" https:\/\/sykli.fi\/demo\/hakijalle\/haku-tyovoimakoulutuksiin\/f-e-c-koulutukset\/tulevaisuuden-tekijat-f-e-c-2025\/\" >\r\n        <h2>Nuoret tulevaisuuden tekij\u00e4t &#8211; vihre\u00e4 siirtym\u00e4, projektit ja liiketoiminta F.E.C<\/h2>\r\n\r\n        \r\n    <\/a>\r\n\r\n<\/div>\n\n\r\n<div class=\"page-linkbox has-turquoise-background-color \">\r\n    <img loading=\"lazy\" decoding=\"async\" width=\"800\" height=\"450\" src=\"https:\/\/sykli.fi\/demo\/wp-content\/uploads\/2025\/06\/shutterstock_2500171719.jpg\" class=\"attachment-large size-large\" alt=\"\" srcset=\"https:\/\/sykli.fi\/demo\/wp-content\/uploads\/2025\/06\/shutterstock_2500171719.jpg 1000w, https:\/\/sykli.fi\/demo\/wp-content\/uploads\/2025\/06\/shutterstock_2500171719-300x169.jpg 300w, https:\/\/sykli.fi\/demo\/wp-content\/uploads\/2025\/06\/shutterstock_2500171719-768x432.jpg 768w\" sizes=\"auto, (max-width: 800px) 100vw, 800px\" \/>    <a  href=\" https:\/\/sykli.fi\/demo\/hakijalle\/haku-tyovoimakoulutuksiin\/f-e-c-koulutukset\/kiertotalouden-ja-vahahiilisyyden-asiantuntija-f-e-c\/\" >\r\n        <h2>Kiertotalouden ja v\u00e4h\u00e4hiilisyyden asiantuntija F.E.C<\/h2>\r\n\r\n        \r\n    <\/a>\r\n\r\n<\/div>\n<\/div>\r\n\r\n    <\/div>\r\n<\/div>\n\n<h2>Kysy lis\u00e4\u00e4<\/h2>\r\n<div class=\"row\">\r\n                                <div class=\"col-md-6\">\r\n                    <div class=\"staff-box\">\r\n                        <div class=\"row\">\r\n                            <div class=\"col-4\">\r\n                                <img loading=\"lazy\" decoding=\"async\" width=\"1280\" height=\"1920\" src=\"https:\/\/sykli.fi\/demo\/wp-content\/uploads\/2022\/09\/tom-ylonen-kuva-002-nttiin-scaled-1.jpg\" class=\"attachment-post-thumbnail size-post-thumbnail wp-post-image\" alt=\"\" srcset=\"https:\/\/sykli.fi\/demo\/wp-content\/uploads\/2022\/09\/tom-ylonen-kuva-002-nttiin-scaled-1.jpg 1280w, https:\/\/sykli.fi\/demo\/wp-content\/uploads\/2022\/09\/tom-ylonen-kuva-002-nttiin-scaled-1-200x300.jpg 200w, https:\/\/sykli.fi\/demo\/wp-content\/uploads\/2022\/09\/tom-ylonen-kuva-002-nttiin-scaled-1-683x1024.jpg 683w, https:\/\/sykli.fi\/demo\/wp-content\/uploads\/2022\/09\/tom-ylonen-kuva-002-nttiin-scaled-1-768x1152.jpg 768w, https:\/\/sykli.fi\/demo\/wp-content\/uploads\/2022\/09\/tom-ylonen-kuva-002-nttiin-scaled-1-1024x1536.jpg 1024w\" sizes=\"auto, (max-width: 1280px) 100vw, 1280px\" \/>                            <\/div>\r\n                            <div class=\"col-8\">\r\n                                <h3>Tom Yl\u00f6nen<\/h3>\r\n                                Asiantuntija, ty\u00f6el\u00e4m\u00e4palvelut                                <ul>\r\n                                    <li><svg xmlns=\"http:\/\/www.w3.org\/2000\/svg\" width=\"16\" height=\"16\" fill=\"currentColor\" class=\"bi bi-telephone-fill\" viewBox=\"0 0 16 16\">\r\n                                <path fill-rule=\"evenodd\" d=\"M1.885.511a1.745 1.745 0 0 1 2.61.163L6.29 2.98c.329.423.445.974.315 1.494l-.547 2.19a.678.678 0 0 0 .178.643l2.457 2.457a.678.678 0 0 0 .644.178l2.189-.547a1.745 1.745 0 0 1 1.494.315l2.306 1.794c.829.645.905 1.87.163 2.611l-1.034 1.034c-.74.74-1.846 1.065-2.877.702a18.634 18.634 0 0 1-7.01-4.42 18.634 18.634 0 0 1-4.42-7.009c-.362-1.03-.037-2.137.703-2.877L1.885.511z\"\/>\r\n                              <\/svg> <a href=\"tel:+358447225933\">044 722 5933<\/a><\/li><li><svg xmlns=\"http:\/\/www.w3.org\/2000\/svg\" width=\"16\" height=\"16\" fill=\"currentColor\" class=\"bi bi-envelope-fill\" viewBox=\"0 0 16 16\">\r\n                                <path d=\"M.05 3.555A2 2 0 0 1 2 2h12a2 2 0 0 1 1.95 1.555L8 8.414.05 3.555ZM0 4.697v7.104l5.803-3.558L0 4.697ZM6.761 8.83l-6.57 4.027A2 2 0 0 0 2 14h12a2 2 0 0 0 1.808-1.144l-6.57-4.027L8 9.586l-1.239-.757Zm3.436-.586L16 11.801V4.697l-5.803 3.546Z\"\/>\r\n                              <\/svg> <a href=\"mailto:tom.ylonen@sykli.fi\">tom.ylonen@sykli.fi<\/a><\/li>                                <\/ul>\r\n                            <\/div>\r\n                        <\/div>\r\n                    <\/div>\r\n                <\/div>\r\n    <\/div>\n\n\r\n\r\n    <div class=\"reference-highlight-block\">\r\n                    <h2>Opiskelijatarinoita<\/h2>\r\n        \r\n        <div class=\"row\">\r\n\r\n            \r\n                <div class=\"col-md-4\">\r\n                    <a  href=\"https:\/\/sykli.fi\/demo\/tarinat\/fec-koulutus-avasi-ovet-ymparistoasiantuntijan-tyohon-henni-teraksen-onnistunut-urahyppy\/\" >\r\n                        <div class=\"reference-box\">\r\n\r\n                                                            <p class=\"reference-box-tag\">\r\n                                    <span>Opiskelijatarina<\/span>                                <\/p>\r\n                            \r\n                            <div class=\"reference-box-content\">\r\n                                <h3>FEC-koulutus avasi ovet ymp\u00e4rist\u00f6asiantuntijan ty\u00f6h\u00f6n: Henni Ter\u00e4ksen onnistunut urahyppy<\/h3>\r\n\r\n                                                                    <ul class=\"reference-box-field\">\r\n                                        <li>FEC-koulutukset<\/li>                                    <\/ul>\r\n                                \r\n                                <div class=\"reference-box-excerpt\">\r\n                                    Henni Ter\u00e4s on positiivisella otteella varustettu kest\u00e4v\u00e4n kehityksen ammattilainen. H\u00e4nen ty\u00f6uraansa on v\u00e4ritt\u00e4nyt monipuolinen koulutustausta ja kokemus eri ammateista. Vuonna&hellip;                                <\/div>\r\n                            <\/div>\r\n                        <\/div>\r\n                    <\/a>\r\n                <\/div>\r\n\r\n            \r\n                <div class=\"col-md-4\">\r\n                    <a  href=\"https:\/\/sykli.fi\/demo\/tarinat\/lue-koulutusohjelmamme-mentorin-kokemus-f-e-c-koulutusohjelmasta\/\" >\r\n                        <div class=\"reference-box\">\r\n\r\n                                                            <p class=\"reference-box-tag\">\r\n                                    <span>Asiakastarina<\/span><span>Opiskelijatarina<\/span>                                <\/p>\r\n                            \r\n                            <div class=\"reference-box-content\">\r\n                                <h3>Lue koulutusohjelmamme mentorin kokemus F.E.C -koulutusohjelmasta<\/h3>\r\n\r\n                                                                    <ul class=\"reference-box-field\">\r\n                                        <li>FEC-koulutukset<\/li><li>Osaajia yritykselle<\/li><li>Ty\u00f6voimakoulutukset<\/li>                                    <\/ul>\r\n                                \r\n                                <div class=\"reference-box-excerpt\">\r\n                                    F.E.C -koulutusharjoittelija voi tuoda taloon osaamista, jota ei olla osattu viel\u00e4 kaivatakaan Projektip\u00e4\u00e4llikk\u00f6&nbsp;Anu Arolaakso&nbsp;kertoo seuraavassa jutussa kokemuksia siit\u00e4, mit\u00e4 Syklin&hellip;                                <\/div>\r\n                            <\/div>\r\n                        <\/div>\r\n                    <\/a>\r\n                <\/div>\r\n\r\n            \r\n                <div class=\"col-md-4\">\r\n                    <a  href=\"https:\/\/sykli.fi\/demo\/tarinat\/yritysten-ja-opiskelijoiden-kokemuksia-tyovoimakoulutuksista-2\/\" >\r\n                        <div class=\"reference-box\">\r\n\r\n                                                            <p class=\"reference-box-tag\">\r\n                                    <span>Asiakastarina<\/span><span>Opiskelijatarina<\/span>                                <\/p>\r\n                            \r\n                            <div class=\"reference-box-content\">\r\n                                <h3>Yritysten ja opiskelijoiden kokemuksia ty\u00f6voimakoulutuksista<\/h3>\r\n\r\n                                                                    <ul class=\"reference-box-field\">\r\n                                        <li>FEC-koulutukset<\/li><li>Ty\u00f6voimakoulutukset<\/li>                                    <\/ul>\r\n                                \r\n                                <div class=\"reference-box-excerpt\">\r\n                                    Syklin Yritys\u2013 ja urapalvelut j\u00e4rjest\u00e4\u00e4 ty\u00f6voimakoulutuksia ja -valmennuksia, kuten tutkintoon valmistavia koulutuksia ja F.E.C (Further Educated with Companies) -ohjelman koulutuksia,&hellip;                                <\/div>\r\n                            <\/div>\r\n                        <\/div>\r\n                    <\/a>\r\n                <\/div>\r\n\r\n            \r\n            <div class=\"wp-container is-content-justification-center wp-block-buttons\">\r\n                <div class=\"wp-block-button\">\r\n                    <a class=\"wp-block-button__link\" href=\"\r\n                                            https:\/\/sykli.fi\/demo\/opiskelija-ja-asiakastarinat\/\">\r\n                                        Lue lis\u00e4\u00e4 tarinoita\r\n                    <\/a>\r\n                <\/div>\r\n            <\/div>\r\n        <\/div>\r\n    <\/div>\r\n","protected":false},"excerpt":{"rendered":"<p>Syklin F.E.C -koulutukset Further Educated with Companies F.E.C \u2013 ohjelma on ty\u00f6voimakoulutusta, jonka tavoitteena on tukea\u202fty\u00f6nhakijan\u202furakehityst\u00e4 ja ty\u00f6llistymist\u00e4.\u202fOhjelma\u202ftoteutetaan yhteisty\u00f6ss\u00e4 ty\u00f6voimaviranomaisten [&hellip;]<\/p>\n","protected":false},"author":2,"featured_media":64565,"parent":61891,"menu_order":1,"comment_status":"closed","ping_status":"closed","template":"","meta":{"_acf_changed":false,"footnotes":""},"class_list":["post-62686","page","type-page","status-publish","has-post-thumbnail","hentry"],"acf":[],"_links":{"self":[{"href":"https:\/\/sykli.fi\/demo\/wp-json\/wp\/v2\/pages\/62686","targetHints":{"allow":["GET"]}}],"collection":[{"href":"https:\/\/sykli.fi\/demo\/wp-json\/wp\/v2\/pages"}],"about":[{"href":"https:\/\/sykli.fi\/demo\/wp-json\/wp\/v2\/types\/page"}],"author":[{"embeddable":true,"href":"https:\/\/sykli.fi\/demo\/wp-json\/wp\/v2\/users\/2"}],"replies":[{"embeddable":true,"href":"https:\/\/sykli.fi\/demo\/wp-json\/wp\/v2\/comments?post=62686"}],"version-history":[{"count":9,"href":"https:\/\/sykli.fi\/demo\/wp-json\/wp\/v2\/pages\/62686\/revisions"}],"predecessor-version":[{"id":72071,"href":"https:\/\/sykli.fi\/demo\/wp-json\/wp\/v2\/pages\/62686\/revisions\/72071"}],"up":[{"embeddable":true,"href":"https:\/\/sykli.fi\/demo\/wp-json\/wp\/v2\/pages\/61891"}],"wp:featuredmedia":[{"embeddable":true,"href":"https:\/\/sykli.fi\/demo\/wp-json\/wp\/v2\/media\/64565"}],"wp:attachment":[{"href":"https:\/\/sykli.fi\/demo\/wp-json\/wp\/v2\/media?parent=62686"}],"curies":[{"name":"wp","href":"https:\/\/api.w.org\/{rel}","templated":true}]}}