{"id":62509,"date":"2023-03-23T20:32:16","date_gmt":"2023-03-23T18:32:16","guid":{"rendered":"http:\/\/localhost\/sykli\/?page_id=62509"},"modified":"2025-11-10T12:31:37","modified_gmt":"2025-11-10T10:31:37","slug":"juomaveden-desinfiointi-koulutus-ja-konsultointi","status":"publish","type":"page","link":"https:\/\/sykli.fi\/demo\/koulutusalat\/vesihuolto\/lyhytkoulutukset\/juomaveden-desinfiointi-koulutus-ja-konsultointi\/","title":{"rendered":"Juomaveden desinfiointi, koulutus ja konsultointi"},"content":{"rendered":"\r\n<section id=\"hero-block_729bdc1c217bbe16a84ff471a8afa0bb\" class=\"hero site-banner section-default default alignfull\">\r\n\r\n    <div class=\"site-banner-bg section-bg-image \" >\r\n\r\n        <img loading=\"lazy\" decoding=\"async\" width=\"2560\" height=\"1919\" src=\"https:\/\/sykli.fi\/demo\/wp-content\/uploads\/2023\/04\/shutterstock_1028274760-vesihuolto-scaled.jpg\" class=\"attachment-1536\u00d71536 size-1536\u00d71536\" alt=\"Vesihuolto\" srcset=\"https:\/\/sykli.fi\/demo\/wp-content\/uploads\/2023\/04\/shutterstock_1028274760-vesihuolto-scaled.jpg 2560w, https:\/\/sykli.fi\/demo\/wp-content\/uploads\/2023\/04\/shutterstock_1028274760-vesihuolto-300x225.jpg 300w, https:\/\/sykli.fi\/demo\/wp-content\/uploads\/2023\/04\/shutterstock_1028274760-vesihuolto-1024x767.jpg 1024w, https:\/\/sykli.fi\/demo\/wp-content\/uploads\/2023\/04\/shutterstock_1028274760-vesihuolto-768x576.jpg 768w, https:\/\/sykli.fi\/demo\/wp-content\/uploads\/2023\/04\/shutterstock_1028274760-vesihuolto-1536x1151.jpg 1536w, https:\/\/sykli.fi\/demo\/wp-content\/uploads\/2023\/04\/shutterstock_1028274760-vesihuolto-2048x1535.jpg 2048w\" sizes=\"auto, (max-width: 2560px) 100vw, 2560px\" \/>\r\n        \r\n        \r\n            <div class=\"site-banner-content container\">\r\n                <div class=\"row w-100\">\r\n                    <div class=\"col-md-12\">\r\n                        <div class=\"hero-text-overlay\">\r\n                                                                <h1 class=\"hero-title\">Juomaveden desinfiointi, koulutus ja konsultointi<\/h1>\r\n                            <div class=\"inner-content\">\r\n                            <div class=\"acf-innerblocks-container\"><\/div>\r\n                        <\/div>                        <\/div>\r\n                    <\/div>\r\n                <\/div>\r\n            <\/div>\r\n\r\n        <\/section>\n\n\n<p>Koulutus antaa valmiuden huolehtia vesilaitoksen ja verkoston desinfioinnista sek\u00e4 yll\u00e4pit\u00e4\u00e4 desinfiointivalmiutta lains\u00e4\u00e4d\u00e4nn\u00f6n vaatimalla tavalla.<\/p>\n\n\n\n<p><strong>Tavoite<\/strong><br>Koulutuksen tavoitteena on vesihuoltolaitosten desinfiointivalmiuden lis\u00e4\u00e4minen ja yll\u00e4pito vesilaitoksilla sek\u00e4 vesihuoltoverkostoissa. <\/p>\n\n\n\n<p>Talousvesiasetuksen (muutos 442\/2014) mukaan talousvett\u00e4 toimittavalla laitoksella tulee olla riitt\u00e4v\u00e4 osaaminen ja valmius talousveden desinfiointiin kuuden tunnin kuluessa siit\u00e4, kun saadaan ep\u00e4ily raakaveden tai toimitetun talousveden mikrobiologisesta saastumisesta.<\/p>\n\n\n\n<p><strong>Koulutuksen kuvaus<\/strong><br>Desinfiointikoulutukset j\u00e4rjestet\u00e4\u00e4n ryhm\u00e4koulutuksina ja koulutuksen sis\u00e4lt\u00f6\u00e4 voidaan my\u00f6s painottaa asiakaskohtaisesti. Koulutus on p\u00e4\u00e4s\u00e4\u00e4nt\u00f6isesti kaksiosainen; ensimm\u00e4isen\u00e4 p\u00e4iv\u00e4n\u00e4 perehdyt\u00e4\u00e4n desinfiointiin teoriassa ja muina p\u00e4ivin\u00e4 jalkaudutaan laitokselle k\u00e4yt\u00e4nn\u00f6n desinfiointiharjoituksiin. K\u00e4yt\u00e4nn\u00f6n harjoitukset toteutetaan laitoksen omissa desinfiointipisteiss\u00e4, ensisijaisesti laitoksen omilla laitteilla.<br><br>Teoriakoulutus k\u00e4sittelee mm. seuraavia aiheita:<\/p>\n\n\n\n<ul class=\"wp-block-list\">\n<li>Toiminta puhdasvesitiloissa<\/li>\n\n\n\n<li>Lains\u00e4\u00e4d\u00e4nt\u00f6, riskit ja toiminta erityistilanteessa<\/li>\n\n\n\n<li>Desinfiointiin liittyv\u00e4t turvallisuusasiat<\/li>\n\n\n\n<li>Desinfiointiin liittyv\u00e4t laskelmat<\/li>\n\n\n\n<li>S\u00e4ili\u00f6iden desinfiointi<\/li>\n\n\n\n<li>Verkoston desinfiointi<\/li>\n\n\n\n<li>Klooripitoisuuden mittaus<\/li>\n<\/ul>\n\n\n\n<p>K\u00e4yt\u00e4nn\u00f6n koulutuksen sis\u00e4lt\u00f6:<\/p>\n\n\n\n<ul class=\"wp-block-list\">\n<li>Desinfiointilaitteistojen ja -paikkojen soveltuvuuden arviointi<\/li>\n\n\n\n<li>Laskentaohjelman k\u00e4ytt\u00f6<\/li>\n\n\n\n<li>Klooripitoisuuden m\u00e4\u00e4ritys<\/li>\n\n\n\n<li>K\u00e4yt\u00e4nn\u00f6n harjoittelua laitoksen eri kohteissa omilla laitteilla<\/li>\n<\/ul>\n\n\n\n<p><strong>Kohderyhm\u00e4<\/strong><\/p>\n\n\n\n<p>Koulutus soveltuu kaikille vesihuoltoalan toimijoille vesihuoltolaitoksen henkil\u00f6kunnasta aina urakoitsijoihin ja konsultteihin.<\/p>\n\n\n\n<p><strong>Kesto<\/strong><\/p>\n\n\n\n<p>P\u00e4\u00e4s\u00e4\u00e4nt\u00f6isesti muutaman p\u00e4iv\u00e4n koulutus. Mahdollisuus j\u00e4rjest\u00e4\u00e4 my\u00f6s pelkk\u00e4 teoriakoulutus (1 p\u00e4iv\u00e4) tai pelkk\u00e4 k\u00e4yt\u00e4nn\u00f6n koulutus (1 p\u00e4iv\u00e4ss\u00e4 useampi laitos). Koulutuksen sis\u00e4lt\u00f6\u00e4 ja kestoa voidaan r\u00e4\u00e4t\u00e4l\u00f6id\u00e4 asiakaskohtaisesti.<\/p>\n\n\n\n<h4 class=\"wp-block-heading\">Katso esittely: Vesijohtoverkoston desinfiointi<\/h4>\n\n\n\n<figure class=\"wp-block-embed is-type-video is-provider-youtube wp-block-embed-youtube wp-embed-aspect-16-9 wp-has-aspect-ratio\"><div class=\"wp-block-embed__wrapper\">\n<div class=\"ratio ratio-16x9\"><iframe loading=\"lazy\" title=\"Desinfiontiharjoitus vesilaitoksella\" width=\"800\" height=\"450\" src=\"https:\/\/www.youtube.com\/embed\/hKEWH49kyGY?start=5&#038;feature=oembed\" frameborder=\"0\" allow=\"accelerometer; autoplay; clipboard-write; encrypted-media; gyroscope; picture-in-picture; web-share\" allowfullscreen><\/iframe><\/div>\n<\/div><\/figure>\n\n\n<h2>Kysy lis\u00e4\u00e4 ja pyyd\u00e4 tarjous!<\/h2>\r\n<div class=\"row\">\r\n                                <div class=\"col-md-6\">\r\n                    <div class=\"staff-box\">\r\n                        <div class=\"row\">\r\n                            <div class=\"col-4\">\r\n                                <img loading=\"lazy\" decoding=\"async\" width=\"150\" height=\"250\" src=\"https:\/\/sykli.fi\/demo\/wp-content\/uploads\/2022\/09\/risto-ponto-2022-nettisivuille-mv.jpg\" class=\"attachment-post-thumbnail size-post-thumbnail wp-post-image\" alt=\"\" \/>                            <\/div>\r\n                            <div class=\"col-8\">\r\n                                <h3>Risto Ponto<\/h3>\r\n                                Asiantuntija, vesihuolto                                <ul>\r\n                                    <li><svg xmlns=\"http:\/\/www.w3.org\/2000\/svg\" width=\"16\" height=\"16\" fill=\"currentColor\" class=\"bi bi-telephone-fill\" viewBox=\"0 0 16 16\">\r\n                                <path fill-rule=\"evenodd\" d=\"M1.885.511a1.745 1.745 0 0 1 2.61.163L6.29 2.98c.329.423.445.974.315 1.494l-.547 2.19a.678.678 0 0 0 .178.643l2.457 2.457a.678.678 0 0 0 .644.178l2.189-.547a1.745 1.745 0 0 1 1.494.315l2.306 1.794c.829.645.905 1.87.163 2.611l-1.034 1.034c-.74.74-1.846 1.065-2.877.702a18.634 18.634 0 0 1-7.01-4.42 18.634 18.634 0 0 1-4.42-7.009c-.362-1.03-.037-2.137.703-2.877L1.885.511z\"\/>\r\n                              <\/svg> <a href=\"tel:+358503879555\">050 387 9555<\/a><\/li><li><svg xmlns=\"http:\/\/www.w3.org\/2000\/svg\" width=\"16\" height=\"16\" fill=\"currentColor\" class=\"bi bi-envelope-fill\" viewBox=\"0 0 16 16\">\r\n                                <path d=\"M.05 3.555A2 2 0 0 1 2 2h12a2 2 0 0 1 1.95 1.555L8 8.414.05 3.555ZM0 4.697v7.104l5.803-3.558L0 4.697ZM6.761 8.83l-6.57 4.027A2 2 0 0 0 2 14h12a2 2 0 0 0 1.808-1.144l-6.57-4.027L8 9.586l-1.239-.757Zm3.436-.586L16 11.801V4.697l-5.803 3.546Z\"\/>\r\n                              <\/svg> <a href=\"mailto:risto.ponto@sykli.fi\">risto.ponto@sykli.fi<\/a><\/li>                                <\/ul>\r\n                            <\/div>\r\n                        <\/div>\r\n                    <\/div>\r\n                <\/div>\r\n    <\/div>\n\n\n<p><\/p>\n","protected":false},"excerpt":{"rendered":"<p>Koulutus antaa valmiuden huolehtia vesilaitoksen ja verkoston desinfioinnista sek\u00e4 yll\u00e4pit\u00e4\u00e4 desinfiointivalmiutta lains\u00e4\u00e4d\u00e4nn\u00f6n vaatimalla tavalla. TavoiteKoulutuksen tavoitteena on vesihuoltolaitosten desinfiointivalmiuden lis\u00e4\u00e4minen [&hellip;]<\/p>\n","protected":false},"author":2,"featured_media":63691,"parent":62026,"menu_order":2,"comment_status":"closed","ping_status":"closed","template":"","meta":{"_acf_changed":false,"footnotes":""},"class_list":["post-62509","page","type-page","status-publish","has-post-thumbnail","hentry"],"acf":[],"_links":{"self":[{"href":"https:\/\/sykli.fi\/demo\/wp-json\/wp\/v2\/pages\/62509","targetHints":{"allow":["GET"]}}],"collection":[{"href":"https:\/\/sykli.fi\/demo\/wp-json\/wp\/v2\/pages"}],"about":[{"href":"https:\/\/sykli.fi\/demo\/wp-json\/wp\/v2\/types\/page"}],"author":[{"embeddable":true,"href":"https:\/\/sykli.fi\/demo\/wp-json\/wp\/v2\/users\/2"}],"replies":[{"embeddable":true,"href":"https:\/\/sykli.fi\/demo\/wp-json\/wp\/v2\/comments?post=62509"}],"version-history":[{"count":3,"href":"https:\/\/sykli.fi\/demo\/wp-json\/wp\/v2\/pages\/62509\/revisions"}],"predecessor-version":[{"id":72973,"href":"https:\/\/sykli.fi\/demo\/wp-json\/wp\/v2\/pages\/62509\/revisions\/72973"}],"up":[{"embeddable":true,"href":"https:\/\/sykli.fi\/demo\/wp-json\/wp\/v2\/pages\/62026"}],"wp:featuredmedia":[{"embeddable":true,"href":"https:\/\/sykli.fi\/demo\/wp-json\/wp\/v2\/media\/63691"}],"wp:attachment":[{"href":"https:\/\/sykli.fi\/demo\/wp-json\/wp\/v2\/media?parent=62509"}],"curies":[{"name":"wp","href":"https:\/\/api.w.org\/{rel}","templated":true}]}}