{"id":62221,"date":"2022-10-21T10:59:53","date_gmt":"2022-10-21T07:59:53","guid":{"rendered":"http:\/\/localhost\/sykli\/?page_id=62221"},"modified":"2023-06-05T19:07:12","modified_gmt":"2023-06-05T16:07:12","slug":"kemikaaliturvallisuuskoulutus","status":"publish","type":"page","link":"https:\/\/sykli.fi\/demo\/koulutusalat\/vesihuolto\/lyhytkoulutukset\/kemikaaliturvallisuuskoulutus\/","title":{"rendered":"Kemikaaliturvallisuuskoulutus"},"content":{"rendered":"\r\n<section id=\"hero-block_2deaf72971cdf570f7d02b61d03f1d42\" class=\"hero site-banner section-default default alignfull\">\r\n\r\n    <div class=\"site-banner-bg section-bg-image \" >\r\n\r\n        <img loading=\"lazy\" decoding=\"async\" width=\"2560\" height=\"1919\" src=\"https:\/\/sykli.fi\/demo\/wp-content\/uploads\/2023\/04\/shutterstock_1028274760-vesihuolto-scaled.jpg\" class=\"attachment-1536\u00d71536 size-1536\u00d71536\" alt=\"Vesihuolto\" srcset=\"https:\/\/sykli.fi\/demo\/wp-content\/uploads\/2023\/04\/shutterstock_1028274760-vesihuolto-scaled.jpg 2560w, https:\/\/sykli.fi\/demo\/wp-content\/uploads\/2023\/04\/shutterstock_1028274760-vesihuolto-300x225.jpg 300w, https:\/\/sykli.fi\/demo\/wp-content\/uploads\/2023\/04\/shutterstock_1028274760-vesihuolto-1024x767.jpg 1024w, https:\/\/sykli.fi\/demo\/wp-content\/uploads\/2023\/04\/shutterstock_1028274760-vesihuolto-768x576.jpg 768w, https:\/\/sykli.fi\/demo\/wp-content\/uploads\/2023\/04\/shutterstock_1028274760-vesihuolto-1536x1151.jpg 1536w, https:\/\/sykli.fi\/demo\/wp-content\/uploads\/2023\/04\/shutterstock_1028274760-vesihuolto-2048x1535.jpg 2048w\" sizes=\"auto, (max-width: 2560px) 100vw, 2560px\" \/>\r\n        \r\n        \r\n            <div class=\"site-banner-content container\">\r\n                <div class=\"row w-100\">\r\n                    <div class=\"col-md-12\">\r\n                        <div class=\"hero-text-overlay\">\r\n                                                                <h1 class=\"hero-title\">Kemikaaliturvallisuuskoulutus<\/h1>\r\n                            <div class=\"inner-content\">\r\n                            <div class=\"acf-innerblocks-container\"><\/div>\r\n                        <\/div>                        <\/div>\r\n                    <\/div>\r\n                <\/div>\r\n            <\/div>\r\n\r\n        <\/section>\n\n\n<p>Kemikaaliturvallisuuskoulutus on vesihuoltolaitokselle r\u00e4\u00e4t\u00e4l\u00f6ity koulutuspaketti turvallisesta ty\u00f6skentelyst\u00e4 vaarallisten kemikaalien kanssa.<br><br>Vesihuoltolaitoksilla k\u00e4ytet\u00e4\u00e4n useita vaarallisiksi luokiteltuja kemikaaleja. Jokaisen ty\u00f6ntekij\u00e4n tulee tunnistaa k\u00e4ytt\u00e4miens\u00e4 kemikaalien vaaraominaisuudet sek\u00e4 hallita kemikaalien turvallinen k\u00e4ytt\u00f6 ja varastointi.<br><br><strong>Tavoite<\/strong><br>Koulutuksessa paneudutaan vesihuoltolaitoksella k\u00e4yt\u00f6ss\u00e4 olevien kemikaalien k\u00e4ytt\u00f6turvallisuuteen.<br>Vesihuoltolaitos saa koulutuksen yhteydess\u00e4 k\u00e4ytt\u00f6\u00f6ns\u00e4 lyhyet ja selke\u00e4t kemikaalien turvallisuusohjeet eri k\u00e4ytt\u00f6kohteisiin.<br><br><strong>Sis\u00e4lt\u00f6<\/strong><br>Koulutuksen aiheita ovat:<\/p>\n\n\n\n<ul class=\"wp-block-list\">\n<li>turvallinen kemikaalien k\u00e4sittely<\/li>\n\n\n\n<li>altistumisten torjuminen ja suojainten k\u00e4ytt\u00f6<\/li>\n\n\n\n<li>vaaratilanteissa toimiminen<\/li>\n\n\n\n<li>kemikaalien vastaanotto ja varastointi<\/li>\n\n\n\n<li>j\u00e4tteiden asianmukainen k\u00e4sittely<\/li>\n<\/ul>\n\n\n\n<p><br>Koulutukseen osallistuja saa vastauksia seuraaviin asioihin: miten ja miksi kemikaalit ovat vaarallisia, millaisia suojaimia tulee k\u00e4ytt\u00e4\u00e4, millaiset ovat ensiaputoimenpiteet eri kemikaalivahinkojen yhteydess\u00e4 sek\u00e4 mit\u00e4 vaatimuksia kemikaalien varastointiin on asetettu.<\/p>\n\n\n\n<p>Koulutus r\u00e4\u00e4t\u00e4l\u00f6id\u00e4\u00e4n vastaamaan laitoksen kemikaalien k\u00e4ytt\u00f6kohteita laitoksen ennalta toimittamien kemikaalitietojen mukaisesti.<br><br><strong>Kohderyhm\u00e4<\/strong> <br>Koulutus soveltuu kaikille vesihuoltoalan toimijoille, jotka joutuvat tekemisiin kemikaalien kanssa.<br><br><strong>Kesto<\/strong><br>1 p\u00e4iv\u00e4.<\/p>\n\n\n<h2>Kysy lis\u00e4\u00e4 ja pyyd\u00e4 tarjous!<\/h2>\r\n<div class=\"row\">\r\n                                <div class=\"col-md-6\">\r\n                    <div class=\"staff-box\">\r\n                        <div class=\"row\">\r\n                            <div class=\"col-4\">\r\n                                <img loading=\"lazy\" decoding=\"async\" width=\"150\" height=\"250\" src=\"https:\/\/sykli.fi\/demo\/wp-content\/uploads\/2022\/09\/riikka-elo-2022-nettisivuille-mv.jpg\" class=\"attachment-post-thumbnail size-post-thumbnail wp-post-image\" alt=\"\" \/>                            <\/div>\r\n                            <div class=\"col-8\">\r\n                                <h3>Riikka Elo<\/h3>\r\n                                Koulutusjohtaja                                <ul>\r\n                                    <li><svg xmlns=\"http:\/\/www.w3.org\/2000\/svg\" width=\"16\" height=\"16\" fill=\"currentColor\" class=\"bi bi-telephone-fill\" viewBox=\"0 0 16 16\">\r\n                                <path fill-rule=\"evenodd\" d=\"M1.885.511a1.745 1.745 0 0 1 2.61.163L6.29 2.98c.329.423.445.974.315 1.494l-.547 2.19a.678.678 0 0 0 .178.643l2.457 2.457a.678.678 0 0 0 .644.178l2.189-.547a1.745 1.745 0 0 1 1.494.315l2.306 1.794c.829.645.905 1.87.163 2.611l-1.034 1.034c-.74.74-1.846 1.065-2.877.702a18.634 18.634 0 0 1-7.01-4.42 18.634 18.634 0 0 1-4.42-7.009c-.362-1.03-.037-2.137.703-2.877L1.885.511z\"\/>\r\n                              <\/svg> <a href=\"tel:+358405722786\">040 572 2786<\/a><\/li><li><svg xmlns=\"http:\/\/www.w3.org\/2000\/svg\" width=\"16\" height=\"16\" fill=\"currentColor\" class=\"bi bi-envelope-fill\" viewBox=\"0 0 16 16\">\r\n                                <path d=\"M.05 3.555A2 2 0 0 1 2 2h12a2 2 0 0 1 1.95 1.555L8 8.414.05 3.555ZM0 4.697v7.104l5.803-3.558L0 4.697ZM6.761 8.83l-6.57 4.027A2 2 0 0 0 2 14h12a2 2 0 0 0 1.808-1.144l-6.57-4.027L8 9.586l-1.239-.757Zm3.436-.586L16 11.801V4.697l-5.803 3.546Z\"\/>\r\n                              <\/svg> <a href=\"mailto:riikka.elo@sykli.fi\">riikka.elo@sykli.fi<\/a><\/li>                                <\/ul>\r\n                            <\/div>\r\n                        <\/div>\r\n                    <\/div>\r\n                <\/div>\r\n    <\/div>\n\n\n<p><\/p>\n","protected":false},"excerpt":{"rendered":"<p>Kemikaaliturvallisuuskoulutus on vesihuoltolaitokselle r\u00e4\u00e4t\u00e4l\u00f6ity koulutuspaketti turvallisesta ty\u00f6skentelyst\u00e4 vaarallisten kemikaalien kanssa. Vesihuoltolaitoksilla k\u00e4ytet\u00e4\u00e4n useita vaarallisiksi luokiteltuja kemikaaleja. Jokaisen ty\u00f6ntekij\u00e4n tulee tunnistaa [&hellip;]<\/p>\n","protected":false},"author":2,"featured_media":63691,"parent":62026,"menu_order":3,"comment_status":"closed","ping_status":"closed","template":"","meta":{"_acf_changed":false,"footnotes":""},"class_list":["post-62221","page","type-page","status-publish","has-post-thumbnail","hentry"],"acf":[],"_links":{"self":[{"href":"https:\/\/sykli.fi\/demo\/wp-json\/wp\/v2\/pages\/62221","targetHints":{"allow":["GET"]}}],"collection":[{"href":"https:\/\/sykli.fi\/demo\/wp-json\/wp\/v2\/pages"}],"about":[{"href":"https:\/\/sykli.fi\/demo\/wp-json\/wp\/v2\/types\/page"}],"author":[{"embeddable":true,"href":"https:\/\/sykli.fi\/demo\/wp-json\/wp\/v2\/users\/2"}],"replies":[{"embeddable":true,"href":"https:\/\/sykli.fi\/demo\/wp-json\/wp\/v2\/comments?post=62221"}],"version-history":[{"count":0,"href":"https:\/\/sykli.fi\/demo\/wp-json\/wp\/v2\/pages\/62221\/revisions"}],"up":[{"embeddable":true,"href":"https:\/\/sykli.fi\/demo\/wp-json\/wp\/v2\/pages\/62026"}],"wp:featuredmedia":[{"embeddable":true,"href":"https:\/\/sykli.fi\/demo\/wp-json\/wp\/v2\/media\/63691"}],"wp:attachment":[{"href":"https:\/\/sykli.fi\/demo\/wp-json\/wp\/v2\/media?parent=62221"}],"curies":[{"name":"wp","href":"https:\/\/api.w.org\/{rel}","templated":true}]}}