{"id":61992,"date":"2022-10-19T15:02:02","date_gmt":"2022-10-19T12:02:02","guid":{"rendered":"http:\/\/localhost\/sykli\/?page_id=61992"},"modified":"2023-10-20T14:42:43","modified_gmt":"2023-10-20T11:42:43","slug":"ymparistoalan-ammattitutkinto","status":"publish","type":"page","link":"https:\/\/sykli.fi\/demo\/koulutusalat\/ymparistohuolto\/ymparistoalan-ammattitutkinto\/","title":{"rendered":"Ymp\u00e4rist\u00f6alan ammattitutkinto"},"content":{"rendered":"\r\n<section id=\"hero-block_9b4ae5d33685123b48d59a70e884e18e\" class=\"hero site-banner section-default default alignfull\">\r\n\r\n    <div class=\"site-banner-bg section-bg-image \" >\r\n\r\n        <img loading=\"lazy\" decoding=\"async\" width=\"1000\" height=\"750\" src=\"https:\/\/sykli.fi\/demo\/wp-content\/uploads\/2023\/04\/shutterstock_727038277-ymparistohuolto.jpg\" class=\"attachment-1536\u00d71536 size-1536\u00d71536\" alt=\"Taimi.\" srcset=\"https:\/\/sykli.fi\/demo\/wp-content\/uploads\/2023\/04\/shutterstock_727038277-ymparistohuolto.jpg 1000w, https:\/\/sykli.fi\/demo\/wp-content\/uploads\/2023\/04\/shutterstock_727038277-ymparistohuolto-300x225.jpg 300w, https:\/\/sykli.fi\/demo\/wp-content\/uploads\/2023\/04\/shutterstock_727038277-ymparistohuolto-768x576.jpg 768w\" sizes=\"auto, (max-width: 1000px) 100vw, 1000px\" \/>\r\n        \r\n        \r\n            <div class=\"site-banner-content container\">\r\n                <div class=\"row w-100\">\r\n                    <div class=\"col-md-12\">\r\n                        <div class=\"hero-text-overlay\">\r\n                                                                <h1 class=\"hero-title\">Ymp\u00e4rist\u00f6alan ammattitutkinto<\/h1>\r\n                            <div class=\"inner-content\">\r\n                            <div class=\"acf-innerblocks-container\">\n\n<p>Ymp\u00e4rist\u00f6huollon osaamisala<\/p>\n\n<\/div>\r\n                        <\/div>                        <\/div>\r\n                    <\/div>\r\n                <\/div>\r\n            <\/div>\r\n\r\n        <\/section>\n\n\n<h2 class=\"wp-block-heading\">Ymp\u00e4rist\u00f6alan ammattitutkinto \u2013&nbsp;ymp\u00e4rist\u00f6huollon osaamisala<\/h2>\n\n\n\n<p>Haluatko lis\u00e4t\u00e4 osaamistasi j\u00e4tehuollosta, j\u00e4tteiden hy\u00f6tyk\u00e4yt\u00f6st\u00e4 ja j\u00e4tehuollon lains\u00e4\u00e4d\u00e4nn\u00f6st\u00e4? Tarvitsetko todistusta osaamisestasi alan ammattilaisena? P\u00e4tev\u00f6idy ty\u00f6ss\u00e4si ja suorita ymp\u00e4rist\u00f6alan ammattitutkinto!&nbsp;&nbsp;<\/p>\n\n\n\n<p>Sykli j\u00e4rjest\u00e4\u00e4 ymp\u00e4rist\u00f6alan ammattitutkintoon valmistavaa koulutusta painottuen esimerkiksi kiinteist\u00f6n j\u00e4tehuoltoon, materiaalien talteenottoon ja hy\u00f6dynt\u00e4miseen, j\u00e4tteenk\u00e4sittelyalueella toimimiseen ja vaarallisiin j\u00e4tteisiin. Tutkinto perustuu aikuisten n\u00e4ytt\u00f6tutkintoj\u00e4rjestelm\u00e4\u00e4n, ja se on suunnattu aikuisille, j\u00e4tehuollon parissa ty\u00f6skenteleville tai alalle aikoville, aiheesta kiinnostuneille henkil\u00f6ille. Pohjakoulutusvaatimusta ei ole.&nbsp;&nbsp;<\/p>\n\n\n\n<p>Useilla eri aloilla tarvitaan ammattilaisia, jotka tuntevat materiaalien kierr\u00e4tyksen sek\u00e4 j\u00e4tteenk\u00e4sittelyn perusteet. Ymp\u00e4rist\u00f6alan ammattitutkinto ymp\u00e4rist\u00f6huollon osaamisalalla valmistaa opiskelijan erilaisiin j\u00e4tehuollon sek\u00e4 kiertotalouden teht\u00e4viin ja tarjoaa ajankohtaista tietoa j\u00e4tehuollosta. Tutkinnon laajuus on 150 osaamispistett\u00e4, ja sen suorittaminen vie noin 14 kuukautta.\u00a0\u00a0<\/p>\n\n\n<div class=\"koulutukset-block\"><h2><\/h2><div class=\"row single-koulutukset\">            <div class=\"col-sm-6 col-md-4\">\r\n                <div class=\"calendar-card\">\r\n\r\n                                            <p class=\"calendar-card-koulutustyyppi\">Ammattitutkinto<\/p>\r\n                    \r\n                                            <img decoding=\"async\" src=\"https:\/\/ssl.eventilla.com\/static\/logos\/72152\/1bd90aaa0158814535ef5b753028ba06.jpg\" alt=\"204911 Ymp\u00e4rist\u00f6huollon koulutusohjelma (Ymp\u00e4rist\u00f6alan ammattitutkinto), jatkuva aloitus\">\r\n                    \r\n                    <div class=\"calendar-card-content\">\r\n                        <a href=\"https:\/\/ssl.eventilla.com\/ympalan_at_nonstop_helsinki\" target=\"_blank\" rel=\"noopener\">\r\n                                                            <p class=\"calendar-card-opiskelumuoto\">Hybridi<\/p>\r\n                                                        <h3>204911 Ymp\u00e4rist\u00f6huollon koulutusohjelma (Ymp\u00e4rist\u00f6alan ammattitutkinto), jatkuva aloitus<\/h3>\r\n                        <\/a>\r\n\r\n                        \r\n                        <ul class=\"calendar-card-event-details\">\r\n                                                                                                <li class=\"date\">\r\n                                        <svg class=\"bi  \" width=\"1em\" height=\"1em\" fill=\"currentColor\">\n\t<use xlink:href=\"https:\/\/sykli.fi\/demo\/wp-content\/themes\/luotsi\/assets\/img\/bootstrap-icons.svg#calendar3\" \/>\n<\/svg>                                        Jatkuva haku                                    <\/li>\r\n                                                            \r\n                                                            <li class=\"location\">\r\n                                    <svg class=\"bi  \" width=\"1em\" height=\"1em\" fill=\"currentColor\">\n\t<use xlink:href=\"https:\/\/sykli.fi\/demo\/wp-content\/themes\/luotsi\/assets\/img\/bootstrap-icons.svg#pin-map-fill\" \/>\n<\/svg>Helsinki \/ et\u00e4osallistuminen                                <\/li>\r\n                                                    <\/ul>\r\n\r\n                        <a class=\"btn\" href=\"https:\/\/ssl.eventilla.com\/ympalan_at_nonstop_helsinki\" target=\"_blank\" rel=\"noopener\">\r\n                            Lue lis\u00e4\u00e4                        <\/a>\r\n                    <\/div>\r\n                <\/div>\r\n            <\/div>\r\n<\/div><\/div>\n\n<h2>Kysy lis\u00e4\u00e4<\/h2>\r\n<div class=\"row\">\r\n                                <div class=\"col-md-6\">\r\n                    <div class=\"staff-box\">\r\n                        <div class=\"row\">\r\n                            <div class=\"col-4\">\r\n                                <img loading=\"lazy\" decoding=\"async\" width=\"1960\" height=\"2560\" src=\"https:\/\/sykli.fi\/demo\/wp-content\/uploads\/2022\/09\/Rautalin-Katja-scaled.jpg\" class=\"attachment-post-thumbnail size-post-thumbnail wp-post-image\" alt=\"\" srcset=\"https:\/\/sykli.fi\/demo\/wp-content\/uploads\/2022\/09\/Rautalin-Katja-scaled.jpg 1960w, https:\/\/sykli.fi\/demo\/wp-content\/uploads\/2022\/09\/Rautalin-Katja-230x300.jpg 230w, https:\/\/sykli.fi\/demo\/wp-content\/uploads\/2022\/09\/Rautalin-Katja-784x1024.jpg 784w, https:\/\/sykli.fi\/demo\/wp-content\/uploads\/2022\/09\/Rautalin-Katja-768x1003.jpg 768w, https:\/\/sykli.fi\/demo\/wp-content\/uploads\/2022\/09\/Rautalin-Katja-1176x1536.jpg 1176w, https:\/\/sykli.fi\/demo\/wp-content\/uploads\/2022\/09\/Rautalin-Katja-1568x2048.jpg 1568w\" sizes=\"auto, (max-width: 1960px) 100vw, 1960px\" \/>                            <\/div>\r\n                            <div class=\"col-8\">\r\n                                <h3>Katja Rautalin<\/h3>\r\n                                Koulutusvastaava                                <ul>\r\n                                    <li><svg xmlns=\"http:\/\/www.w3.org\/2000\/svg\" width=\"16\" height=\"16\" fill=\"currentColor\" class=\"bi bi-telephone-fill\" viewBox=\"0 0 16 16\">\r\n                                <path fill-rule=\"evenodd\" d=\"M1.885.511a1.745 1.745 0 0 1 2.61.163L6.29 2.98c.329.423.445.974.315 1.494l-.547 2.19a.678.678 0 0 0 .178.643l2.457 2.457a.678.678 0 0 0 .644.178l2.189-.547a1.745 1.745 0 0 1 1.494.315l2.306 1.794c.829.645.905 1.87.163 2.611l-1.034 1.034c-.74.74-1.846 1.065-2.877.702a18.634 18.634 0 0 1-7.01-4.42 18.634 18.634 0 0 1-4.42-7.009c-.362-1.03-.037-2.137.703-2.877L1.885.511z\"\/>\r\n                              <\/svg> <a href=\"tel:+358469200445\">046 920 0445<\/a><\/li><li><svg xmlns=\"http:\/\/www.w3.org\/2000\/svg\" width=\"16\" height=\"16\" fill=\"currentColor\" class=\"bi bi-envelope-fill\" viewBox=\"0 0 16 16\">\r\n                                <path d=\"M.05 3.555A2 2 0 0 1 2 2h12a2 2 0 0 1 1.95 1.555L8 8.414.05 3.555ZM0 4.697v7.104l5.803-3.558L0 4.697ZM6.761 8.83l-6.57 4.027A2 2 0 0 0 2 14h12a2 2 0 0 0 1.808-1.144l-6.57-4.027L8 9.586l-1.239-.757Zm3.436-.586L16 11.801V4.697l-5.803 3.546Z\"\/>\r\n                              <\/svg> <a href=\"mailto:katja.rautalin@sykli.fi\">katja.rautalin@sykli.fi<\/a><\/li>                                <\/ul>\r\n                            <\/div>\r\n                        <\/div>\r\n                    <\/div>\r\n                <\/div>\r\n                                <div class=\"col-md-6\">\r\n                    <div class=\"staff-box\">\r\n                        <div class=\"row\">\r\n                            <div class=\"col-4\">\r\n                                <img loading=\"lazy\" decoding=\"async\" width=\"150\" height=\"250\" src=\"https:\/\/sykli.fi\/demo\/wp-content\/uploads\/2022\/09\/taru-uotila-2022-nettisivuille-mv.jpg\" class=\"attachment-post-thumbnail size-post-thumbnail wp-post-image\" alt=\"\" \/>                            <\/div>\r\n                            <div class=\"col-8\">\r\n                                <h3>Taru Uotila<\/h3>\r\n                                Johtaja, hankkeet ja kehitt\u00e4minen                                <ul>\r\n                                    <li><svg xmlns=\"http:\/\/www.w3.org\/2000\/svg\" width=\"16\" height=\"16\" fill=\"currentColor\" class=\"bi bi-telephone-fill\" viewBox=\"0 0 16 16\">\r\n                                <path fill-rule=\"evenodd\" d=\"M1.885.511a1.745 1.745 0 0 1 2.61.163L6.29 2.98c.329.423.445.974.315 1.494l-.547 2.19a.678.678 0 0 0 .178.643l2.457 2.457a.678.678 0 0 0 .644.178l2.189-.547a1.745 1.745 0 0 1 1.494.315l2.306 1.794c.829.645.905 1.87.163 2.611l-1.034 1.034c-.74.74-1.846 1.065-2.877.702a18.634 18.634 0 0 1-7.01-4.42 18.634 18.634 0 0 1-4.42-7.009c-.362-1.03-.037-2.137.703-2.877L1.885.511z\"\/>\r\n                              <\/svg> <a href=\"tel:+358503701414\">050 370 1414<\/a><\/li><li><svg xmlns=\"http:\/\/www.w3.org\/2000\/svg\" width=\"16\" height=\"16\" fill=\"currentColor\" class=\"bi bi-envelope-fill\" viewBox=\"0 0 16 16\">\r\n                                <path d=\"M.05 3.555A2 2 0 0 1 2 2h12a2 2 0 0 1 1.95 1.555L8 8.414.05 3.555ZM0 4.697v7.104l5.803-3.558L0 4.697ZM6.761 8.83l-6.57 4.027A2 2 0 0 0 2 14h12a2 2 0 0 0 1.808-1.144l-6.57-4.027L8 9.586l-1.239-.757Zm3.436-.586L16 11.801V4.697l-5.803 3.546Z\"\/>\r\n                              <\/svg> <a href=\"mailto:taru.uotila@sykli.fi\">taru.uotila@sykli.fi<\/a><\/li>                                <\/ul>\r\n                            <\/div>\r\n                        <\/div>\r\n                    <\/div>\r\n                <\/div>\r\n    <\/div>\n\n\r\n\r\n    <div class=\"reference-highlight-block\">\r\n                    <h2>Opiskelijatarinoita<\/h2>\r\n        \r\n        <div class=\"row\">\r\n\r\n            \r\n                <div class=\"col-md-4\">\r\n                    <a  href=\"https:\/\/sykli.fi\/demo\/tarinat\/ymparistoalan-osaamista-ja-tyoelamataitoja-nosto-hankkeesta\/\" >\r\n                        <div class=\"reference-box\">\r\n\r\n                                                            <p class=\"reference-box-tag\">\r\n                                    <span>Opiskelijatarina<\/span>                                <\/p>\r\n                            \r\n                            <div class=\"reference-box-content\">\r\n                                <h3>Ymp\u00e4rist\u00f6alan osaamista ja ty\u00f6el\u00e4m\u00e4taitoja NOSTO-hankkeesta<\/h3>\r\n\r\n                                                                    <ul class=\"reference-box-field\">\r\n                                        <li>Ymp\u00e4rist\u00f6huolto AT<\/li>                                    <\/ul>\r\n                                \r\n                                <div class=\"reference-box-excerpt\">\r\n                                    NOSTO-hankkeessa ymp\u00e4rist\u00f6alan ammattitutkintoa opiskelevalle Alina Starzakille luonto, luonnon monimuotoisuuden s\u00e4ilytt\u00e4minen ja luonnonvarojen viisas k\u00e4ytt\u00f6 ovat t\u00e4rkeit\u00e4 arvoja. Kiinnostus kiertotalouteen ja&hellip;                                <\/div>\r\n                            <\/div>\r\n                        <\/div>\r\n                    <\/a>\r\n                <\/div>\r\n\r\n            \r\n            <div class=\"wp-container is-content-justification-center wp-block-buttons\">\r\n                <div class=\"wp-block-button\">\r\n                    <a class=\"wp-block-button__link\" href=\"\r\n                                            https:\/\/sykli.fi\/demo\/opiskelija-ja-asiakastarinat\/\">\r\n                                        Lue lis\u00e4\u00e4 tarinoita\r\n                    <\/a>\r\n                <\/div>\r\n            <\/div>\r\n        <\/div>\r\n    <\/div>\r\n","protected":false},"excerpt":{"rendered":"<p>Ymp\u00e4rist\u00f6alan ammattitutkinto \u2013&nbsp;ymp\u00e4rist\u00f6huollon osaamisala Haluatko lis\u00e4t\u00e4 osaamistasi j\u00e4tehuollosta, j\u00e4tteiden hy\u00f6tyk\u00e4yt\u00f6st\u00e4 ja j\u00e4tehuollon lains\u00e4\u00e4d\u00e4nn\u00f6st\u00e4? Tarvitsetko todistusta osaamisestasi alan ammattilaisena? P\u00e4tev\u00f6idy ty\u00f6ss\u00e4si [&hellip;]<\/p>\n","protected":false},"author":1,"featured_media":63701,"parent":1584,"menu_order":1,"comment_status":"closed","ping_status":"closed","template":"","meta":{"_acf_changed":false,"footnotes":""},"class_list":["post-61992","page","type-page","status-publish","has-post-thumbnail","hentry"],"acf":[],"_links":{"self":[{"href":"https:\/\/sykli.fi\/demo\/wp-json\/wp\/v2\/pages\/61992","targetHints":{"allow":["GET"]}}],"collection":[{"href":"https:\/\/sykli.fi\/demo\/wp-json\/wp\/v2\/pages"}],"about":[{"href":"https:\/\/sykli.fi\/demo\/wp-json\/wp\/v2\/types\/page"}],"author":[{"embeddable":true,"href":"https:\/\/sykli.fi\/demo\/wp-json\/wp\/v2\/users\/1"}],"replies":[{"embeddable":true,"href":"https:\/\/sykli.fi\/demo\/wp-json\/wp\/v2\/comments?post=61992"}],"version-history":[{"count":10,"href":"https:\/\/sykli.fi\/demo\/wp-json\/wp\/v2\/pages\/61992\/revisions"}],"predecessor-version":[{"id":65643,"href":"https:\/\/sykli.fi\/demo\/wp-json\/wp\/v2\/pages\/61992\/revisions\/65643"}],"up":[{"embeddable":true,"href":"https:\/\/sykli.fi\/demo\/wp-json\/wp\/v2\/pages\/1584"}],"wp:featuredmedia":[{"embeddable":true,"href":"https:\/\/sykli.fi\/demo\/wp-json\/wp\/v2\/media\/63701"}],"wp:attachment":[{"href":"https:\/\/sykli.fi\/demo\/wp-json\/wp\/v2\/media?parent=61992"}],"curies":[{"name":"wp","href":"https:\/\/api.w.org\/{rel}","templated":true}]}}