{"id":1627,"date":"2022-05-17T11:45:51","date_gmt":"2022-05-17T08:45:51","guid":{"rendered":"http:\/\/localhost\/sykli\/?page_id=1627"},"modified":"2024-02-26T13:40:02","modified_gmt":"2024-02-26T11:40:02","slug":"syklin-strategia","status":"publish","type":"page","link":"https:\/\/sykli.fi\/demo\/sykli\/syklin-strategia\/","title":{"rendered":"Syklin strategia"},"content":{"rendered":"\n<figure class=\"wp-block-image size-large\"><a href=\"https:\/\/sykli.fi\/demo\/wp-content\/uploads\/2024\/02\/UUSI-Sykli-strategiakuva-muokattu-26022024-netti-1-scaled.jpg\"><img loading=\"lazy\" decoding=\"async\" width=\"1024\" height=\"576\" src=\"https:\/\/sykli.fi\/demo\/wp-content\/uploads\/2024\/02\/UUSI-Sykli-strategiakuva-muokattu-26022024-netti-1-1024x576.jpg\" alt=\"\" class=\"wp-image-66497\" srcset=\"https:\/\/sykli.fi\/demo\/wp-content\/uploads\/2024\/02\/UUSI-Sykli-strategiakuva-muokattu-26022024-netti-1-1024x576.jpg 1024w, https:\/\/sykli.fi\/demo\/wp-content\/uploads\/2024\/02\/UUSI-Sykli-strategiakuva-muokattu-26022024-netti-1-300x169.jpg 300w, https:\/\/sykli.fi\/demo\/wp-content\/uploads\/2024\/02\/UUSI-Sykli-strategiakuva-muokattu-26022024-netti-1-768x432.jpg 768w, https:\/\/sykli.fi\/demo\/wp-content\/uploads\/2024\/02\/UUSI-Sykli-strategiakuva-muokattu-26022024-netti-1-1536x864.jpg 1536w, https:\/\/sykli.fi\/demo\/wp-content\/uploads\/2024\/02\/UUSI-Sykli-strategiakuva-muokattu-26022024-netti-1-2048x1152.jpg 2048w\" sizes=\"auto, (max-width: 1024px) 100vw, 1024px\" \/><\/a><\/figure>\n\n\n\n<h2 class=\"wp-block-heading\">Sykli osaa. Sykli toimii. Sykli vaikuttaa.<\/h2>\n\n\n\n<p>Tavoitteena hyv\u00e4 ja onnellinen el\u00e4m\u00e4 planeetan rajoissa.&nbsp;<br><br><\/p>\n\n\n\n<h4 class=\"wp-block-heading\">Sykli vaikuttaa kaikilla aloilla<\/h4>\n\n\n\n<p>Teht\u00e4v\u00e4mme on tuoda kest\u00e4vyys jokaisen ammattilaisen toimintatavaksi.<\/p>\n\n\n\n<ul class=\"wp-block-list\">\n<li>Syklin muutosagentit toimivat osana laajaa osaamisverkostoa.\u200b<\/li>\n\n\n\n<li>Monialaiset ja poikkitieteelliset&nbsp;asiantuntijat&nbsp;tuntevat alansa uusimmat tuulet ja takaavat laadukkaat palvelut.<br><br><\/li>\n<\/ul>\n\n\n\n<h4 class=\"wp-block-heading\">Sykli toimii planeetan puolesta<\/h4>\n\n\n\n<p><strong>\u200b<\/strong>Selkeyt\u00e4mme tutkimustiedon ja poliittiset p\u00e4\u00e4t\u00f6kset k\u00e4yt\u00e4nn\u00f6n toimiksi ja vaadimme kunnianhimoisempia k\u00e4yt\u00e4nt\u00f6j\u00e4 kest\u00e4v\u00e4n tulevaisuuden varmistamiseksi.<\/p>\n\n\n\n<ul class=\"wp-block-list\">\n<li>Sykli edist\u00e4\u00e4 luonnon monimuotoisuutta, ilmastoviisautta ja planeetan rajoissa el\u00e4mist\u00e4&nbsp;luonnon&nbsp;ja tulevien sukupolvien puolesta.\u200b<\/li>\n\n\n\n<li>K\u00e4yt\u00e4nn\u00f6n kest\u00e4vyysratkaisut edist\u00e4v\u00e4t yritysten ja yksil\u00f6iden uusintavia toimintatapoja.<br><br><\/li>\n<\/ul>\n\n\n\n<h4 class=\"wp-block-heading\">Sykli k\u00e4velee k\u00e4sill\u00e4\u00e4n<\/h4>\n\n\n\n<p>Kehit\u00e4mme omia toimintatapojamme pienent\u00e4en jalanj\u00e4lke\u00e4mme ja kasvattaen k\u00e4denj\u00e4lke\u00e4mme.<\/p>\n\n\n\n<ul class=\"wp-block-list\">\n<li>Syklin tulevaisuuskyvyk\u00e4s organisaatiokulttuuri tuottaa luottamusta,&nbsp;merkityksellisyytt\u00e4&nbsp;ja hyvinvointia.\u200b<\/li>\n\n\n\n<li>Oman toiminnan kehitt\u00e4minen perustuu tietoon ja osaamiseen, ja se on kest\u00e4v\u00e4\u00e4 ja jatkuvaa.<br><\/li>\n<\/ul>\n\n\n\n<p><em>Strategia toteutuu teoissamme \u2013 yhdess\u00e4 tehden.&nbsp;<\/em><strong><em>&nbsp;<\/em><\/strong><\/p>\n\n\n<div class=\"page-linkbox-block alignfull\">\r\n    <div class=\"container\">\r\n        <div class=\"acf-innerblocks-container\">\n\r\n<div class=\"page-linkbox has-turquoise-background-color \">\r\n    <img loading=\"lazy\" decoding=\"async\" width=\"800\" height=\"534\" src=\"https:\/\/sykli.fi\/demo\/wp-content\/uploads\/2023\/04\/shutterstock_1543490054-syklin-arvot.jpg\" class=\"attachment-large size-large\" alt=\"\" srcset=\"https:\/\/sykli.fi\/demo\/wp-content\/uploads\/2023\/04\/shutterstock_1543490054-syklin-arvot.jpg 1000w, https:\/\/sykli.fi\/demo\/wp-content\/uploads\/2023\/04\/shutterstock_1543490054-syklin-arvot-300x200.jpg 300w, https:\/\/sykli.fi\/demo\/wp-content\/uploads\/2023\/04\/shutterstock_1543490054-syklin-arvot-768x512.jpg 768w\" sizes=\"auto, (max-width: 800px) 100vw, 800px\" \/>    <a  href=\" https:\/\/sykli.fi\/demo\/sykli\/syklin-arvot\/\" >\r\n        <h2>Syklin arvot<\/h2>\r\n\r\n        \r\n    <\/a>\r\n\r\n<\/div>\n\n\r\n<div class=\"page-linkbox has-turquoise-background-color \">\r\n    <img loading=\"lazy\" decoding=\"async\" width=\"800\" height=\"534\" src=\"https:\/\/sykli.fi\/demo\/wp-content\/uploads\/2023\/04\/shutterstock_760733977-syklin-vastuullisuus-1.jpg\" class=\"attachment-large size-large\" alt=\"Taimi mullassa.\" srcset=\"https:\/\/sykli.fi\/demo\/wp-content\/uploads\/2023\/04\/shutterstock_760733977-syklin-vastuullisuus-1.jpg 1000w, https:\/\/sykli.fi\/demo\/wp-content\/uploads\/2023\/04\/shutterstock_760733977-syklin-vastuullisuus-1-300x200.jpg 300w, https:\/\/sykli.fi\/demo\/wp-content\/uploads\/2023\/04\/shutterstock_760733977-syklin-vastuullisuus-1-768x512.jpg 768w\" sizes=\"auto, (max-width: 800px) 100vw, 800px\" \/>    <a  href=\" https:\/\/sykli.fi\/demo\/sykli\/syklin-vastuullisuus\/\" >\r\n        <h2>Syklin vastuullisuus<\/h2>\r\n\r\n        \r\n    <\/a>\r\n\r\n<\/div>\n\n\r\n<div class=\"page-linkbox has-turquoise-background-color \">\r\n    <img loading=\"lazy\" decoding=\"async\" width=\"800\" height=\"528\" src=\"https:\/\/sykli.fi\/demo\/wp-content\/uploads\/2023\/04\/shutterstock_668593321-1-sykli-tyonanatajana.jpg\" class=\"attachment-large size-large\" alt=\"\" srcset=\"https:\/\/sykli.fi\/demo\/wp-content\/uploads\/2023\/04\/shutterstock_668593321-1-sykli-tyonanatajana.jpg 1000w, https:\/\/sykli.fi\/demo\/wp-content\/uploads\/2023\/04\/shutterstock_668593321-1-sykli-tyonanatajana-300x198.jpg 300w, https:\/\/sykli.fi\/demo\/wp-content\/uploads\/2023\/04\/shutterstock_668593321-1-sykli-tyonanatajana-768x507.jpg 768w\" sizes=\"auto, (max-width: 800px) 100vw, 800px\" \/>    <a  href=\" https:\/\/sykli.fi\/demo\/sykli\/sykli-tyonantajana\/\" >\r\n        <h2>Sykli ty\u00f6nantajana<\/h2>\r\n\r\n        \r\n    <\/a>\r\n\r\n<\/div>\n<\/div>\r\n\r\n    <\/div>\r\n<\/div>","protected":false},"excerpt":{"rendered":"<p>Sykli osaa. Sykli toimii. Sykli vaikuttaa. Tavoitteena hyv\u00e4 ja onnellinen el\u00e4m\u00e4 planeetan rajoissa.&nbsp; Sykli vaikuttaa kaikilla aloilla Teht\u00e4v\u00e4mme on tuoda [&hellip;]<\/p>\n","protected":false},"author":1,"featured_media":0,"parent":49,"menu_order":2,"comment_status":"closed","ping_status":"closed","template":"","meta":{"_acf_changed":false,"footnotes":""},"class_list":["post-1627","page","type-page","status-publish","hentry"],"acf":[],"_links":{"self":[{"href":"https:\/\/sykli.fi\/demo\/wp-json\/wp\/v2\/pages\/1627","targetHints":{"allow":["GET"]}}],"collection":[{"href":"https:\/\/sykli.fi\/demo\/wp-json\/wp\/v2\/pages"}],"about":[{"href":"https:\/\/sykli.fi\/demo\/wp-json\/wp\/v2\/types\/page"}],"author":[{"embeddable":true,"href":"https:\/\/sykli.fi\/demo\/wp-json\/wp\/v2\/users\/1"}],"replies":[{"embeddable":true,"href":"https:\/\/sykli.fi\/demo\/wp-json\/wp\/v2\/comments?post=1627"}],"version-history":[{"count":6,"href":"https:\/\/sykli.fi\/demo\/wp-json\/wp\/v2\/pages\/1627\/revisions"}],"predecessor-version":[{"id":66498,"href":"https:\/\/sykli.fi\/demo\/wp-json\/wp\/v2\/pages\/1627\/revisions\/66498"}],"up":[{"embeddable":true,"href":"https:\/\/sykli.fi\/demo\/wp-json\/wp\/v2\/pages\/49"}],"wp:attachment":[{"href":"https:\/\/sykli.fi\/demo\/wp-json\/wp\/v2\/media?parent=1627"}],"curies":[{"name":"wp","href":"https:\/\/api.w.org\/{rel}","templated":true}]}}