{"id":1623,"date":"2022-05-17T11:44:53","date_gmt":"2022-05-17T08:44:53","guid":{"rendered":"http:\/\/localhost\/sykli\/?page_id=1623"},"modified":"2023-04-28T10:43:39","modified_gmt":"2023-04-28T07:43:39","slug":"tyokalut","status":"publish","type":"page","link":"https:\/\/sykli.fi\/demo\/vaikuttaminen\/tyokalut\/","title":{"rendered":"Ty\u00f6kalut ja julkaisut"},"content":{"rendered":"\n<div class=\"wp-block-query is-layout-flow wp-block-query-is-layout-flow\"><ul class=\"is-flex-container columns-2 wp-block-post-template is-layout-flow wp-block-post-template-is-layout-flow\"><li class=\"wp-block-post post-73907 tyokalu-ja-julkaisu type-tyokalu-ja-julkaisu status-publish has-post-thumbnail hentry\">\n<h2 class=\"wp-block-post-title\"><a href=\"https:\/\/sykli.fi\/demo\/tyokalu-ja-julkaisu\/energiapositiivisten-alueiden-vahahiilinen-toteuttaminen-huomioita-uudesta-751-2023-rakentamislaista\/\" target=\"_self\" >Energiapositiivisten alueiden v\u00e4h\u00e4hiilinen toteuttaminen \u2013 huomioita uudesta (751\/2023) rakentamislaista<\/a><\/h2>\n\n<figure class=\"wp-block-post-featured-image\"><a href=\"https:\/\/sykli.fi\/demo\/tyokalu-ja-julkaisu\/energiapositiivisten-alueiden-vahahiilinen-toteuttaminen-huomioita-uudesta-751-2023-rakentamislaista\/\" target=\"_self\"  ><img loading=\"lazy\" decoding=\"async\" width=\"1125\" height=\"1605\" src=\"https:\/\/sykli.fi\/demo\/wp-content\/uploads\/2026\/03\/EKA-raportin-kansikuva.png\" class=\"attachment-post-thumbnail size-post-thumbnail wp-post-image\" alt=\"Energiapositiivisten alueiden v\u00e4h\u00e4hiilinen toteuttaminen \u2013 huomioita uudesta (751\/2023) rakentamislaista\" style=\"object-fit:cover;\" srcset=\"https:\/\/sykli.fi\/demo\/wp-content\/uploads\/2026\/03\/EKA-raportin-kansikuva.png 1125w, https:\/\/sykli.fi\/demo\/wp-content\/uploads\/2026\/03\/EKA-raportin-kansikuva-210x300.png 210w, https:\/\/sykli.fi\/demo\/wp-content\/uploads\/2026\/03\/EKA-raportin-kansikuva-718x1024.png 718w, https:\/\/sykli.fi\/demo\/wp-content\/uploads\/2026\/03\/EKA-raportin-kansikuva-768x1096.png 768w, https:\/\/sykli.fi\/demo\/wp-content\/uploads\/2026\/03\/EKA-raportin-kansikuva-1077x1536.png 1077w\" sizes=\"auto, (max-width: 1125px) 100vw, 1125px\" \/><\/a><\/figure>\n\n<div class=\"wp-block-post-excerpt\"><p class=\"wp-block-post-excerpt__excerpt\">Raportti Energiapositiivisten alueiden v\u00e4h\u00e4hiilinen toteuttaminen \u2013 huomioita uudesta (751\/2023) rakentamislaista k\u00e4sittelee energiapositiivisten alueiden (Positive Energy District, PED) toteuttamista v\u00e4h\u00e4hiilisyyden n\u00e4k\u00f6kulmasta.<\/p><p class=\"wp-block-post-excerpt__more-text\"><a class=\"wp-block-post-excerpt__more-link\" href=\"https:\/\/sykli.fi\/demo\/tyokalu-ja-julkaisu\/energiapositiivisten-alueiden-vahahiilinen-toteuttaminen-huomioita-uudesta-751-2023-rakentamislaista\/\">Lue lis\u00e4\u00e4<\/a><\/p><\/div>\n<\/li><li class=\"wp-block-post post-73151 tyokalu-ja-julkaisu type-tyokalu-ja-julkaisu status-publish has-post-thumbnail hentry\">\n<h2 class=\"wp-block-post-title\"><a href=\"https:\/\/sykli.fi\/demo\/tyokalu-ja-julkaisu\/ajantasainen-hiilinielutieto-paatoksenteon-tukena-suosituksia-kaupungeille-ja-kunnille-julkaisu\/\" target=\"_self\" >Ajantasainen hiilinielutieto p\u00e4\u00e4t\u00f6ksenteon tukena \u2013 suosituksia kaupungeille ja kunnille -julkaisu<\/a><\/h2>\n\n<figure class=\"wp-block-post-featured-image\"><a href=\"https:\/\/sykli.fi\/demo\/tyokalu-ja-julkaisu\/ajantasainen-hiilinielutieto-paatoksenteon-tukena-suosituksia-kaupungeille-ja-kunnille-julkaisu\/\" target=\"_self\"  ><img loading=\"lazy\" decoding=\"async\" width=\"1132\" height=\"1600\" src=\"https:\/\/sykli.fi\/demo\/wp-content\/uploads\/2023\/09\/Ajantasainen-hiilinielutieto-paatoksenteon-tukena-suosituksia-kaupungille-ja-kunnille-kansikuva.png\" class=\"attachment-post-thumbnail size-post-thumbnail wp-post-image\" alt=\"Ajantasainen hiilinielutieto p\u00e4\u00e4t\u00f6ksenteon tukena \u2013 suosituksia kaupungeille ja kunnille -julkaisu\" style=\"object-fit:cover;\" srcset=\"https:\/\/sykli.fi\/demo\/wp-content\/uploads\/2023\/09\/Ajantasainen-hiilinielutieto-paatoksenteon-tukena-suosituksia-kaupungille-ja-kunnille-kansikuva.png 1132w, https:\/\/sykli.fi\/demo\/wp-content\/uploads\/2023\/09\/Ajantasainen-hiilinielutieto-paatoksenteon-tukena-suosituksia-kaupungille-ja-kunnille-kansikuva-212x300.png 212w, https:\/\/sykli.fi\/demo\/wp-content\/uploads\/2023\/09\/Ajantasainen-hiilinielutieto-paatoksenteon-tukena-suosituksia-kaupungille-ja-kunnille-kansikuva-724x1024.png 724w, https:\/\/sykli.fi\/demo\/wp-content\/uploads\/2023\/09\/Ajantasainen-hiilinielutieto-paatoksenteon-tukena-suosituksia-kaupungille-ja-kunnille-kansikuva-768x1086.png 768w, https:\/\/sykli.fi\/demo\/wp-content\/uploads\/2023\/09\/Ajantasainen-hiilinielutieto-paatoksenteon-tukena-suosituksia-kaupungille-ja-kunnille-kansikuva-1087x1536.png 1087w\" sizes=\"auto, (max-width: 1132px) 100vw, 1132px\" \/><\/a><\/figure>\n\n<div class=\"wp-block-post-excerpt\"><p class=\"wp-block-post-excerpt__excerpt\">Julkaisussa Ajantasainen hiilinielutieto p\u00e4\u00e4t\u00f6ksenteon tukena \u2013 suosituksia kaupungeille ja kunnille tarkastellaan kaupunkien ja kuntien hiilinielujen ja hiilivarastojen arviointia sek\u00e4 niiden<\/p><p class=\"wp-block-post-excerpt__more-text\"><a class=\"wp-block-post-excerpt__more-link\" href=\"https:\/\/sykli.fi\/demo\/tyokalu-ja-julkaisu\/ajantasainen-hiilinielutieto-paatoksenteon-tukena-suosituksia-kaupungeille-ja-kunnille-julkaisu\/\">Lue lis\u00e4\u00e4<\/a><\/p><\/div>\n<\/li><li class=\"wp-block-post post-72741 tyokalu-ja-julkaisu type-tyokalu-ja-julkaisu status-publish has-post-thumbnail hentry\">\n<h2 class=\"wp-block-post-title\"><a href=\"https:\/\/sykli.fi\/demo\/tyokalu-ja-julkaisu\/smartcitywind-kannattaako-kaupunkituulivoimaan-investoida\/\" target=\"_self\" >SmartCityWind: &#8221;Kannattaako kaupunkituulivoimaan investoida?&#8221;<\/a><\/h2>\n\n<figure class=\"wp-block-post-featured-image\"><a href=\"https:\/\/sykli.fi\/demo\/tyokalu-ja-julkaisu\/smartcitywind-kannattaako-kaupunkituulivoimaan-investoida\/\" target=\"_self\"  ><img loading=\"lazy\" decoding=\"async\" width=\"560\" height=\"785\" src=\"https:\/\/sykli.fi\/demo\/wp-content\/uploads\/2025\/10\/Kaupunkituulivoima-julkaisun-kuva.png\" class=\"attachment-post-thumbnail size-post-thumbnail wp-post-image\" alt=\"SmartCityWind: &#8221;Kannattaako kaupunkituulivoimaan investoida?&#8221;\" style=\"object-fit:cover;\" srcset=\"https:\/\/sykli.fi\/demo\/wp-content\/uploads\/2025\/10\/Kaupunkituulivoima-julkaisun-kuva.png 560w, https:\/\/sykli.fi\/demo\/wp-content\/uploads\/2025\/10\/Kaupunkituulivoima-julkaisun-kuva-214x300.png 214w\" sizes=\"auto, (max-width: 560px) 100vw, 560px\" \/><\/a><\/figure>\n\n<div class=\"wp-block-post-excerpt\"><p class=\"wp-block-post-excerpt__excerpt\">\u201dKannattaako kaupunkituulivoimaan investoida?\u201d -julkaisu k\u00e4sittelee pientuulivoiman taloudellista kannattavuutta kaupunkimaisissa ymp\u00e4rist\u00f6iss\u00e4. Julkaisussa tarkastellaan pienten tuulivoimaloiden (1\u20135 kW) kannattavuutta perinteisin taloudellisin menetelmin,<\/p><p class=\"wp-block-post-excerpt__more-text\"><a class=\"wp-block-post-excerpt__more-link\" href=\"https:\/\/sykli.fi\/demo\/tyokalu-ja-julkaisu\/smartcitywind-kannattaako-kaupunkituulivoimaan-investoida\/\">Lue lis\u00e4\u00e4<\/a><\/p><\/div>\n<\/li><li class=\"wp-block-post post-71029 tyokalu-ja-julkaisu type-tyokalu-ja-julkaisu status-publish has-post-thumbnail hentry\">\n<h2 class=\"wp-block-post-title\"><a href=\"https:\/\/sykli.fi\/demo\/tyokalu-ja-julkaisu\/purku-urakoiden-toteuttaminen-siten-etta-rakennusten-vahahiilisyyden-arviointi-voidaan-suorittaa\/\" target=\"_self\" >Purku-urakoiden toteuttaminen siten, ett\u00e4 rakennusten v\u00e4h\u00e4hiilisyyden arviointi voidaan suorittaa<\/a><\/h2>\n\n<figure class=\"wp-block-post-featured-image\"><a href=\"https:\/\/sykli.fi\/demo\/tyokalu-ja-julkaisu\/purku-urakoiden-toteuttaminen-siten-etta-rakennusten-vahahiilisyyden-arviointi-voidaan-suorittaa\/\" target=\"_self\"  ><img loading=\"lazy\" decoding=\"async\" width=\"1920\" height=\"1280\" src=\"https:\/\/sykli.fi\/demo\/wp-content\/uploads\/2022\/08\/55839.jpg\" class=\"attachment-post-thumbnail size-post-thumbnail wp-post-image\" alt=\"Purku-urakoiden toteuttaminen siten, ett\u00e4 rakennusten v\u00e4h\u00e4hiilisyyden arviointi voidaan suorittaa\" style=\"object-fit:cover;\" srcset=\"https:\/\/sykli.fi\/demo\/wp-content\/uploads\/2022\/08\/55839.jpg 1920w, https:\/\/sykli.fi\/demo\/wp-content\/uploads\/2022\/08\/55839-300x200.jpg 300w, https:\/\/sykli.fi\/demo\/wp-content\/uploads\/2022\/08\/55839-1024x683.jpg 1024w, https:\/\/sykli.fi\/demo\/wp-content\/uploads\/2022\/08\/55839-768x512.jpg 768w, https:\/\/sykli.fi\/demo\/wp-content\/uploads\/2022\/08\/55839-1536x1024.jpg 1536w\" sizes=\"auto, (max-width: 1920px) 100vw, 1920px\" \/><\/a><\/figure>\n\n<div class=\"wp-block-post-excerpt\"><p class=\"wp-block-post-excerpt__excerpt\">T\u00e4m\u00e4 raportti on tuotettu osana Digipurku &#8211; Digitaaliset ratkaisut rakennusten purkamisessa -hanketta. Sen tavoitteena on esitell\u00e4 uuden rakentamislain mukaisia vaikutuksia<\/p><p class=\"wp-block-post-excerpt__more-text\"><a class=\"wp-block-post-excerpt__more-link\" href=\"https:\/\/sykli.fi\/demo\/tyokalu-ja-julkaisu\/purku-urakoiden-toteuttaminen-siten-etta-rakennusten-vahahiilisyyden-arviointi-voidaan-suorittaa\/\">Lue lis\u00e4\u00e4<\/a><\/p><\/div>\n<\/li><li class=\"wp-block-post post-69566 tyokalu-ja-julkaisu type-tyokalu-ja-julkaisu status-publish has-post-thumbnail hentry\">\n<h2 class=\"wp-block-post-title\"><a href=\"https:\/\/sykli.fi\/demo\/tyokalu-ja-julkaisu\/kuntien-tietotarpeet-hiilinieluista-uudellamaalla-ja-kanta-hameessa\/\" target=\"_self\" >Kuntien tietotarpeet hiilinieluista Uudellamaalla ja Kanta-H\u00e4meess\u00e4<\/a><\/h2>\n\n<figure class=\"wp-block-post-featured-image\"><a href=\"https:\/\/sykli.fi\/demo\/tyokalu-ja-julkaisu\/kuntien-tietotarpeet-hiilinieluista-uudellamaalla-ja-kanta-hameessa\/\" target=\"_self\"  ><img loading=\"lazy\" decoding=\"async\" width=\"1414\" height=\"2000\" src=\"https:\/\/sykli.fi\/demo\/wp-content\/uploads\/2024\/11\/Digitaalinen-kaupunkihiili-2.0-Kuntakyselyn-tuloksien-yhteenvedon-taitto.png\" class=\"attachment-post-thumbnail size-post-thumbnail wp-post-image\" alt=\"Kuntien tietotarpeet hiilinieluista Uudellamaalla ja Kanta-H\u00e4meess\u00e4\" style=\"object-fit:cover;\" srcset=\"https:\/\/sykli.fi\/demo\/wp-content\/uploads\/2024\/11\/Digitaalinen-kaupunkihiili-2.0-Kuntakyselyn-tuloksien-yhteenvedon-taitto.png 1414w, https:\/\/sykli.fi\/demo\/wp-content\/uploads\/2024\/11\/Digitaalinen-kaupunkihiili-2.0-Kuntakyselyn-tuloksien-yhteenvedon-taitto-212x300.png 212w, https:\/\/sykli.fi\/demo\/wp-content\/uploads\/2024\/11\/Digitaalinen-kaupunkihiili-2.0-Kuntakyselyn-tuloksien-yhteenvedon-taitto-724x1024.png 724w, https:\/\/sykli.fi\/demo\/wp-content\/uploads\/2024\/11\/Digitaalinen-kaupunkihiili-2.0-Kuntakyselyn-tuloksien-yhteenvedon-taitto-768x1086.png 768w, https:\/\/sykli.fi\/demo\/wp-content\/uploads\/2024\/11\/Digitaalinen-kaupunkihiili-2.0-Kuntakyselyn-tuloksien-yhteenvedon-taitto-1086x1536.png 1086w\" sizes=\"auto, (max-width: 1414px) 100vw, 1414px\" \/><\/a><\/figure>\n\n<div class=\"wp-block-post-excerpt\"><p class=\"wp-block-post-excerpt__excerpt\">Kev\u00e4\u00e4ll\u00e4 2024 toteutettiin s\u00e4hk\u00f6inen kysely Uudenmaan ja Kanta-H\u00e4meen kuntien tarpeista ja toiveista hiilinielutietoon liittyen. Kyselyn tulosten perusteella pyrimme luomaan ratkaisuja,<\/p><p class=\"wp-block-post-excerpt__more-text\"><a class=\"wp-block-post-excerpt__more-link\" href=\"https:\/\/sykli.fi\/demo\/tyokalu-ja-julkaisu\/kuntien-tietotarpeet-hiilinieluista-uudellamaalla-ja-kanta-hameessa\/\">Lue lis\u00e4\u00e4<\/a><\/p><\/div>\n<\/li><li class=\"wp-block-post post-68354 tyokalu-ja-julkaisu type-tyokalu-ja-julkaisu status-publish has-post-thumbnail hentry\">\n<h2 class=\"wp-block-post-title\"><a href=\"https:\/\/sykli.fi\/demo\/tyokalu-ja-julkaisu\/vastuullisuuden-opas-pk-yrityksille\/\" target=\"_self\" >Vastuullisuuden opas Pk-yrityksille<\/a><\/h2>\n\n<figure class=\"wp-block-post-featured-image\"><a href=\"https:\/\/sykli.fi\/demo\/tyokalu-ja-julkaisu\/vastuullisuuden-opas-pk-yrityksille\/\" target=\"_self\"  ><img loading=\"lazy\" decoding=\"async\" width=\"3182\" height=\"1787\" src=\"https:\/\/sykli.fi\/demo\/wp-content\/uploads\/2024\/05\/Vastuullisuuden-opas-pk-yrityksille-kuvake.png\" class=\"attachment-post-thumbnail size-post-thumbnail wp-post-image\" alt=\"Vastuullisuuden opas Pk-yrityksille\" style=\"object-fit:cover;\" srcset=\"https:\/\/sykli.fi\/demo\/wp-content\/uploads\/2024\/05\/Vastuullisuuden-opas-pk-yrityksille-kuvake.png 3182w, https:\/\/sykli.fi\/demo\/wp-content\/uploads\/2024\/05\/Vastuullisuuden-opas-pk-yrityksille-kuvake-300x168.png 300w, https:\/\/sykli.fi\/demo\/wp-content\/uploads\/2024\/05\/Vastuullisuuden-opas-pk-yrityksille-kuvake-1024x575.png 1024w, https:\/\/sykli.fi\/demo\/wp-content\/uploads\/2024\/05\/Vastuullisuuden-opas-pk-yrityksille-kuvake-768x431.png 768w, https:\/\/sykli.fi\/demo\/wp-content\/uploads\/2024\/05\/Vastuullisuuden-opas-pk-yrityksille-kuvake-1536x863.png 1536w, https:\/\/sykli.fi\/demo\/wp-content\/uploads\/2024\/05\/Vastuullisuuden-opas-pk-yrityksille-kuvake-2048x1150.png 2048w\" sizes=\"auto, (max-width: 3182px) 100vw, 3182px\" \/><\/a><\/figure>\n\n<div class=\"wp-block-post-excerpt\"><p class=\"wp-block-post-excerpt__excerpt\">Yritysten vastuullisuus on t\u00e4n\u00e4 p\u00e4iv\u00e4n\u00e4 olennainen osa menestyksek\u00e4st\u00e4 liiketoimintaa, sill\u00e4 kuluttajat ja sidosryhm\u00e4t vaativat yh\u00e4 enemm\u00e4n l\u00e4pin\u00e4kyvyytt\u00e4 ja kest\u00e4vyytt\u00e4. Yritykset,<\/p><p class=\"wp-block-post-excerpt__more-text\"><a class=\"wp-block-post-excerpt__more-link\" href=\"https:\/\/sykli.fi\/demo\/tyokalu-ja-julkaisu\/vastuullisuuden-opas-pk-yrityksille\/\">Lue lis\u00e4\u00e4<\/a><\/p><\/div>\n<\/li><li class=\"wp-block-post post-66581 tyokalu-ja-julkaisu type-tyokalu-ja-julkaisu status-publish has-post-thumbnail hentry\">\n<h2 class=\"wp-block-post-title\"><a href=\"https:\/\/sykli.fi\/demo\/tyokalu-ja-julkaisu\/hyvinvointia-luonnosta\/\" target=\"_self\" >Hyvinvointia luonnosta -materiaalit<\/a><\/h2>\n\n<figure class=\"wp-block-post-featured-image\"><a href=\"https:\/\/sykli.fi\/demo\/tyokalu-ja-julkaisu\/hyvinvointia-luonnosta\/\" target=\"_self\"  ><img loading=\"lazy\" decoding=\"async\" width=\"2560\" height=\"1579\" src=\"https:\/\/sykli.fi\/demo\/wp-content\/uploads\/2023\/05\/shutterstock_1697161942-scaled.jpg\" class=\"attachment-post-thumbnail size-post-thumbnail wp-post-image\" alt=\"Hyvinvointia luonnosta -materiaalit\" style=\"object-fit:cover;\" srcset=\"https:\/\/sykli.fi\/demo\/wp-content\/uploads\/2023\/05\/shutterstock_1697161942-scaled.jpg 2560w, https:\/\/sykli.fi\/demo\/wp-content\/uploads\/2023\/05\/shutterstock_1697161942-300x185.jpg 300w, https:\/\/sykli.fi\/demo\/wp-content\/uploads\/2023\/05\/shutterstock_1697161942-1024x631.jpg 1024w, https:\/\/sykli.fi\/demo\/wp-content\/uploads\/2023\/05\/shutterstock_1697161942-768x474.jpg 768w, https:\/\/sykli.fi\/demo\/wp-content\/uploads\/2023\/05\/shutterstock_1697161942-1536x947.jpg 1536w, https:\/\/sykli.fi\/demo\/wp-content\/uploads\/2023\/05\/shutterstock_1697161942-2048x1263.jpg 2048w\" sizes=\"auto, (max-width: 2560px) 100vw, 2560px\" \/><\/a><\/figure>\n\n<div class=\"wp-block-post-excerpt\"><p class=\"wp-block-post-excerpt__excerpt\">Hyvinvointia luonnosta -ohjaajan opas&nbsp;Opas luontoretkelle varhaiskasvatukseen, perusopetukseen ja toisen asteen opetukseen. Oppaasta l\u00f6ytyy johdatus planetaarisen hyvinvoinnin k\u00e4sitteeseen, tietoa luonnon hyvinvointivaikutuksista<\/p><p class=\"wp-block-post-excerpt__more-text\"><a class=\"wp-block-post-excerpt__more-link\" href=\"https:\/\/sykli.fi\/demo\/tyokalu-ja-julkaisu\/hyvinvointia-luonnosta\/\">Lue lis\u00e4\u00e4<\/a><\/p><\/div>\n<\/li><li class=\"wp-block-post post-66266 tyokalu-ja-julkaisu type-tyokalu-ja-julkaisu status-publish has-post-thumbnail hentry\">\n<h2 class=\"wp-block-post-title\"><a href=\"https:\/\/sykli.fi\/demo\/tyokalu-ja-julkaisu\/ilmastokeskustelukortit\/\" target=\"_self\" >Ilmastokeskustelukortit<\/a><\/h2>\n\n<figure class=\"wp-block-post-featured-image\"><a href=\"https:\/\/sykli.fi\/demo\/tyokalu-ja-julkaisu\/ilmastokeskustelukortit\/\" target=\"_self\"  ><img loading=\"lazy\" decoding=\"async\" width=\"270\" height=\"270\" src=\"https:\/\/sykli.fi\/demo\/wp-content\/uploads\/2024\/02\/Ilmastokeskustelukortit-kuva.png\" class=\"attachment-post-thumbnail size-post-thumbnail wp-post-image\" alt=\"Ilmastokeskustelukortit\" style=\"object-fit:cover;\" srcset=\"https:\/\/sykli.fi\/demo\/wp-content\/uploads\/2024\/02\/Ilmastokeskustelukortit-kuva.png 270w, https:\/\/sykli.fi\/demo\/wp-content\/uploads\/2024\/02\/Ilmastokeskustelukortit-kuva-150x150.png 150w\" sizes=\"auto, (max-width: 270px) 100vw, 270px\" \/><\/a><\/figure>\n\n<div class=\"wp-block-post-excerpt\"><p class=\"wp-block-post-excerpt__excerpt\">Avauksia ilmastokeskusteluihin Opettajien keskustelukortit ilmastonmuutoksesta, kest\u00e4v\u00e4st\u00e4 kehityksest\u00e4 ja koulun toimintakulttuurista keskustelemiseen. Keskustelukortit auttavat aloittamaan antoisia ilmastokeskusteluja kouluymp\u00e4rist\u00f6ss\u00e4. Kysymykset on jaoteltu<\/p><p class=\"wp-block-post-excerpt__more-text\"><a class=\"wp-block-post-excerpt__more-link\" href=\"https:\/\/sykli.fi\/demo\/tyokalu-ja-julkaisu\/ilmastokeskustelukortit\/\">Lue lis\u00e4\u00e4<\/a><\/p><\/div>\n<\/li><li class=\"wp-block-post post-66223 tyokalu-ja-julkaisu type-tyokalu-ja-julkaisu status-publish has-post-thumbnail hentry\">\n<h2 class=\"wp-block-post-title\"><a href=\"https:\/\/sykli.fi\/demo\/tyokalu-ja-julkaisu\/tienviitat-vihreaan-siirtymaan-kansanopistossa-kasikirja\/\" target=\"_self\" >Tienviitat vihre\u00e4\u00e4n siirtym\u00e4\u00e4n kansanopistossa -k\u00e4sikirja<\/a><\/h2>\n\n<figure class=\"wp-block-post-featured-image\"><a href=\"https:\/\/sykli.fi\/demo\/tyokalu-ja-julkaisu\/tienviitat-vihreaan-siirtymaan-kansanopistossa-kasikirja\/\" target=\"_self\"  ><img loading=\"lazy\" decoding=\"async\" width=\"1312\" height=\"925\" src=\"https:\/\/sykli.fi\/demo\/wp-content\/uploads\/2024\/01\/Tienviitat-kasikirja-kuva.png\" class=\"attachment-post-thumbnail size-post-thumbnail wp-post-image\" alt=\"Tienviitat vihre\u00e4\u00e4n siirtym\u00e4\u00e4n kansanopistossa -k\u00e4sikirja\" style=\"object-fit:cover;\" srcset=\"https:\/\/sykli.fi\/demo\/wp-content\/uploads\/2024\/01\/Tienviitat-kasikirja-kuva.png 1312w, https:\/\/sykli.fi\/demo\/wp-content\/uploads\/2024\/01\/Tienviitat-kasikirja-kuva-300x212.png 300w, https:\/\/sykli.fi\/demo\/wp-content\/uploads\/2024\/01\/Tienviitat-kasikirja-kuva-1024x722.png 1024w, https:\/\/sykli.fi\/demo\/wp-content\/uploads\/2024\/01\/Tienviitat-kasikirja-kuva-768x541.png 768w\" sizes=\"auto, (max-width: 1312px) 100vw, 1312px\" \/><\/a><\/figure>\n\n<div class=\"wp-block-post-excerpt\"><p class=\"wp-block-post-excerpt__excerpt\">Tienviitat vihre\u00e4\u00e4n siirtym\u00e4\u00e4n kansanopistossa -k\u00e4sikirja on syntynyt tarpeesta &#8221;kansanopiston hengess\u00e4&#8221; jakaa kokemuksia, oppeja ja ty\u00f6kaluja kest\u00e4v\u00e4n toimintakulttuurin rakentamisesta ja vihre\u00e4n<\/p><p class=\"wp-block-post-excerpt__more-text\"><a class=\"wp-block-post-excerpt__more-link\" href=\"https:\/\/sykli.fi\/demo\/tyokalu-ja-julkaisu\/tienviitat-vihreaan-siirtymaan-kansanopistossa-kasikirja\/\">Lue lis\u00e4\u00e4<\/a><\/p><\/div>\n<\/li><li class=\"wp-block-post post-66217 tyokalu-ja-julkaisu type-tyokalu-ja-julkaisu status-publish has-post-thumbnail hentry\">\n<h2 class=\"wp-block-post-title\"><a href=\"https:\/\/sykli.fi\/demo\/tyokalu-ja-julkaisu\/vahahiilisyyden-edistamisen-toimintamalli-pk-yrityksille\/\" target=\"_self\" >V\u00e4h\u00e4hiilisyyden edist\u00e4misen toimintamalli PK-yrityksille<\/a><\/h2>\n\n<figure class=\"wp-block-post-featured-image\"><a href=\"https:\/\/sykli.fi\/demo\/tyokalu-ja-julkaisu\/vahahiilisyyden-edistamisen-toimintamalli-pk-yrityksille\/\" target=\"_self\"  ><img loading=\"lazy\" decoding=\"async\" width=\"1414\" height=\"2000\" src=\"https:\/\/sykli.fi\/demo\/wp-content\/uploads\/2024\/01\/Vahahiilisyyden-edistamisen-toimintamalli-Pk-yrityksille-Siirto-hanke.png\" class=\"attachment-post-thumbnail size-post-thumbnail wp-post-image\" alt=\"V\u00e4h\u00e4hiilisyyden edist\u00e4misen toimintamalli PK-yrityksille\" style=\"object-fit:cover;\" srcset=\"https:\/\/sykli.fi\/demo\/wp-content\/uploads\/2024\/01\/Vahahiilisyyden-edistamisen-toimintamalli-Pk-yrityksille-Siirto-hanke.png 1414w, https:\/\/sykli.fi\/demo\/wp-content\/uploads\/2024\/01\/Vahahiilisyyden-edistamisen-toimintamalli-Pk-yrityksille-Siirto-hanke-212x300.png 212w, https:\/\/sykli.fi\/demo\/wp-content\/uploads\/2024\/01\/Vahahiilisyyden-edistamisen-toimintamalli-Pk-yrityksille-Siirto-hanke-724x1024.png 724w, https:\/\/sykli.fi\/demo\/wp-content\/uploads\/2024\/01\/Vahahiilisyyden-edistamisen-toimintamalli-Pk-yrityksille-Siirto-hanke-768x1086.png 768w, https:\/\/sykli.fi\/demo\/wp-content\/uploads\/2024\/01\/Vahahiilisyyden-edistamisen-toimintamalli-Pk-yrityksille-Siirto-hanke-1086x1536.png 1086w\" sizes=\"auto, (max-width: 1414px) 100vw, 1414px\" \/><\/a><\/figure>\n\n<div class=\"wp-block-post-excerpt\"><p class=\"wp-block-post-excerpt__excerpt\">V\u00e4h\u00e4hiilisyyden edist\u00e4misen toimintamalli pk-yrityksille on tuotettu osana SEURAAVA SIIRTO &#8211; Pk-yritykset vihre\u00e4\u00e4n siirtym\u00e4\u00e4n hanketta, jonka tavoite on ollut kehitt\u00e4\u00e4 pk-yritysten<\/p><p class=\"wp-block-post-excerpt__more-text\"><a class=\"wp-block-post-excerpt__more-link\" href=\"https:\/\/sykli.fi\/demo\/tyokalu-ja-julkaisu\/vahahiilisyyden-edistamisen-toimintamalli-pk-yrityksille\/\">Lue lis\u00e4\u00e4<\/a><\/p><\/div>\n<\/li><\/ul>\n\n<nav class=\"wp-block-query-pagination is-layout-flex wp-block-query-pagination-is-layout-flex\" aria-label=\"Sivutus\">\n\n\n<div class=\"wp-block-query-pagination-numbers\"><span aria-current=\"page\" class=\"page-numbers current\">1<\/span>\n<a class=\"page-numbers\" href=\"?query-3-page=2\">2<\/a>\n<a class=\"page-numbers\" href=\"?query-3-page=3\">3<\/a><\/div>\n\n<a href=\"\/demo\/wp-json\/wp\/v2\/pages\/1623?query-3-page=2\" class=\"wp-block-query-pagination-next\">Seuraava sivu<\/a>\n<\/nav>\n\n<\/div>\n","protected":false},"excerpt":{"rendered":"","protected":false},"author":1,"featured_media":61941,"parent":47,"menu_order":62,"comment_status":"closed","ping_status":"closed","template":"","meta":{"_acf_changed":false,"footnotes":""},"class_list":["post-1623","page","type-page","status-publish","has-post-thumbnail","hentry"],"acf":[],"_links":{"self":[{"href":"https:\/\/sykli.fi\/demo\/wp-json\/wp\/v2\/pages\/1623","targetHints":{"allow":["GET"]}}],"collection":[{"href":"https:\/\/sykli.fi\/demo\/wp-json\/wp\/v2\/pages"}],"about":[{"href":"https:\/\/sykli.fi\/demo\/wp-json\/wp\/v2\/types\/page"}],"author":[{"embeddable":true,"href":"https:\/\/sykli.fi\/demo\/wp-json\/wp\/v2\/users\/1"}],"replies":[{"embeddable":true,"href":"https:\/\/sykli.fi\/demo\/wp-json\/wp\/v2\/comments?post=1623"}],"version-history":[{"count":0,"href":"https:\/\/sykli.fi\/demo\/wp-json\/wp\/v2\/pages\/1623\/revisions"}],"up":[{"embeddable":true,"href":"https:\/\/sykli.fi\/demo\/wp-json\/wp\/v2\/pages\/47"}],"wp:featuredmedia":[{"embeddable":true,"href":"https:\/\/sykli.fi\/demo\/wp-json\/wp\/v2\/media\/61941"}],"wp:attachment":[{"href":"https:\/\/sykli.fi\/demo\/wp-json\/wp\/v2\/media?parent=1623"}],"curies":[{"name":"wp","href":"https:\/\/api.w.org\/{rel}","templated":true}]}}