{"id":1545,"date":"2022-05-13T14:01:28","date_gmt":"2022-05-13T11:01:28","guid":{"rendered":"http:\/\/localhost\/sykli\/?page_id=1545"},"modified":"2026-02-11T14:37:19","modified_gmt":"2026-02-11T12:37:19","slug":"ymparistokasvatus","status":"publish","type":"page","link":"https:\/\/sykli.fi\/demo\/koulutusalat\/ymparistokasvatus\/","title":{"rendered":"Ymp\u00e4rist\u00f6kasvatus ja kest\u00e4vyyskasvatus"},"content":{"rendered":"\r\n<section id=\"hero-block_a37783d5f4b8c9a8c2e71e4f31b910fe\" class=\"hero site-banner section-default default alignfull\">\r\n\r\n    <div class=\"site-banner-bg section-bg-image \" >\r\n\r\n        <img loading=\"lazy\" decoding=\"async\" width=\"2048\" height=\"1365\" src=\"https:\/\/sykli.fi\/demo\/wp-content\/uploads\/2023\/04\/MicrosoftTeams-image-4.jpg\" class=\"attachment-1536\u00d71536 size-1536\u00d71536\" alt=\"Ymp\u00e4rist\u00f6kasvatus\" srcset=\"https:\/\/sykli.fi\/demo\/wp-content\/uploads\/2023\/04\/MicrosoftTeams-image-4.jpg 2048w, https:\/\/sykli.fi\/demo\/wp-content\/uploads\/2023\/04\/MicrosoftTeams-image-4-300x200.jpg 300w, https:\/\/sykli.fi\/demo\/wp-content\/uploads\/2023\/04\/MicrosoftTeams-image-4-1024x683.jpg 1024w, https:\/\/sykli.fi\/demo\/wp-content\/uploads\/2023\/04\/MicrosoftTeams-image-4-768x512.jpg 768w, https:\/\/sykli.fi\/demo\/wp-content\/uploads\/2023\/04\/MicrosoftTeams-image-4-1536x1024.jpg 1536w\" sizes=\"auto, (max-width: 2048px) 100vw, 2048px\" \/>\r\n        \r\n        \r\n            <div class=\"site-banner-content container\">\r\n                <div class=\"row w-100\">\r\n                    <div class=\"col-md-12\">\r\n                        <div class=\"hero-text-overlay\">\r\n                                                                <h1 class=\"hero-title\">Ymp\u00e4rist\u00f6kasvatus ja kest\u00e4vyyskasvatus<\/h1>\r\n                            <div class=\"inner-content\">\r\n                            <div class=\"acf-innerblocks-container\">\n\n<p><\/p>\n\n<\/div>\r\n                        <\/div>                        <\/div>\r\n                    <\/div>\r\n                <\/div>\r\n            <\/div>\r\n\r\n        <\/section>\n\n\n<h2 class=\"wp-block-heading\">Ymp\u00e4rist\u00f6kasvatus ja kest\u00e4vyyskasvatus &#8211; koulutukset Sykliss\u00e4<\/h2>\n\n\n\n<p>Sykli tarjoaa yli kymmenen vuoden kokemuksella monipuolisia ev\u00e4it\u00e4 niin organisaation, tiimin kuin yksitt\u00e4isen henkil\u00f6n ymp\u00e4rist\u00f6- ja kest\u00e4vyysosaamisen vahvistamiseen.&nbsp;&nbsp;<\/p>\n\n\n\n<p>Koulutamme Ymp\u00e4rist\u00f6alan erikoisammattitutkintoa ymp\u00e4rist\u00f6kasvatuksen osaamisalalla. Koulutuksia py\u00f6rii l\u00e4pi vuoden, ja toteutamme niit\u00e4 mahdollisimman laajasti ymp\u00e4ri Suomea. Hankkeiden kautta tarjoamme erilaisia p\u00e4iv\u00e4n mittaisia lyhytkoulutuksia. Meilt\u00e4 on my\u00f6s mahdollista tilata ymp\u00e4rist\u00f6- ja kest\u00e4vyyskasvatuksen koulutuksia, jotka r\u00e4\u00e4t\u00e4l\u00f6imme aina asiakkaan tarpeiden mukaisesti valmiiden kokonaisuuksien pohjalta.&nbsp;&nbsp;&nbsp;<\/p>\n\n\n\n<p>Koulutuksemme on ensisijaisesti suunnattu kasvattajille, opettajille ja kouluttajille. Uusina kohderyhmin\u00e4 ovat my\u00f6s yleis\u00f6ty\u00f6t\u00e4 tekev\u00e4t kulttuuri-, museo- ja kirjastoalan ammattilaiset sek\u00e4 vapaan sivistysty\u00f6n ja nuorisoalan toimijat.&nbsp;&nbsp;<\/p>\n\n\n\n<p>Kouluttajamme tuntevat ymp\u00e4rist\u00f6kasvatuksen ja kest\u00e4vyyskasvatuksen moninaisen kent\u00e4n l\u00e4pikotaisin. Kehit\u00e4mme koulutusohjelmiamme jatkuvasti ja ennakoivasti yhdess\u00e4 alan tutkijoiden ja kehitt\u00e4miskumppaneidemme kanssa ty\u00f6el\u00e4m\u00e4st\u00e4 kumpuavien tarpeiden pohjalta. Intohimomme on tuottaa Suomen laadukkainta ja vaikuttavinta ymp\u00e4rist\u00f6- ja kest\u00e4vyyskasvatuskoulutusta.&nbsp;&nbsp;<\/p>\n\n\n\r\n<div class=\"infoboksi has-turquoise-border-color row\">\r\n    <div class=\"infoboksi-image col-4\">\r\n        <img loading=\"lazy\" decoding=\"async\" width=\"800\" height=\"883\" src=\"https:\/\/sykli.fi\/demo\/wp-content\/uploads\/2023\/03\/info-kuva-p-928x1024.jpg\" class=\"attachment-large size-large\" alt=\"infomerkki puhekuplassa\" srcset=\"https:\/\/sykli.fi\/demo\/wp-content\/uploads\/2023\/03\/info-kuva-p-928x1024.jpg 928w, https:\/\/sykli.fi\/demo\/wp-content\/uploads\/2023\/03\/info-kuva-p-272x300.jpg 272w, https:\/\/sykli.fi\/demo\/wp-content\/uploads\/2023\/03\/info-kuva-p-768x848.jpg 768w, https:\/\/sykli.fi\/demo\/wp-content\/uploads\/2023\/03\/info-kuva-p-1392x1536.jpg 1392w, https:\/\/sykli.fi\/demo\/wp-content\/uploads\/2023\/03\/info-kuva-p.jpg 1555w\" sizes=\"auto, (max-width: 800px) 100vw, 800px\" \/>    <\/div>\r\n    <div class=\"infoboksi-sisalto col-8\">\r\n        <div class=\"acf-innerblocks-container\">\n\n<h3 class=\"wp-block-heading\">Tutkinnon suorittaneita: 749<\/h3>\n\n\n\n<p>Koulutusta on j\u00e4rjestetty Sykliss\u00e4 vuodesta 2011.<\/p>\n\n\n\n<h3 class=\"wp-block-heading\">Koulutuksesta sanottua:<\/h3>\n\n\n\n<p><em>\u201dHyv\u00e4 pohjakoulutus, uusia n\u00e4k\u00f6kulmia, nyt maailma auki.\u201d<br>\u201dValtavasti tietoa, taitoa ja ammatillista kasvua vuoden aikana.&#8221;<br>\u201dAivan mahtavat kouluttajat. Ryhm\u00e4 oli my\u00f6s eritt\u00e4in toisiaan tukeva ja huumorintajuinen.\u201d&nbsp;<br>\u201dHuiput kouluttajat, joustavuutta ja osaamista.\u201d&nbsp;<br>\u201dHyv\u00e4, selke\u00e4 ja hy\u00f6dyllinen kokonaisuus ei vain itselleni, vaan koko ty\u00f6yhteis\u00f6ille\u201d&nbsp;<br>\u201dKiitos tuhannesti inspiroivista opinnoista! Olette mahtava ja ammattitaitoinen joukko tekem\u00e4ss\u00e4 merkityksellist\u00e4 ty\u00f6t\u00e4 valtavan t\u00e4rke\u00e4 asian puolesta&#8221;<\/em><\/p>\n\n<\/div>    <\/div>\r\n<\/div>\n\n\n<h2 class=\"wp-block-heading\">Tutustu ymp\u00e4rist\u00f6kasvatuksen ja kest\u00e4vyyskasvatuksen koulutuksiin<\/h2>\n\n\n<div class=\"page-linkbox-block alignfull\">\r\n    <div class=\"container\">\r\n        <div class=\"acf-innerblocks-container\">\n\r\n<div class=\"page-linkbox has-turquoise-background-color \">\r\n    <img loading=\"lazy\" decoding=\"async\" width=\"800\" height=\"534\" src=\"https:\/\/sykli.fi\/demo\/wp-content\/uploads\/2023\/04\/MicrosoftTeams-image-4-1024x683.jpg\" class=\"attachment-large size-large\" alt=\"Ymp\u00e4rist\u00f6kasvatus\" srcset=\"https:\/\/sykli.fi\/demo\/wp-content\/uploads\/2023\/04\/MicrosoftTeams-image-4-1024x683.jpg 1024w, https:\/\/sykli.fi\/demo\/wp-content\/uploads\/2023\/04\/MicrosoftTeams-image-4-300x200.jpg 300w, https:\/\/sykli.fi\/demo\/wp-content\/uploads\/2023\/04\/MicrosoftTeams-image-4-768x512.jpg 768w, https:\/\/sykli.fi\/demo\/wp-content\/uploads\/2023\/04\/MicrosoftTeams-image-4-1536x1024.jpg 1536w, https:\/\/sykli.fi\/demo\/wp-content\/uploads\/2023\/04\/MicrosoftTeams-image-4.jpg 2048w\" sizes=\"auto, (max-width: 800px) 100vw, 800px\" \/>    <a  href=\" https:\/\/sykli.fi\/demo\/koulutusalat\/ymparistokasvatus\/ymparistoalan-erikoisammattitutkinto\/\" >\r\n        <h2>Ymp\u00e4rist\u00f6alan erikoisammattitutkinto ymp\u00e4rist\u00f6kasvatuksen osaamisala  <\/h2>\r\n\r\n        \r\n    <\/a>\r\n\r\n<\/div>\n\n\r\n<div class=\"page-linkbox has-turquoise-background-color \">\r\n    <img loading=\"lazy\" decoding=\"async\" width=\"800\" height=\"534\" src=\"https:\/\/sykli.fi\/demo\/wp-content\/uploads\/2023\/04\/MicrosoftTeams-image-4-1024x683.jpg\" class=\"attachment-large size-large\" alt=\"Ymp\u00e4rist\u00f6kasvatus\" srcset=\"https:\/\/sykli.fi\/demo\/wp-content\/uploads\/2023\/04\/MicrosoftTeams-image-4-1024x683.jpg 1024w, https:\/\/sykli.fi\/demo\/wp-content\/uploads\/2023\/04\/MicrosoftTeams-image-4-300x200.jpg 300w, https:\/\/sykli.fi\/demo\/wp-content\/uploads\/2023\/04\/MicrosoftTeams-image-4-768x512.jpg 768w, https:\/\/sykli.fi\/demo\/wp-content\/uploads\/2023\/04\/MicrosoftTeams-image-4-1536x1024.jpg 1536w, https:\/\/sykli.fi\/demo\/wp-content\/uploads\/2023\/04\/MicrosoftTeams-image-4.jpg 2048w\" sizes=\"auto, (max-width: 800px) 100vw, 800px\" \/>    <a  href=\" https:\/\/sykli.fi\/demo\/koulutusalat\/ymparistokasvatus\/ymparisto-ja-kestavyyskasvatuksen-tilauskoulutukset\/\" >\r\n        <h2>Ymp\u00e4rist\u00f6- ja kest\u00e4vyyskasvatuksen tilauskoulutukset<\/h2>\r\n\r\n        \r\n    <\/a>\r\n\r\n<\/div>\n<\/div>\r\n\r\n    <\/div>\r\n<\/div>\n\n\r\n\r\n    <div class=\"reference-highlight-block\">\r\n                    <h2>Opiskelijatarinoita<\/h2>\r\n        \r\n        <div class=\"row\">\r\n\r\n            \r\n                <div class=\"col-md-4\">\r\n                    <a  href=\"https:\/\/sykli.fi\/demo\/tarinat\/olen-loytanyt-jalleen-opettamisen-ilon\/\" >\r\n                        <div class=\"reference-box\">\r\n\r\n                                                            <p class=\"reference-box-tag\">\r\n                                    <span>Opiskelijatarina<\/span>                                <\/p>\r\n                            \r\n                            <div class=\"reference-box-content\">\r\n                                <h3>\u201dOlen l\u00f6yt\u00e4nyt j\u00e4lleen opettamisen ilon\u201d<\/h3>\r\n\r\n                                                                    <ul class=\"reference-box-field\">\r\n                                        <li>Ymp\u00e4rist\u00f6kasvatus<\/li>                                    <\/ul>\r\n                                \r\n                                <div class=\"reference-box-excerpt\">\r\n                                    Valmistuin Syklist\u00e4 ymp\u00e4rist\u00f6kasvattajaksi joulukuussa 2018. Samoihin aikoihin valmistui koulun ja Vilppulankosken v\u00e4liselle alueelle Pohjois-H\u00e4meen Puumiesten toimesta upea ulkoluokka, kota. Opiskelemme&hellip;                                <\/div>\r\n                            <\/div>\r\n                        <\/div>\r\n                    <\/a>\r\n                <\/div>\r\n\r\n            \r\n                <div class=\"col-md-4\">\r\n                    <a  href=\"https:\/\/sykli.fi\/demo\/tarinat\/paljon-uusia-ihmisia-ja-yhteyksia-niin-ammatillisesti-kuin-ihan-ystaviksikin-asti\/\" >\r\n                        <div class=\"reference-box\">\r\n\r\n                                                            <p class=\"reference-box-tag\">\r\n                                    <span>Opiskelijatarina<\/span>                                <\/p>\r\n                            \r\n                            <div class=\"reference-box-content\">\r\n                                <h3>\u201dPaljon uusia ihmisi\u00e4 ja yhteyksi\u00e4 niin ammatillisesti kuin ihan yst\u00e4viksikin asti\u201d<\/h3>\r\n\r\n                                                                    <ul class=\"reference-box-field\">\r\n                                        <li>Ymp\u00e4rist\u00f6kasvatus<\/li>                                    <\/ul>\r\n                                \r\n                                <div class=\"reference-box-excerpt\">\r\n                                    Opiskelin ymp\u00e4rist\u00f6kasvattajaksi vuosina 2017\u20132018. Koulutus oli ensimm\u00e4inen ulkona oppimisen painotuksella ja kaikki l\u00e4hitapaamiset olivat leirimuotoisia. Olin t\u00e4t\u00e4 ennen osallistunut pariin&hellip;                                <\/div>\r\n                            <\/div>\r\n                        <\/div>\r\n                    <\/a>\r\n                <\/div>\r\n\r\n            \r\n                <div class=\"col-md-4\">\r\n                    <a  href=\"https:\/\/sykli.fi\/demo\/tarinat\/ympariston-huomioiva-arvokasvatus-on-luonnonsuojelutyota\/\" >\r\n                        <div class=\"reference-box\">\r\n\r\n                                                            <p class=\"reference-box-tag\">\r\n                                    <span>Opiskelijatarina<\/span>                                <\/p>\r\n                            \r\n                            <div class=\"reference-box-content\">\r\n                                <h3>\u201dYmp\u00e4rist\u00f6n huomioiva arvokasvatus on luonnonsuojeluty\u00f6t\u00e4!\u201d\u00a0<\/h3>\r\n\r\n                                                                    <ul class=\"reference-box-field\">\r\n                                        <li>Ymp\u00e4rist\u00f6kasvatus<\/li>                                    <\/ul>\r\n                                \r\n                                <div class=\"reference-box-excerpt\">\r\n                                    Valmistuin ymp\u00e4rist\u00f6kasvattajaksi joulukuussa 2021. Olen hy\u00f6dynt\u00e4nyt Syklin opintoja ty\u00f6ss\u00e4ni aktiivisesti. Olemme jatkaneet opinnoissani tekemieni suunnitelmien ja ohjelmien parissa, ja ne&hellip;                                <\/div>\r\n                            <\/div>\r\n                        <\/div>\r\n                    <\/a>\r\n                <\/div>\r\n\r\n            \r\n            <div class=\"wp-container is-content-justification-center wp-block-buttons\">\r\n                <div class=\"wp-block-button\">\r\n                    <a class=\"wp-block-button__link\" href=\"\r\n                                            https:\/\/sykli.fi\/demo\/opiskelija-ja-asiakastarinat\/\">\r\n                                        Lue lis\u00e4\u00e4 tarinoita\r\n                    <\/a>\r\n                <\/div>\r\n            <\/div>\r\n        <\/div>\r\n    <\/div>\r\n\n\n\n<hr class=\"wp-block-separator has-alpha-channel-opacity\"\/>\n\n\n\n<h2 class=\"wp-block-heading\">Tutustu my\u00f6s:<\/h2>\n\n\n<div class=\"wp-block-image\">\n<figure class=\"alignleft size-medium is-resized\"><img loading=\"lazy\" decoding=\"async\" width=\"260\" height=\"300\" src=\"https:\/\/sykli.fi\/demo\/\/wp-content\/uploads\/2023\/04\/Ilo_kasvaa_ulkona_logo_pysty_0.2-01-260x300.jpg\" alt=\"\" class=\"wp-image-63544\" style=\"width:111px;height:128px\" srcset=\"https:\/\/sykli.fi\/demo\/wp-content\/uploads\/2023\/04\/Ilo_kasvaa_ulkona_logo_pysty_0.2-01-260x300.jpg 260w, https:\/\/sykli.fi\/demo\/wp-content\/uploads\/2023\/04\/Ilo_kasvaa_ulkona_logo_pysty_0.2-01-888x1024.jpg 888w, https:\/\/sykli.fi\/demo\/wp-content\/uploads\/2023\/04\/Ilo_kasvaa_ulkona_logo_pysty_0.2-01-768x886.jpg 768w, https:\/\/sykli.fi\/demo\/wp-content\/uploads\/2023\/04\/Ilo_kasvaa_ulkona_logo_pysty_0.2-01.jpg 957w\" sizes=\"auto, (max-width: 260px) 100vw, 260px\" \/><\/figure>\n<\/div>\n\n\n<p><a href=\"https:\/\/ilokasvaaulkona.fi\/\" data-type=\"URL\" data-id=\"https:\/\/ilokasvaaulkona.fi\/\"><em>Ilo kasvaa ulkona \u2013 luontoliikunta osaksi toimintakulttuuria<\/em> -sivustolta<\/a> l\u00f6yd\u00e4t paljon hyvi\u00e4 vinkkej\u00e4 ulkona opettamiseen ja luontoliikuntaan. <\/p>\n\n\n\n<p><\/p>\n\n\n\n<p><\/p>\n\n\n<div class=\"wp-block-image\">\n<figure class=\"alignleft size-thumbnail is-resized\"><img loading=\"lazy\" decoding=\"async\" width=\"150\" height=\"150\" src=\"https:\/\/sykli.fi\/demo\/\/wp-content\/uploads\/2023\/05\/ulkoluokka-150x150.jpg\" alt=\"\" class=\"wp-image-64176\" style=\"width:113px;height:113px\" srcset=\"https:\/\/sykli.fi\/demo\/wp-content\/uploads\/2023\/05\/ulkoluokka-150x150.jpg 150w, https:\/\/sykli.fi\/demo\/wp-content\/uploads\/2023\/05\/ulkoluokka-300x300.jpg 300w, https:\/\/sykli.fi\/demo\/wp-content\/uploads\/2023\/05\/ulkoluokka.jpg 400w\" sizes=\"auto, (max-width: 150px) 100vw, 150px\" \/><\/figure>\n<\/div>\n\n\n<p><a rel=\"noreferrer noopener\" href=\"https:\/\/ulkoluokka.fi\/\" data-type=\"URL\" data-id=\"https:\/\/ulkoluokka.fi\/\" target=\"_blank\"><em>Ulkoluokka -sivustolta<\/em><\/a> saat tietoa ja menetelmi\u00e4, kuinka lis\u00e4t\u00e4 ulkona oppimisen pedagogisia valmiuksia ja osaamista. <\/p>\n","protected":false},"excerpt":{"rendered":"<p>Ymp\u00e4rist\u00f6kasvatus ja kest\u00e4vyyskasvatus &#8211; koulutukset Sykliss\u00e4 Sykli tarjoaa yli kymmenen vuoden kokemuksella monipuolisia ev\u00e4it\u00e4 niin organisaation, tiimin kuin yksitt\u00e4isen henkil\u00f6n [&hellip;]<\/p>\n","protected":false},"author":1,"featured_media":63469,"parent":41,"menu_order":90,"comment_status":"closed","ping_status":"closed","template":"template-parts\/page-with-sidebar-links.php","meta":{"_acf_changed":false,"footnotes":""},"class_list":["post-1545","page","type-page","status-publish","has-post-thumbnail","hentry"],"acf":[],"_links":{"self":[{"href":"https:\/\/sykli.fi\/demo\/wp-json\/wp\/v2\/pages\/1545","targetHints":{"allow":["GET"]}}],"collection":[{"href":"https:\/\/sykli.fi\/demo\/wp-json\/wp\/v2\/pages"}],"about":[{"href":"https:\/\/sykli.fi\/demo\/wp-json\/wp\/v2\/types\/page"}],"author":[{"embeddable":true,"href":"https:\/\/sykli.fi\/demo\/wp-json\/wp\/v2\/users\/1"}],"replies":[{"embeddable":true,"href":"https:\/\/sykli.fi\/demo\/wp-json\/wp\/v2\/comments?post=1545"}],"version-history":[{"count":5,"href":"https:\/\/sykli.fi\/demo\/wp-json\/wp\/v2\/pages\/1545\/revisions"}],"predecessor-version":[{"id":73643,"href":"https:\/\/sykli.fi\/demo\/wp-json\/wp\/v2\/pages\/1545\/revisions\/73643"}],"up":[{"embeddable":true,"href":"https:\/\/sykli.fi\/demo\/wp-json\/wp\/v2\/pages\/41"}],"wp:featuredmedia":[{"embeddable":true,"href":"https:\/\/sykli.fi\/demo\/wp-json\/wp\/v2\/media\/63469"}],"wp:attachment":[{"href":"https:\/\/sykli.fi\/demo\/wp-json\/wp\/v2\/media?parent=1545"}],"curies":[{"name":"wp","href":"https:\/\/api.w.org\/{rel}","templated":true}]}}